-- phpMyAdmin SQL Dump
-- version 4.0.10.20
-- https://www.phpmyadmin.net
--
-- Host: localhost
-- Generation Time: Feb 28, 2020 at 04:13 PM
-- Server version: 5.1.73
-- PHP Version: 5.3.3

SET SQL_MODE = "NO_AUTO_VALUE_ON_ZERO";
SET time_zone = "+00:00";


/*!40101 SET @OLD_CHARACTER_SET_CLIENT=@@CHARACTER_SET_CLIENT */;
/*!40101 SET @OLD_CHARACTER_SET_RESULTS=@@CHARACTER_SET_RESULTS */;
/*!40101 SET @OLD_COLLATION_CONNECTION=@@COLLATION_CONNECTION */;
/*!40101 SET NAMES utf8 */;

--
-- Database: `DB1BigDatabase`
--

-- --------------------------------------------------------

--
-- Table structure for table `CUSTOMER`
--

CREATE TABLE IF NOT EXISTS `CUSTOMER` (
  `CustomerID` int(8) NOT NULL AUTO_INCREMENT,
  `FirstName` varchar(50) NOT NULL,
  `LastName` varchar(50) NOT NULL,
  `DOB` date DEFAULT NULL,
  `Email` varchar(100) NOT NULL,
  `Address` varchar(255) DEFAULT NULL,
  `City` varchar(50) DEFAULT NULL,
  `Postcode` varchar(10) DEFAULT NULL,
  `State` varchar(50) DEFAULT NULL,
  `Country` varchar(50) DEFAULT NULL,
  PRIMARY KEY (`CustomerID`)
) ENGINE=InnoDB  DEFAULT CHARSET=utf8 AUTO_INCREMENT=1003 ;

--
-- Dumping data for table `CUSTOMER`
--

INSERT INTO `CUSTOMER` (`CustomerID`, `FirstName`, `LastName`, `DOB`, `Email`, `Address`, `City`, `Postcode`, `State`, `Country`) VALUES
(1, 'Asher', 'Bauer', '1922-04-10', 'rutrum@ipsum.com.au', 'Ap #256-2326 Amet Street', 'New York', '62940', 'Nebraska', 'United Arab Emirates'),
(2, 'Lucian', 'Schneider', '1995-07-30', 'penatibus.et.magnis@tinciduntnibhPhasellus.edu', '812-1636 Dolor. Av.', 'Atwater', 'RZ1H 2DS', 'NV', 'Palau'),
(3, 'Jordan', 'Harper', '1946-07-14', 'eu.arcu@Mauris.edu', 'P.O. Box 498, 2924 Egestas. Rd.', 'Coral Springs', 'O2F 7L4', 'MLN', 'Tajikistan'),
(4, 'Scott', 'Burns', '1963-03-28', 'ipsum.primis@tempuslorem.com', '536-8844 Velit Av.', 'Simi Valley', 'I1R 5G4', 'AYR', 'Nepal'),
(5, 'Harper', 'Delgado', '1939-10-18', 'vehicula.et@etmagnis.edu', 'P.O. Box 194, 3739 Per Avenue', 'Nampa', 'J1N 4S0', 'Wisconsin', 'Iraq'),
(6, 'Fredericka', 'Maddox', '1920-05-21', 'Duis.dignissim.tempor@feugiat.edu', '695-5553 Auctor Road', 'Marshall', 'N3N 6T9', 'Washington', 'China'),
(7, 'Sybill', 'Hansen', '1972-01-12', 'diam.vel.arcu@Sed.com', 'P.O. Box 941, 1439 Sed Ave', 'San Marino', '86101', 'Bute', 'El Salvador'),
(8, 'Lara', 'Lopez', '1984-04-05', 'interdum.Sed.auctor@facilisisSuspendissecommodo.ca', '653-1298 Vulputate Road', 'Lahaina', 'H1Y 1R1', 'Worcestershire', 'Marshall Islands'),
(9, 'Libby', 'Saunders', '1986-12-21', 'Donec@rutrumnonhendrerit.edu', 'P.O. Box 111, 8134 Suscipit, Rd.', 'San Luis Obispo', 'I4O 4I6', 'Rhode Island', 'Guatemala'),
(10, 'Gary', 'Graham', '1980-02-09', 'nulla.at.sem@egestasAliquam.ca', '579-3515 Quis St.', 'Lewiston', 'Q6M 1E8', 'QC', 'Ireland'),
(11, 'Macy', 'Juarez', '1930-11-22', 'imperdiet.nec.leo@felisadipiscing.com', 'Ap #739-3079 Praesent Av.', 'Baldwin Park', '31406', 'Suffolk', 'Paraguay'),
(12, 'Eaton', 'Norton', '1954-07-10', 'vulputate@risus.ca', '236-6454 Amet Av.', 'St. Marys', '99731', 'MLN', 'Montserrat'),
(13, 'Roanna', 'Walton', '1978-02-09', 'In@malesuadaaugue.ca', '3924 Venenatis Street', 'Brockton', 'T04 6ZI', 'NB', 'Cameroon'),
(14, 'Kylynn', 'Mcfarland', '1927-01-04', 'nisi.Mauris.nulla@convallisconvallis.com', '939-7159 Turpis Road', 'Garland', '58562', 'Nunavut', 'USA'),
(15, 'Dakota', 'Knox', '1946-10-10', 'erat.vitae@ligula.edu', 'Ap #812-8355 Iaculis Road', 'Beverly', 'KB39 9YO', 'Alabama', 'Czech Republic'),
(16, 'Joan', 'William', '1926-05-08', 'consequat.dolor.vitae@habitantmorbitristique.org', '5726 Cras Rd.', 'Eureka', 'AH00 6AY', 'Texas', 'Portugal'),
(17, 'Len', 'Wright', '1933-09-17', 'ipsum@adipiscingligulaAenean.com', '159-7388 Id, Av.', 'Sister Bay', 'M3U 5KL', 'VT', 'Finland'),
(18, 'Mariko', 'Matthews', '1956-02-16', 'Donec.consectetuer.mauris@Donecfelisorci.com', '9183 Nonummy Ave', 'Austin', 'X3 1JS', 'Gloucestershire', 'Northern Mariana Islands'),
(19, 'Tanek', 'Fernandez', '1983-01-03', 'malesuada.ut@enimnonnisi.edu', 'Ap #930-9526 Dictum Av.', 'Falls Church', '38522', 'Arizona', 'Austria'),
(20, 'Jessica', 'Fuller', '1955-11-14', 'nulla.Integer.urna@infaucibus.org', 'Ap #172-1823 Nisl. Street', 'Carolina', 'L8Z 7T5', 'YT', 'Wallis and Futuna'),
(21, 'Mercedes', 'Coleman', '1984-09-02', 'feugiat.Lorem@loremDonecelementum.org', 'P.O. Box 499, 296 Vitae Road', 'Concord', 'F7P 1T3', 'VA', 'China'),
(22, 'Andrew', 'Powell', '1979-02-21', 'dolor.egestas.rhoncus@iaculis.edu', '485-5414 Metus Road', 'Port Jervis', '36901', 'Surrey', 'Macao'),
(23, 'Randall', 'Harrison', '1971-06-18', 'lorem.Donec.elementum@mauris.edu', 'P.O. Box 426, 8185 Parturient Road', 'Laughlin', 'FG05 8AP', 'LTN', 'Kiribati'),
(24, 'Alana', 'Crane', '1916-09-19', 'In.condimentum.Donec@Fusce.com', 'Ap #404-6796 Dolor. Street', 'Las Vegas', 'VA79 5OY', 'NU', 'Micronesia'),
(25, 'Colorado', 'Cabrera', '1976-04-30', 'turpis.egestas.Fusce@afeugiattellus.edu', '816-2969 Lorem Avenue', 'Auburn', 'N2D 2B6', 'Grampian', 'Northern Mariana Islands'),
(26, 'Laurel', 'Blanchard', '1935-04-27', 'orci.Ut.semper@dolornonummyac.org', 'Ap #681-3750 Lobortis St.', 'Latrobe', 'TB9W 1DY', 'Saskatchewan', 'Sao Tome and Principe'),
(27, 'Jakeem', 'Sanchez', '1924-03-24', 'vel.arcu.eu@Nuncquis.com', '792-621 Aliquam Road', 'Ocean City', '00099', 'Oklahoma', 'USA'),
(28, 'Karyn', 'Buchanan', '1981-08-02', 'nec@vulputatelacusCras.com', 'Ap #570-684 Bibendum. Rd.', 'Sunnyvale', 'N5C 6O1', 'MS', 'Andorra'),
(29, 'Graiden', 'Bishop', '1977-05-14', 'ipsum.sodales@gravida.com', '7533 Egestas. Av.', 'Indio', '26982', 'CLA', 'Papua New Guinea'),
(30, 'Kelly', 'Alford', '1928-09-04', 'sed.turpis@idblandit.edu', 'Ap #316-7758 Pellentesque Ave', 'Isle of Palms', 'V4 3DC', 'Co. Down', 'French Polynesia'),
(31, 'Emerson', 'White', '1966-12-31', 'elit.a.feugiat@variusorciin.com', '269-6276 Et, Avenue', 'Beacon', 'M5X 3YG', 'SC', 'Hong Kong'),
(32, 'Curran', 'Zamora', '1996-08-11', 'dictum.Phasellus.in@Proinvelnisl.edu', 'Ap #437-3809 Laoreet Avenue', 'Perth Amboy', 'DK9Q 3GP', 'Wisconsin', 'Rwanda'),
(33, 'Grady', 'Bright', '1929-05-05', 'aliquam.eu.accumsan@orci.org', '961-5345 Augue St.', 'Stamford', 'HU9 2KG', 'Yukon', 'Moldova'),
(34, 'Ralph', 'Warren', '1997-04-19', 'risus.a.ultricies@velitegetlaoreet.edu', 'Ap #610-674 Cras Rd.', 'Moorhead', '26205', 'NT', 'Angola'),
(35, 'Karina', 'Fleming', '1918-11-17', 'arcu.iaculis@ligula.edu', '399-1126 Dapibus Rd.', 'Williston', 'O9C 8Q3', 'DEN', 'Moldova'),
(36, 'Quamar', 'Mullen', '1937-04-24', 'accumsan@Quisque.com', 'P.O. Box 389, 9130 Sem Rd.', 'Medford', '45446', 'AB', 'Comoros'),
(37, 'Hedwig', 'Travis', '1944-03-17', 'sagittis.Duis.gravida@Proinultrices.edu', 'Ap #641-8170 Purus Street', 'Princeton', '23679', 'ESS', 'Kenya'),
(38, 'Eliana', 'Montgomery', '1980-06-06', 'Donec.dignissim@dictumeleifend.ca', 'P.O. Box 917, 5565 Amet Street', 'Missoula', 'HL0 5US', 'Jersey', 'Tonga'),
(39, 'Isabelle', 'Bullock', '1921-08-09', 'odio@eterosProin.org', 'Ap #550-7749 Lobortis Ave', 'New Rochelle', 'D4 6ON', 'Alabama', 'Honduras'),
(40, 'Ayanna', 'Mccullough', '1919-06-06', 'enim@Fuscealiquamenim.org', 'P.O. Box 708, 575 Purus, Road', 'Wahoo', '52166', 'Anglesey', 'Pakistan'),
(41, 'Hayley', 'Hodge', '1945-12-14', 'molestie@Pellentesque.edu', 'Ap #273-1630 In Av.', 'Shelton', 'T1A 3H1', 'Alabama', 'USA'),
(42, 'Julie', 'Lee', '1990-09-28', 'mi.ac.mattis@sodalesat.ca', 'Ap #781-9600 Cras Road', 'Springfield', '71571', 'Alberta', 'Azerbaijan'),
(43, 'Fitzgerald', 'Wright', '1925-02-01', 'Sed.pharetra@eleifendCras.ca', 'Ap #143-1191 Cras Ave', 'Guthrie', 'F7W 9V4', 'DC', 'Nauru'),
(44, 'Elmo', 'Rodriquez', '1937-11-04', 'sapien.molestie.orci@vitae.ca', '5044 Scelerisque Rd.', 'Cruz Bay', 'OT6U 4OS', 'DUB', 'Honduras'),
(45, 'Tucker', 'Combs', '1956-12-06', 'lobortis.nisi.nibh@Duis.edu', '4015 Tempor Ave', 'Peekskill', 'Q81 4OY', 'Denbighshire', 'Falkland Islands (Malvinas)'),
(46, 'Erin', 'Bowen', '1997-06-13', 'nec.urna.suscipit@ullamcorper.ca', '2944 Semper Street', 'Bremerton', '79248', 'SK', 'Australia'),
(47, 'Lana', 'Cross', '1935-01-23', 'malesuada.fames@orciquis.org', '6642 In Av.', 'Eugene', 'O33 2DI', 'WYK', 'Cyprus'),
(48, 'Cadman', 'Knapp', '1936-10-07', 'urna@velpedeblandit.org', 'P.O. Box 979, 2147 Eu Street', 'Williston', 'FG0 5PH', 'South Dakota', 'Puerto Rico'),
(49, 'Dakota', 'Taylor', '1948-08-09', 'congue.In.scelerisque@non.com', 'Ap #273-2340 Blandit. St.', 'Palm Springs', 'I8K 6Y9', 'Manitoba', 'Tanzania, United Republic of'),
(50, 'Jack', 'Stokes', '1992-07-26', 'lacinia@tristiquesenectuset.com', '505-154 Enim, Street', 'Macon', '98982', 'PA', 'Andorra'),
(51, 'Kendall', 'Valentine', '1930-01-28', 'dolor.sit.amet@ametconsectetueradipiscing.com', '8472 Vulputate Av.', 'Chester', 'E6Z 8O8', 'NL', 'Bangladesh'),
(52, 'Athena', 'Small', '1954-09-04', 'non@Loremipsumdolor.org', '1042 Vestibulum. Avenue', 'Sitka', '98215', 'Alberta', 'Denmark'),
(53, 'Lara', 'Knox', '1915-09-18', 'ridiculus@malesuadaut.org', 'Ap #814-5228 Vitae Avenue', 'Portland', 'OL55 3US', 'Westmorland', 'Egypt'),
(54, 'Roary', 'Welch', '1948-11-04', 'mauris.rhoncus.id@dignissimlacus.com', '169-3449 Dignissim Rd.', 'Sandpoint', 'K4N 9X8', 'New Jersey', 'United Arab Emirates'),
(55, 'Zena', 'Bonner', '1960-10-27', 'ac.feugiat.non@loremegetmollis.org', '7457 Mauris St.', 'Lebanon', 'H7D 7D6', 'Alberta', 'Armenia'),
(56, 'Rogan', 'Anderson', '1951-11-24', 'eu.lacus.Quisque@ipsum.ca', '229-8258 Nonummy Rd.', 'Cudahy', 'E9P 9C3', 'MA', 'Luxembourg'),
(57, 'Lisandra', 'Stark', '1918-05-22', 'urna@feugiatmetussit.org', 'Ap #268-1905 Ligula Av.', 'Santa Fe', 'S3 5RY', 'Idaho', 'Tajikistan'),
(58, 'Matthew', 'Mendoza', '1945-07-18', 'quis.diam@consectetuereuismod.ca', 'Ap #920-7093 Quisque Av.', 'Eau Claire', '01274', 'NT', 'San Marino'),
(59, 'Stacy', 'Sloan', '1997-01-30', 'nascetur.ridiculus@eratEtiam.ca', 'Ap #364-5612 Mauris. Ave', 'East Rutherford', 'N3D 6K4', 'OK', 'China'),
(60, 'Quentin', 'Pittman', '1968-03-14', 'aliquet.metus.urna@idrisus.edu', 'P.O. Box 206, 6979 Est. St.', 'Gloversville', '59480', 'NB', 'Guam'),
(61, 'Kato', 'Blevins', '1938-06-26', 'nibh@nuncullamcorpereu.ca', '5738 Ante St.', 'Durant', '93389', 'Arizona', 'Rwanda'),
(62, 'Castor', 'Porter', '1997-01-17', 'euismod.enim.Etiam@posuere.org', 'Ap #508-9231 Luctus. Ave', 'Vacaville', 'E4E 1WO', 'Idaho', 'China'),
(63, 'Camilla', 'Humphrey', '1977-09-26', 'et.risus.Quisque@semper.edu', 'Ap #997-7985 Placerat, St.', 'Centennial', '54805', 'YT', 'Haiti'),
(64, 'Cora', 'Barron', '1963-05-13', 'erat@pedesagittis.com', '162-2844 Eu St.', 'Branson', 'G9U 8K6', 'New Mexico', 'Bhutan'),
(65, 'Walter', 'Bowman', '1988-10-08', 'elit@est.com', '223-3920 Diam Avenue', 'Hazleton', 'L4T 4HP', 'Minnesota', 'Colombia'),
(66, 'Cassady', 'Barron', '1962-07-10', 'quis@diamdictum.com', '143-9354 Odio Rd.', 'La Crosse', 'W9T 4R1', 'New Brunswick', 'Eritrea'),
(67, 'Quin', 'Gilliam', '1947-07-01', 'risus.at@estNunc.edu', '321-3971 Erat, St.', 'Fort Lauderdale', '74762', 'Newfoundland and Labrador', 'India'),
(68, 'Echo', 'Holder', '1932-10-13', 'lobortis.augue.scelerisque@euerosNam.ca', 'P.O. Box 892, 8859 Aptent Av.', 'Flint', 'P3D 4U8', 'North Carolina', 'USA'),
(69, 'Warren', 'Gonzales', '1921-09-20', 'egestas@arcu.edu', '968-1906 Luctus, St.', 'Flint', 'KD0S 2KN', 'AK', 'Pitcairn'),
(70, 'Alden', 'Mosley', '1945-11-16', 'placerat@Nam.org', 'Ap #644-2055 Phasellus Street', 'St. Petersburg', 'I3E 4B4', 'NU', 'Dominica'),
(71, 'Donna', 'Powers', '1978-10-27', 'gravida@disparturientmontes.ca', 'P.O. Box 200, 7340 Nulla. St.', 'Revere', 'Q39 9NJ', 'Minnesota', 'Aruba'),
(72, 'Jillian', 'Bailey', '1985-04-03', 'urna@egestas.edu', '8734 Velit St.', 'Glen Cove', 'C3 1TR', 'KID', 'Grenada'),
(73, 'Maite', 'Brown', '1981-04-13', 'magnis@gravidaPraesent.ca', 'P.O. Box 843, 2817 Mauris Rd.', 'Johnstown', 'T7T 8B9', 'PE', 'Austria'),
(74, 'Charlotte', 'Guy', '1920-08-29', 'ullamcorper.nisl.arcu@eleifendvitae.ca', 'Ap #212-6109 Lacus Road', 'Macon', 'G5U 9H6', 'PER', 'Sudan'),
(75, 'Kimberley', 'Odom', '1963-07-03', 'tincidunt@facilisiseget.com', 'P.O. Box 197, 8977 Scelerisque St.', 'Davenport', 'QT61 5QL', 'AL', 'Venezuela'),
(76, 'Seth', 'Lindsey', '1967-12-27', 'Proin.ultrices@atlacus.edu', '984-8644 Pede Ave', 'Fairfield', 'S83 3ZX', 'New Hampshire', 'Cameroon'),
(77, 'Kyla', 'Valentine', '1967-11-05', 'arcu.Vivamus.sit@erosProin.org', '396-4449 Magna. St.', 'Jeannette', '67441', 'SAL', 'Argentina'),
(78, 'Mufutau', 'Garza', '1932-11-19', 'mollis@ipsum.com', '3857 Nonummy St.', 'Brookfield', '57923', 'IN', 'Ecuador'),
(79, 'Cathleen', 'Suarez', '1948-03-03', 'euismod.mauris@sedhendrerit.com', 'Ap #239-243 At St.', 'Ontario', 'U3 1IE', 'Nottinghamshire', 'Seychelles'),
(80, 'Myles', 'Daniel', '1955-07-14', 'blandit@Cum.edu', '538-8494 Curabitur Rd.', 'Bentonville', '76250', 'QC', 'Saint Lucia'),
(81, 'Claire', 'Justice', '1986-12-05', 'et.risus@inhendreritconsectetuer.org', '4906 Mauris Street', 'Trenton', '73661', 'HLD', 'Mongolia'),
(82, 'Urielle', 'Houston', '1929-03-02', 'Cum.sociis@pellentesqueSed.edu', '2940 Enim. Av.', 'Newton', 'D9K 1S7', 'ALD', 'Indonesia'),
(83, 'Adrian', 'Benson', '1953-05-15', 'vulputate@velfaucibus.org', '7010 Duis Ave', 'Miami Gardens', '16036', 'Northwest Territories', 'Botswana'),
(84, 'Tallulah', 'Perry', '1950-09-08', 'amet.massa@orciquislectus.com', '2895 Sit St.', 'El Segundo', 'Z3T 9L4', 'Mississippi', 'Cyprus'),
(85, 'Charde', 'Aguilar', '1935-12-22', 'Fusce.aliquet@nibhPhasellusnulla.com', 'Ap #212-5853 Odio Rd.', 'New Brunswick', '25852', 'SLI', 'Solomon Islands'),
(86, 'Fallon', 'Chandler', '1974-10-03', 'purus@velit.org', '3541 Varius Street', 'Rawlins', 'IG8 1NK', 'Renfrewshire', 'Paraguay'),
(87, 'Colleen', 'Strickland', '1948-01-18', 'Etiam.gravida@rutrum.edu', 'Ap #191-2008 Euismod Avenue', 'Maywood', '19248', 'YT', 'Yemen'),
(88, 'Desiree', 'Noel', '1946-07-07', 'tortor.nibh.sit@Curabiturdictum.edu', 'P.O. Box 826, 6655 Lectus. Ave', 'Newton', '13732', 'Indiana', 'Nigeria'),
(89, 'Carly', 'Wolf', '1923-10-17', 'est.Nunc@sollicitudinadipiscing.ca', '8067 Eu, Rd.', 'DuBois', 'XO5T 7WO', 'SRK', 'Malaysia'),
(90, 'Sylvia', 'Burks', '1933-07-18', 'cursus.et.eros@dolorDonecfringilla.org', 'Ap #626-9353 Cursus. St.', 'Marquette', '17464', 'Nunavut', 'Uruguay'),
(91, 'Maryam', 'Maldonado', '1949-03-29', 'placerat.Cras@eleifendnecmalesuada.com', '5157 Orci, Street', 'Georgetown', 'G2Y 2I6', 'Alberta', 'Egypt'),
(92, 'Regan', 'Carpenter', '1936-07-02', 'orci@ultricesVivamusrhoncus.ca', '834-1934 Ligula. Av.', 'Fort Wayne', 'Y47 1JY', 'AB', 'Georgia'),
(93, 'Halee', 'Fields', '1987-01-01', 'magnis@ipsumcursus.edu', 'Ap #160-9261 Dictum. Rd.', 'Jackson', 'T7E 2O3', 'LEX', 'French Southern Territories'),
(94, 'Francesca', 'Woods', '1971-05-21', 'non.ante.bibendum@pede.edu', '288-441 Lacus Road', 'Hackensack', 'P3 2JO', 'TYR', 'Indonesia'),
(95, 'Adrienne', 'Blanchard', '1945-05-02', 'rhoncus.Nullam.velit@Cras.ca', 'P.O. Box 852, 570 Libero Rd.', 'Greensburg', 'S2N 3O7', 'BC', 'Portugal'),
(96, 'Ila', 'Jennings', '1987-12-14', 'tellus.Suspendisse.sed@ac.org', 'Ap #309-946 Duis St.', 'Mission Viejo', 'Q31 7XM', 'Kent', 'San Marino'),
(97, 'Taylor', 'Chavez', '1921-03-25', 'molestie@pellentesquemassalobortis.org', 'P.O. Box 990, 9934 Sed Street', 'Janesville', 'S5 1BR', 'LA', 'Guinea-bissau'),
(98, 'Chiquita', 'Deleon', '1973-10-08', 'arcu@velarcu.com', 'P.O. Box 336, 2935 Justo St.', 'Downey', 'R3V 4V0', 'Nova Scotia', 'Angola'),
(99, 'Bradley', 'Harding', '1989-11-23', 'at@egetvolutpat.org', 'P.O. Box 898, 8373 Blandit. Av.', 'Frederick', 'O5T 9H1', 'WV', 'Northern Mariana Islands'),
(100, 'Xena', 'Waters', '1932-04-08', 'euismod.urna.Nullam@consequat.ca', 'Ap #343-9192 Molestie Av.', 'Newton', 'U2U 3X6', 'Alberta', 'Maldives'),
(101, 'Lev', 'Stanley', '1935-08-02', 'iaculis.nec@Namnulla.org', 'P.O. Box 669, 4919 Tellus Ave', 'La Habra Heights', 'O8X 7O1', 'NB', 'Guadeloupe'),
(102, 'Rowan', 'Sargent', '1995-10-26', 'dignissim.magna.a@sagittis.com', 'P.O. Box 935, 3955 Ut, St.', 'Pottsville', '25404', 'Stirlingshire', 'Mayotte'),
(103, 'Yeo', 'Sellers', '1985-10-03', 'sodales.elit.erat@ultricesDuis.com', '1648 Risus Road', 'Merizo', 'Y6N 8W0', 'YT', 'Jordan'),
(104, 'Jin', 'Richmond', '1944-05-12', 'accumsan@porttitorvulputate.com', 'Ap #296-1694 Velit. Av.', 'McAlester', '44609', 'YT', 'Israel'),
(105, 'Lila', 'Farmer', '1969-08-10', 'arcu.Aliquam.ultrices@euismod.org', '8927 Et Av.', 'Nogales', 'U1M 5N9', 'Nunavut', 'Guatemala'),
(106, 'Hammett', 'Gonzales', '1995-11-10', 'nec.imperdiet.nec@loremsit.edu', 'Ap #387-3979 Vel Rd.', 'Hudson', 'Y3V 1U3', 'BOR', 'Martinique'),
(107, 'Idola', 'Walton', '1977-03-14', 'metus.facilisis.lorem@ipsumnuncid.com', 'P.O. Box 969, 5740 Egestas, Avenue', 'Hilo', '53992', 'KCD', 'Brunei Darussalam'),
(108, 'Cameran', 'Burke', '1959-12-30', 'hendrerit.Donec.porttitor@diam.com', 'Ap #277-4965 Elit Rd.', 'Santa Clara', 'F5A 8X9', 'KS', 'Oman'),
(109, 'Shoshana', 'Barton', '1947-10-17', 'auctor.vitae.aliquet@estMauriseu.edu', '8738 Ultricies Ave', 'Lafayette', 'H1 4MS', 'New Brunswick', 'India'),
(110, 'Grady', 'Mccoy', '1933-08-25', 'dolor@Vivamusnisi.ca', 'P.O. Box 507, 4565 Magna. St.', 'Williston', 'L3R 7M1', 'Isle of Wight', 'Marshall Islands'),
(111, 'Daquan', 'Santos', '1946-09-16', 'ultrices.mauris.ipsum@interdum.com', 'Ap #654-409 Dapibus Av.', 'Casper', 'L4L 7C1', 'MB', 'Russian Federation'),
(112, 'Ciara', 'Savage', '1991-05-23', 'sapien.gravida.non@Quisqueimperdieterat.edu', 'Ap #513-7660 Ultricies St.', 'Fallon', '34379', 'MN', 'Saudi Arabia'),
(113, 'Derek', 'Albert', '1919-08-29', 'quis.accumsan@Inornaresagittis.com', 'Ap #307-3737 Magna Street', 'Frankfort', 'P2A 9R3', 'Co. Laois', 'Croatia'),
(114, 'James', 'Franks', '1932-05-05', 'sed.dui@posuerevulputatelacus.com', '6060 Non, Road', 'Bandera', '37199', 'IL', 'Brazil'),
(115, 'Adena', 'Mullen', '1971-07-18', 'ipsum.primis@Aliquam.org', 'Ap #890-1084 Mauris Av.', 'Basin', '18646', 'Co. Waterford', 'Uruguay'),
(116, 'Jakeem', 'Glass', '1940-03-29', 'dui@eratvelpede.org', '723-4998 Sed Ave', 'Attleboro', 'CH2 2DZ', 'Cambridgeshire', 'USA'),
(117, 'April', 'Hickman', '1984-05-14', 'neque.vitae.semper@asollicitudin.com', 'Ap #944-5074 Ornare. St.', 'Covina', 'U0Q 0IW', 'NB', 'Palau'),
(118, 'Buffy', 'Pena', '1978-09-09', 'nisi.dictum.augue@Donecest.edu', '249-609 Morbi Rd.', 'Del Rio', 'R2A 7W1', 'Prince Edward Island', 'UK'),
(119, 'Kalia', 'Aguirre', '1991-09-12', 'arcu@maurisidsapien.ca', '4283 Adipiscing, Ave', 'Williston', 'F7 7WZ', 'NU', 'Syrian Arab Republic'),
(120, 'Sean', 'Keith', '1947-08-02', 'dictum@loremsemperauctor.ca', '193-8258 Arcu. Avenue', 'Claremore', 'D2S 4Y4', 'YT', 'Greenland'),
(121, 'Evangeline', 'Coleman', '1992-02-18', 'a@utpharetra.ca', 'P.O. Box 566, 3090 Et, Av.', 'Butte', 'E5Q 3IZ', 'WI', 'Bahrain'),
(122, 'Eliana', 'Frederick', '1971-10-15', 'molestie.tortor@augueid.ca', '345-9932 Elementum, Avenue', 'West Bend', 'H1H 8R6', 'Arkansas', 'South Georgia and The South Sandwich Islands'),
(123, 'Allistair', 'Adams', '1966-10-04', 'Pellentesque@etmagna.ca', '580-8766 Et Road', 'Monroe', '16129', 'SK', 'India'),
(124, 'Justina', 'Boone', '1987-04-04', 'ante@velit.ca', 'Ap #128-3794 Scelerisque, Avenue', 'Astoria', 'P1B 7T1', 'SXE', 'Northern Mariana Islands'),
(125, 'Kiona', 'Sanchez', '1970-11-20', 'tempus@orci.org', 'P.O. Box 383, 3346 Quisque Rd.', 'Delta Junction', 'UY98 0TQ', 'MT', 'Wallis and Futuna'),
(126, 'Chandler', 'Gray', '1936-08-10', 'velit.dui.semper@eumetusIn.edu', 'Ap #924-5387 Congue St.', 'Wheeling', 'I9E 3V1', 'Suffolk', 'Estonia'),
(127, 'Lewis', 'Gibbs', '1929-05-04', 'eu.euismod@erat.ca', 'Ap #261-4871 Pharetra Av.', 'Morgan City', 'SY76 0CM', 'NBL', 'France'),
(128, 'Xander', 'Ball', '1966-11-17', 'in.magna@dolorNullasemper.edu', 'P.O. Box 648, 9019 Cras Ave', 'Martinsburg', 'Z95 7PQ', 'Nevada', 'USA'),
(129, 'Zoe', 'Estes', '1953-02-02', 'ac.urna.Ut@aduiCras.edu', '3970 Sit Street', 'Hazleton', 'X7X 9R4', 'LND', 'Iceland'),
(130, 'Lars', 'Lucas', '1939-11-16', 'non@egestasSedpharetra.org', 'Ap #457-2648 Orci Avenue', 'Monterey Park', 'DC59 9LP', 'LND', 'Dominica'),
(131, 'Melissa', 'Cameron', '1958-10-01', 'elit.erat.vitae@justoProinnon.org', 'Ap #944-7390 Volutpat Road', 'Saratoga Springs', 'LR6 9OP', 'MB', 'USA'),
(132, 'Byron', 'Kane', '1993-03-29', 'tempus.risus.Donec@ligula.ca', '304-9486 Et Road', 'Dubuque', '74240', 'AB', 'Denmark'),
(133, 'Emmanuel', 'Jennings', '1920-02-05', 'vel.est@maurissagittisplacerat.org', 'Ap #215-7080 Rhoncus. Street', 'Albuquerque', 'G3K 0VQ', 'Jersey', 'French Polynesia'),
(134, 'Neville', 'Solis', '1993-04-05', 'at.augue@auguescelerisque.edu', '332-4823 Feugiat Ave', 'Lomita', 'WQ7E 0TZ', 'MS', 'USA'),
(135, 'Rebecca', 'Moreno', '1996-04-11', 'augue@ultriciesligulaNullam.com', 'P.O. Box 402, 7455 Vel, Rd.', 'Pico Rivera', '17398', 'YKS', 'Malaysia'),
(136, 'Deborah', 'Hayes', '1928-10-06', 'at.egestas.a@gravida.com', '8195 Nam Rd.', 'Watertown', 'R8Z 4Z7', 'YT', 'Libyan Arab Jamahiriya'),
(137, 'Dara', 'Larson', '1934-10-07', 'dui@Sedpharetrafelis.org', '8267 Sed Ave', 'Council Bluffs', 'DZ7V 7UF', 'NS', 'Mauritius'),
(138, 'Arthur', 'Schroeder', '1974-05-30', 'ligula.eu.enim@arcuiaculisenim.org', '480-8085 Natoque Av.', 'Fort Dodge', '97676', 'Rhode Island', 'Brazil'),
(139, 'Raymond', 'Farrell', '1918-10-24', 'cursus.purus.Nullam@Aenean.com', '6375 Vel, Av.', 'Nevada City', 'K7R 1R4', 'Cornwall', 'Australia'),
(140, 'Myles', 'Harmon', '1979-01-05', 'sodales@purusmaurisa.com', '7324 Luctus Street', 'Bend', 'RE41 9CF', 'NU', 'Maldives'),
(141, 'Lars', 'Anderson', '1956-02-22', 'Sed@Donec.org', '328-8059 Fermentum St.', 'Carbondale', 'M07 9DQ', 'Newfoundland and Labrador', 'Hungary'),
(142, 'Eric', 'Randolph', '1988-01-07', 'eget.ipsum.Donec@interdumNuncsollicitudin.com', '727-9795 Amet Rd.', 'Oxford', 'A1P 1T5', 'DE', 'USA'),
(143, 'Gisela', 'Buckley', '1972-02-25', 'non@ipsum.edu', '6075 Urna. St.', 'Kearns', 'D9S 1ZI', 'MD', 'USA'),
(144, 'Kevyn', 'Houston', '1944-12-26', 'lectus.sit.amet@adipiscingelit.edu', 'P.O. Box 712, 5814 Eget Rd.', 'Sioux Falls', 'H8D 3O2', 'SK', 'British Indian Ocean Territory'),
(145, 'Hilel', 'Wall', '1967-09-13', 'et.malesuada.fames@Donecporttitortellus.com', 'P.O. Box 300, 6725 Amet Rd.', 'Rehoboth Beach', 'AV78 9AM', 'NB', 'Guam'),
(146, 'Cherokee', 'Ochoa', '1989-06-10', 'convallis@maurisut.com', 'P.O. Box 105, 8639 Non Rd.', 'Paterson', 'FU49 6LA', 'KIK', 'Malaysia'),
(147, 'Shafira', 'Poole', '1918-12-04', 'massa@velitegestas.edu', 'Ap #144-6964 Vehicula Ave', 'Nenana', 'HY27 9XF', 'CO', 'Armenia'),
(148, 'Marah', 'Lindsay', '1951-11-01', 'netus.et.malesuada@MaurisnullaInteger.org', '573-4600 Venenatis Road', 'Williston', 'K4D 6E0', 'Newfoundland and Labrador', 'French Guiana'),
(149, 'Sophia', 'Burns', '1932-12-20', 'tincidunt.neque.vitae@pellentesquetellussem.edu', '6797 Ornare. Road', 'Oshkosh', 'Q5I 1Y4', 'Minnesota', 'China'),
(150, 'Martin', 'Strong', '1935-02-16', 'id.blandit.at@pede.ca', '1829 Nisi Ave', 'Bay St. Louis', '72937', 'Northwest Territories', 'Haiti'),
(151, 'Christen', 'Pearson', '1983-07-15', 'sagittis@malesuadafames.ca', 'Ap #813-9748 Commodo St.', 'Greensboro', 'K6A 2W9', 'NU', 'Angola'),
(152, 'Echo', 'Jordan', '1936-11-12', 'interdum@diamPellentesquehabitant.com', 'P.O. Box 826, 5299 Vel Av.', 'Apple Valley', '89249', 'Georgia', 'Central African Republic'),
(153, 'Darius', 'Banks', '1925-09-03', 'euismod@elitpellentesque.org', '9200 Nec, Rd.', 'Gettysburg', '81579', 'AB', 'Kazakhstan'),
(154, 'Lois', 'Keller', '1973-02-18', 'venenatis.a@vehiculaaliquetlibero.ca', '807-1236 Ad Avenue', 'Taylorsville', 'F8T 1Y2', 'Saskatchewan', 'Zambia'),
(155, 'Hadley', 'Riley', '1994-05-17', 'magna.malesuada@dignissim.org', '5050 Eros Road', 'Rockford', 'QI6 8CK', 'Renfrewshire', 'Costa Rica'),
(156, 'Jennifer', 'Thornton', '1982-01-07', 'senectus@elitfermentumrisus.org', '452-5514 Sed St.', 'Chino Hills', 'V5Y 2E7', 'Nunavut', 'Nicaragua'),
(157, 'Althea', 'Hendricks', '1923-10-31', 'vulputate@pharetraut.org', '651-9793 Nunc Ave', 'Seattle', 'S5Y 2K0', 'Manitoba', 'Honduras'),
(158, 'Quon', 'Schneider', '1968-06-25', 'ante.dictum@quistristiqueac.ca', 'P.O. Box 612, 4117 Ipsum. Avenue', 'Shreveport', 'Z7Y 5Q1', 'Prince Edward Island', 'New Caledonia'),
(159, 'Melissa', 'Hatfield', '1926-09-29', 'neque.In@idanteNunc.com', '253-6000 Sit Road', 'Thomasville', 'LU4 1TW', 'Co. Laois', 'UK'),
(160, 'Ryder', 'Cortez', '1987-04-16', 'dui.nec@egestasFusce.edu', 'P.O. Box 608, 8180 Phasellus Rd.', 'International Falls', '95170', 'Bedfordshire', 'Tokelau'),
(161, 'Jack', 'Chaney', '1987-08-26', 'In.faucibus.Morbi@Proinvelit.com', 'Ap #246-9620 Vitae, Rd.', 'San Bernardino', '18414', 'Maine', 'Virgin Islands, U.S.'),
(162, 'Adria', 'Maynard', '1952-03-04', 'convallis.ante.lectus@ridiculusmusDonec.org', 'P.O. Box 172, 5520 Cursus St.', 'Rye', 'O92 7WU', 'West Glamorgan', 'Congo'),
(163, 'Evan', 'Holt', '1986-10-26', 'mi@dis.org', 'Ap #164-6476 Auctor, Road', 'Santa Rosa', 'BD9 0KS', 'Manitoba', 'Turks and Caicos Islands'),
(164, 'Arden', 'Duncan', '1985-04-22', 'tellus@nonegestas.ca', '5737 Enim. Ave', 'La Habra', 'H5Q 3Q5', 'Devon', 'Somalia'),
(165, 'Leslie', 'Klein', '1928-06-23', 'neque.venenatis.lacus@euismodacfermentum.edu', '3958 Duis St.', 'San Marino', '26151', 'RI', 'Israel'),
(166, 'Zenia', 'Patterson', '1976-02-25', 'ornare.elit.elit@malesuada.org', '201-3949 Vel, St.', 'Michigan City', '38764', 'BC', 'Cocos (Keeling) Islands'),
(167, 'Bernard', 'Scott', '1963-07-12', 'nibh.Quisque@Donecnibh.ca', '818-640 Augue, Avenue', 'Waltham', 'MZ2W 8YM', 'Saskatchewan', 'Papua New Guinea'),
(168, 'Regan', 'Franks', '1977-06-19', 'libero.Integer@euaccumsan.ca', '7461 Porttitor Avenue', 'Perth Amboy', '63155', 'Northwest Territories', 'Monaco'),
(169, 'Winifred', 'Pennington', '1931-02-20', 'nascetur.ridiculus.mus@Donecegestas.edu', 'P.O. Box 869, 8075 Ac Rd.', 'Buena Park', 'VO24 8KA', 'Northwest Territories', 'Azerbaijan'),
(170, 'Nell', 'Finch', '1999-09-09', 'neque.In.ornare@adipiscingMaurismolestie.org', 'P.O. Box 394, 790 Nunc St.', 'Tok', '42366', 'Norfolk', 'Korea, Republic of'),
(171, 'Colin', 'Velazquez', '1947-08-17', 'accumsan.neque@eros.com', '2611 Elementum Rd.', 'Santa Cruz', 'W9 0QK', 'West Lothian', 'Solomon Islands'),
(172, 'Nasim', 'Pugh', '1923-06-10', 'Duis.gravida@pharetraQuisqueac.org', '2787 Aliquam Rd.', 'Pine Bluff', 'Y4I 5G3', 'SC', 'Australia'),
(173, 'Xerxes', 'Hurley', '1962-12-21', 'tempus.lorem.fringilla@Fusce.ca', 'Ap #134-1189 Blandit Rd.', 'Lomita', '05748', 'Virginia', 'Lesotho'),
(174, 'Odysseus', 'Le', '1990-09-13', 'Vivamus.rhoncus@ametmassaQuisque.com', 'P.O. Box 423, 941 Ipsum. Rd.', 'Pierre', 'F7A 3H7', 'MB', 'Finland'),
(175, 'Margaret', 'Nelson', '1981-12-06', 'sem@vel.edu', '982-2672 Odio St.', 'Placentia', '12182', 'CO', 'New Zealand'),
(176, 'Alfonso', 'Watkins', '1933-10-13', 'placerat.orci.lacus@feugiatnon.ca', '2282 Feugiat. Rd.', 'Rapid City', 'Z1G 9D5', 'TN', 'Falkland Islands (Malvinas)'),
(177, 'Vaughan', 'Mckinney', '1981-06-30', 'mauris.Integer.sem@nonquam.org', '934-4611 Nulla Av.', 'Kansas City', 'U4E 8Q1', 'TX', 'San Marino'),
(178, 'Montana', 'Cohen', '1982-12-23', 'non.sapien.molestie@metus.ca', '7397 Vivamus Street', 'Reedsport', 'E1K 9K5', 'OKI', 'Bouvet Island'),
(179, 'Shafira', 'Jimenez', '1933-10-16', 'euismod.enim.Etiam@interdumligula.ca', 'Ap #735-5362 Semper Street', 'North Pole', 'O6L 6A4', 'NU', 'USA'),
(180, 'Irene', 'Harvey', '1932-07-29', 'ornare@Nulla.org', '210-1577 Commodo Rd.', 'Atwater', '49313', 'BC', 'Bahamas'),
(181, 'September', 'Hines', '1955-03-05', 'Duis.ac@eleifendnondapibus.edu', '9824 Cursus Street', 'Rancho Santa Margarita', 'X2T 7Q6', 'Prince Edward Island', 'China'),
(182, 'Shelley', 'Diaz', '1979-04-25', 'lobortis.ultrices.Vivamus@enimnon.ca', 'P.O. Box 628, 8655 Mauris. Rd.', 'Warwick', 'BR4 1LE', 'MER', 'Barbados'),
(183, 'Frances', 'Calderon', '1930-02-24', 'magna.Duis.dignissim@venenatisvelfaucibus.edu', 'Ap #599-7746 Mattis Rd.', 'Fitchburg', '80755', 'SHI', 'France'),
(184, 'Brady', 'Stephenson', '1918-08-20', 'vel.est@Duis.edu', 'P.O. Box 790, 5501 Neque Avenue', 'Waterbury', 'G7A 1T7', 'NE', 'Somalia'),
(185, 'Upton', 'Allison', '1984-05-14', 'elit.erat.vitae@vitaeerat.ca', 'Ap #681-6153 Consectetuer Road', 'Independence', 'T57 4OX', 'LDY', 'Nepal'),
(186, 'Signe', 'Duke', '1964-03-11', 'volutpat.nunc@Proin.com', '9325 Cras St.', 'Saint Paul', 'EU0 9IX', 'SK', 'El Salvador'),
(187, 'Jacob', 'Mathis', '1996-08-10', 'non.feugiat.nec@eleifendCrassed.edu', '608-8798 Et Ave', 'Huntsville', 'A0V 8DT', 'Alberta', 'Bolivia'),
(188, 'Tucker', 'Hinton', '1985-03-07', 'egestas.hendrerit@amet.com', '511-4978 Urna. St.', 'Texas City', '39948', 'Pennsylvania', 'Heard Island and Mcdonald Islands'),
(189, 'Kennedy', 'Alston', '1950-08-17', 'augue.porttitor@auguescelerisque.ca', '503-9738 Vel Avenue', 'Modesto', 'MG3W 2HH', 'NRY', 'Qatar'),
(190, 'Richard', 'Weber', '1916-07-20', 'arcu.iaculis.enim@vulputateeu.com', '637-3649 Sodales Avenue', 'Duarte', 'S6N 1M7', 'PE', 'Australia'),
(191, 'Suki', 'Whitfield', '1921-08-30', 'feugiat.tellus.lorem@enimNuncut.edu', 'Ap #808-7182 Tincidunt Rd.', 'Coatesville', '34699', 'BOR', 'Singapore'),
(192, 'Travis', 'Osborn', '1969-06-26', 'tristique.pellentesque.tellus@nonante.org', '2435 Felis Ave', 'Chico', 'W6E 8Z5', 'YT', 'China'),
(193, 'Leroy', 'Rivera', '1926-08-25', 'mi.lorem@atvelit.com', '4884 Feugiat Av.', 'Monongahela', '72768', 'RI', 'China'),
(194, 'Cleo', 'Burris', '1988-05-05', 'senectus.et@nonsapienmolestie.com', 'Ap #559-8756 Mauris Ave', 'Hope', 'Z2B 7KV', 'HI', 'China'),
(195, 'Claire', 'Valdez', '1975-08-30', 'pede@dapibusgravida.edu', '510-7509 Arcu St.', 'Roseville', 'E7D 4T8', 'Nunavut', 'Maldives'),
(196, 'Maya', 'Austin', '1927-03-29', 'eros.non.enim@quis.ca', 'Ap #306-3618 Gravida St.', 'Charlottesville', 'M2I 2G7', 'New Jersey', 'Burkina Faso'),
(197, 'Phelan', 'Guzman', '1988-02-21', 'aliquet.odio.Etiam@vitae.ca', '2795 Vel, Road', 'Baton Rouge', 'F0 7SF', 'SK', 'Gibraltar'),
(198, 'Orli', 'Suarez', '1996-02-20', 'nibh@Proinsed.org', 'P.O. Box 353, 8353 Massa. Rd.', 'Idaho Springs', 'M3T 7J4', 'Nunavut', 'Micronesia'),
(199, 'Logan', 'Hester', '1949-02-20', 'sagittis@eleifendnec.edu', 'Ap #826-9097 Aliquet, Av.', 'Scarborough', 'Z7U 3M4', 'Yukon', 'South Georgia and The South Sandwich Islands'),
(200, 'Clarke', 'Stewart', '1995-08-25', 'eget.tincidunt@ut.edu', '305-5811 Tristique St.', 'Chula Vista', 'V4 3OG', 'ERY', 'Lithuania'),
(201, 'Urielle', 'Kidd', '1925-02-14', 'feugiat.non@semperrutrumFusce.ca', 'P.O. Box 219, 4873 Curabitur St.', 'Shamokin', 'Y8R 7R7', 'Derbyshire', 'Netherlands Antilles'),
(202, 'Miranda', 'Farrell', '1962-11-08', 'eu.odio@luctusfelispurus.ca', '110-5299 In, Street', 'Latrobe', 'W8H 6MY', 'Florida', 'USA'),
(203, 'Petra', 'Jarvis', '1982-06-20', 'ac.urna@elit.ca', '8340 Magnis Ave', 'Batavia', 'OM7K 2ZB', 'WMD', 'Bouvet Island'),
(204, 'Wallace', 'Klein', '1973-04-02', 'aliquet.libero.Integer@nisi.com', '6313 Dolor Av.', 'Sioux Falls', '81228', 'NU', 'Dominican Republic'),
(205, 'Oprah', 'Christian', '1998-12-15', 'et.malesuada.fames@eget.org', 'Ap #974-3668 Placerat. Road', 'Logan', '37618', 'Northwest Territories', 'Dominican Republic'),
(206, 'Hadassah', 'Flores', '1953-10-16', 'Donec.egestas@massaQuisque.ca', 'Ap #206-692 In, Rd.', 'Fontana', 'U0 4DT', 'YKS', 'Poland'),
(207, 'Tanek', 'Raymond', '1964-08-23', 'aptent.taciti.sociosqu@Cras.com', '189-3788 Nisi. Ave', 'Woodruff', 'H38 0IG', 'Alberta', 'Yemen'),
(208, 'Stella', 'Wynn', '1931-06-01', 'Phasellus.elit.pede@maurisrhoncusid.org', 'P.O. Box 239, 8146 Neque Rd.', 'Fargo', '59088', 'Massachusetts', 'Tanzania, United Republic of'),
(209, 'Prescott', 'Dixon', '1988-07-24', 'libero.Donec.consectetuer@velit.com', '5929 Curabitur Av.', 'High Point', '14299', 'BC', 'Norway'),
(210, 'Basil', 'Lloyd', '1948-04-04', 'mi.Aliquam@in.ca', 'Ap #269-2951 Nec St.', 'La Jolla', '82606', 'Alberta', 'Guyana'),
(211, 'Cheryl', 'Fisher', '1923-06-25', 'non@pedenecante.com', 'P.O. Box 152, 6294 Non Rd.', 'Ontario', '13796', 'East Riding of Yorkshire', 'Cocos (Keeling) Islands'),
(212, 'Caleb', 'Mckay', '1984-03-07', 'nec.ligula@nullaDonecnon.org', '8473 Nulla. Street', 'San Juan Capistrano', '46137', 'CAM', 'Suriname'),
(213, 'Robin', 'David', '1984-09-20', 'Curabitur@volutpatnunc.org', 'P.O. Box 402, 4823 Nunc Ave', 'Kingsport', 'G2F 7U3', 'CAM', 'Zimbabwe'),
(214, 'Hollee', 'King', '1943-03-31', 'libero.Donec.consectetuer@nuncInat.edu', 'Ap #458-5771 Quis, Road', 'Baltimore', 'G2H 4L9', 'QC', 'Portugal'),
(215, 'Olga', 'Alston', '1960-09-19', 'Vestibulum@mauriserateget.ca', 'Ap #121-4810 Dolor Ave', 'Arvada', 'XQ7 1XF', 'QC', 'Suriname'),
(216, 'Cooper', 'Ramsey', '1990-06-01', 'Curae;.Phasellus@pellentesquetellussem.edu', 'Ap #446-4277 Pede, Av.', 'Port Huron', 'IK3Y 1MV', 'Alberta', 'Guyana'),
(217, 'Duncan', 'Farley', '1941-10-22', 'non@purusaccumsan.org', '328-181 Duis Rd.', 'Somerville', '22262', 'OH', 'Lesotho'),
(218, 'Cain', 'Ramos', '1989-10-28', 'non.bibendum.sed@velit.com', '1098 Dictum Avenue', 'New Albany', 'Q13 4MP', 'British Columbia', 'Indonesia'),
(219, 'Kyle', 'Perkins', '1977-08-10', 'euismod.est.arcu@facilisislorem.edu', '125-7508 Mattis Ave', 'Florence', 'Q4 9UU', 'DBY', 'Nigeria'),
(220, 'August', 'Hogan', '1929-02-09', 'at@sem.com', '196-4914 Cursus, Ave', 'Suffolk', 'E3P 8T5', 'Nunavut', 'China'),
(221, 'Melissa', 'Sims', '1938-03-02', 'nibh@consequatlectussit.edu', '5954 Cursus Street', 'Portsmouth', 'P1I 7J9', 'MT', 'Netherlands Antilles'),
(222, 'Raya', 'Carpenter', '1968-06-02', 'ut.nulla.Cras@anequeNullam.org', '7681 Amet Avenue', 'Darlington', 'YP4 5ST', 'CT', 'Suriname'),
(223, 'Melinda', 'Tanner', '1944-09-24', 'ut.nulla@Donec.ca', '942-3312 Metus Road', 'Delta Junction', 'WB44 4AE', 'NB', 'Bahrain'),
(224, 'Derek', 'Owens', '1948-09-14', 'primis.in.faucibus@ipsum.edu', '539-9721 Arcu St.', 'Parma', '25770', 'KID', 'Brazil'),
(225, 'Teagan', 'Harvey', '1917-01-21', 'eu@quis.ca', '2886 Sit St.', 'Connellsville', '19481', 'CAR', 'USA'),
(226, 'Lee', 'Small', '1999-06-08', 'semper.pretium@Crasconvallisconvallis.ca', 'P.O. Box 827, 3605 Sem St.', 'Davenport', 'KY45 8XK', 'WES', 'Kuwait'),
(227, 'Ann', 'Bolton', '1956-09-27', 'Nunc@Integertinciduntaliquam.org', '7588 Vivamus Avenue', 'Santa Fe', '58342', 'HEF', 'Gibraltar'),
(228, 'Charde', 'Christian', '1929-12-21', 'tristique.neque.venenatis@et.ca', 'P.O. Box 666, 4034 Risus. Ave', 'Bartlesville', 'W6D 4M5', 'Clwyd', 'Tonga'),
(229, 'Devin', 'Wiggins', '1952-12-23', 'enim@tinciduntDonecvitae.org', 'Ap #474-7757 Arcu Ave', 'Cypress', '69630', 'QC', 'Finland'),
(230, 'Zenaida', 'Riggs', '1974-04-06', 'Sed@utquamvel.org', '326-7217 Sed St.', 'Waterbury', 'EM38 4AD', 'BC', 'Canada'),
(231, 'Noah', 'Emerson', '1947-11-07', 'ipsum.Curabitur.consequat@placeratorci.edu', 'P.O. Box 617, 4634 Sed St.', 'Thousand Oaks', 'K7P 7M0', 'RI', 'Australia'),
(232, 'Amela', 'Acevedo', '1947-09-06', 'feugiat.nec.diam@Donecnonjusto.ca', 'P.O. Box 822, 9518 Suscipit, Av.', 'Newburgh', '13289', 'NTH', 'Malta'),
(233, 'Illiana', 'Gibbs', '1949-02-16', 'enim.nec@molestieSed.ca', 'Ap #878-6455 Mauris Av.', 'Orlando', 'HY44 3RG', 'Nunavut', 'Saint Vincent and The Grenadines'),
(234, 'Anthony', 'Houston', '1919-01-08', 'leo@risusvariusorci.ca', 'Ap #383-5711 In Ave', 'Hamilton', 'Y3E 4S4', 'District of Columbia', 'American Samoa'),
(235, 'Chaney', 'Owens', '1978-08-25', 'faucibus@Curabiturvellectus.org', 'P.O. Box 935, 2627 Primis Rd.', 'Middletown', 'O7P 8XZ', 'Ohio', 'Germany'),
(236, 'Maite', 'Williamson', '1946-05-25', 'natoque.penatibus@rhoncus.edu', '330-9371 At Ave', 'Erie', 'UD0 4SW', 'Tennessee', 'India'),
(237, 'Richard', 'Erickson', '1963-08-23', 'a@aceleifendvitae.ca', 'Ap #651-8359 Nunc Rd.', 'Santa Fe', 'I1W 5C3', 'Stirlingshire', 'Cayman Islands'),
(238, 'Jessamine', 'White', '1942-03-13', 'nulla.vulputate.dui@dui.org', '874-1399 Integer Rd.', 'Beaver Falls', '68266', 'TN', 'Antigua and Barbuda'),
(239, 'Hadassah', 'Duncan', '1925-05-10', 'ac@Phasellus.org', 'P.O. Box 636, 5126 Fermentum Avenue', 'Mount Vernon', 'R1P 2YV', 'PEE', 'Malawi'),
(240, 'Bradley', 'Houston', '1915-02-12', 'eleifend.vitae.erat@elitsed.org', '7582 Porta Road', 'Laughlin', 'C8X 7A4', 'TX', 'French Guiana'),
(241, 'Dieter', 'Blankenship', '1938-05-24', 'Nulla.dignissim.Maecenas@ipsumprimis.org', '104-8266 Id Rd.', 'Champaign', 'O1K 4Y1', 'NT', 'Monaco'),
(242, 'Randall', 'Gaines', '1924-07-28', 'blandit.Nam.nulla@primis.com', 'Ap #416-3216 Phasellus Avenue', 'Minnetonka', 'I40 3WL', 'OKI', 'Ethiopia'),
(243, 'Emma', 'Wright', '1971-05-26', 'erat@Aliquamtinciduntnunc.ca', 'Ap #138-8750 Et Street', 'Abilene', 'E8U 6VD', 'California', 'Japan'),
(244, 'Kaden', 'Zamora', '1924-08-01', 'purus.ac.tellus@lorem.com', '363-7891 Dolor. St.', 'Kenner', '86963', 'Virginia', 'Turkmenistan'),
(245, 'Ahmed', 'Humphrey', '1950-10-19', 'montes.nascetur@Nuncut.edu', '550-6097 Natoque Rd.', 'Rohnert Park', 'FY10 5DQ', 'Co. Kerry', 'Philippines'),
(246, 'Quon', 'Harrison', '1963-05-03', 'vitae@diamatpretium.edu', 'Ap #363-6381 Porttitor St.', 'Fort Worth', 'S2 3WH', 'Co. Waterford', 'Saudi Arabia'),
(247, 'Stuart', 'Rasmussen', '1985-09-21', 'montes.nascetur@lacinia.ca', 'P.O. Box 996, 3952 Quis Street', 'Port Arthur', 'A4L 7P8', 'MSY', 'Solomon Islands'),
(248, 'Ava', 'Dalton', '1948-10-14', 'eu.metus.In@euodiotristique.ca', 'P.O. Box 631, 1347 Pharetra. St.', 'Asbury Park', '30864', 'California', 'USA'),
(249, 'Richard', 'Dudley', '1930-06-20', 'mi.tempor.lorem@esttempor.org', 'Ap #556-8924 Aliquet Ave', 'Rancho Palos Verdes', 'U1W 1C7', 'Nova Scotia', 'UK'),
(250, 'Ebony', 'Camacho', '1944-06-04', 'Cras.dictum.ultricies@ullamcorperDuiscursus.edu', 'P.O. Box 198, 396 Proin Street', 'Peabody', '70588', 'Herefordshire', 'USA'),
(251, 'Ginger', 'Mendoza', '1938-11-14', 'lacinia@auctorvitaealiquet.edu', 'P.O. Box 978, 9235 Natoque Rd.', 'Hanahan', '00781', 'PE', 'Burkina Faso'),
(252, 'Jacob', 'Parrish', '1943-01-09', 'elit.elit@nisi.com', 'Ap #747-2727 Odio Ave', 'Santa Cruz', 'E8D 3W8', 'SFK', 'Madagascar'),
(253, 'Dorothy', 'Mays', '1982-03-29', 'neque.tellus.imperdiet@sit.com', '471-8521 Vel Street', 'Boulder', 'UW85 0BL', 'ME', 'Grenada'),
(254, 'Tashya', 'Dudley', '1998-03-31', 'Aliquam.erat.volutpat@a.org', '9149 Dictum Ave', 'Broken Arrow', 'U4U 6F3', 'LIN', 'Germany'),
(255, 'Madison', 'Kane', '1977-01-13', 'parturient.montes.nascetur@justoProinnon.com', 'P.O. Box 558, 2817 Auctor Rd.', 'Warner Robins', 'R4E 0GV', 'AK', 'Pitcairn'),
(256, 'Kelly', 'Galloway', '1957-01-18', 'malesuada@fames.ca', 'Ap #271-3037 Diam Street', 'Duluth', 'R8X 1A9', 'WMD', 'Haiti'),
(257, 'September', 'Callahan', '1989-07-17', 'sem.molestie.sodales@porttitorvulputate.edu', '5647 Eget, Ave', 'Johnstown', '64032', 'NT', 'Samoa'),
(258, 'Kennan', 'Brennan', '1925-04-18', 'ut@pedeCumsociis.ca', '2806 Sed Av.', 'Bradbury', 'R9A 5O4', 'Co. Monaghan', 'Cameroon'),
(259, 'Dominic', 'Short', '1977-01-05', 'ultricies.ornare.elit@duiCraspellentesque.org', 'Ap #985-2329 Risus Road', 'Geneva', 'U3Z 7J5', 'Cornwall', 'Palestinian Territory, Occupied'),
(260, 'Gage', 'Payne', '1939-05-09', 'dictum.cursus.Nunc@Suspendissesagittis.edu', 'P.O. Box 260, 534 Metus Rd.', 'Woonsocket', 'G7E 5SW', 'New Brunswick', 'Bosnia and Herzegovina'),
(261, 'Tanek', 'Alston', '1923-02-04', 'leo.in@velfaucibusid.edu', '2104 Tincidunt Ave', 'Riverside', 'T6Q 9H7', 'AB', 'New Zealand'),
(262, 'Cade', 'Larsen', '1994-02-27', 'tincidunt.vehicula.risus@maurissit.org', '2226 Nec Av.', 'Monroe', 'IA6B 5HB', 'British Columbia', 'Marshall Islands'),
(263, 'Dalton', 'Richmond', '1942-03-18', 'mauris.erat.eget@Incondimentum.com', '5417 Quis Road', 'Denver', 'C4L 1C5', 'LDY', 'China'),
(264, 'Cheryl', 'Kramer', '1959-06-03', 'est.Nunc.laoreet@facilisis.edu', '555-5082 Vitae St.', 'East Rutherford', '21866', 'PE', 'Martinique'),
(265, 'Rowan', 'Herrera', '1918-07-23', 'Ut.nec.urna@duiFuscealiquam.com', 'Ap #102-458 In, Avenue', 'Bethlehem', 'IO2 5SC', 'Newfoundland and Labrador', 'Belize'),
(266, 'Kieran', 'Navarro', '1972-06-14', 'ut.pharetra.sed@semut.ca', 'P.O. Box 780, 9706 Cursus Road', 'Boulder City', 'P3K 2P9', 'Cumbria', 'Cayman Islands'),
(267, 'Galvin', 'Owens', '1928-10-02', 'interdum.libero.dui@disparturient.com', '889-6685 Mus. Rd.', 'Alpharetta', '89312', 'HRT', 'Belgium'),
(268, 'Ora', 'Conrad', '1927-01-12', 'malesuada@auctorvitaealiquet.edu', '116-2310 Nec Rd.', 'Powell', '77656', 'GA', 'Switzerland'),
(269, 'Nita', 'Malone', '1999-08-12', 'vel.arcu.Curabitur@lobortisrisusIn.org', 'Ap #227-8333 Magnis St.', 'Asheville', 'T1Y 5U5', 'Northwest Territories', 'Morocco'),
(270, 'Cally', 'Anthony', '1933-12-04', 'semper@Suspendisseacmetus.com', 'P.O. Box 409, 8236 Consequat Street', 'Durham', '42641', 'MD', 'Bermuda'),
(271, 'Larissa', 'Barrera', '1941-07-04', 'Vestibulum.ante.ipsum@interdum.com', '1980 Massa Ave', 'Wynne', 'V2 7RR', 'MD', 'Malta'),
(272, 'Bo', 'Faulkner', '1932-08-19', 'Aenean.euismod@Fuscealiquamenim.ca', '257 Nunc Rd.', 'Merced', '76924', 'MD', 'Armenia'),
(273, 'Raya', 'Gutierrez', '1949-05-10', 'Proin.vel.arcu@Aeneaneuismod.ca', 'P.O. Box 639, 6511 Vivamus St.', 'Rocky Mount', 'ID5 0UM', 'Manitoba', 'USA'),
(274, 'Joel', 'Finch', '1982-01-18', 'sed.sem@et.com', 'P.O. Box 544, 8434 Massa. Rd.', 'Norman', 'D8 9HJ', 'ELN', 'Netherlands'),
(275, 'Aretha', 'Small', '1931-04-04', 'sed.libero@et.com', 'Ap #806-3308 Lobortis Ave', 'San Clemente', 'K4T 6F6', 'Nunavut', 'Antigua and Barbuda'),
(276, 'Kitra', 'Scott', '1915-04-25', 'sem@magnis.org', '7596 Sapien. St.', 'Santa Clara', 'P9G 1K0', 'HWR', 'Pitcairn'),
(277, 'Elizabeth', 'Lowe', '1977-06-28', 'quam.Pellentesque.habitant@elementumlorem.com', '5975 Proin Rd.', 'Martinsburg', 'IK49 3RY', 'Gwynedd', 'Russian Federation'),
(278, 'Eleanor', 'Foreman', '1928-04-21', 'metus@Aliquam.edu', '3657 Tincidunt St.', 'Virginia Beach', '66201', 'CAI', 'Mauritania'),
(279, 'Tarik', 'Mcclure', '1943-04-12', 'consectetuer@augueporttitorinterdum.org', 'Ap #918-3778 Consectetuer Rd.', 'Omaha', '50627', 'New Brunswick', 'Tanzania, United Republic of'),
(280, 'Candice', 'Rodriquez', '1924-05-29', 'libero.mauris@anteNunc.org', '949-5354 Rhoncus. St.', 'Sutter Creek', '55615', 'NL', 'Germany'),
(281, 'Paloma', 'Frazier', '1993-03-16', 'Curabitur@Cras.ca', 'Ap #734-2602 Nisi St.', 'Wisconsin Rapids', '85630', 'South Carolina', 'Lithuania'),
(282, 'Stuart', 'Spencer', '1969-06-23', 'diam.at.pretium@scelerisque.org', '763-8956 In Ave', 'Branson', 'C1Y 9P6', 'Montana', 'Uruguay'),
(283, 'Cooper', 'Dennis', '1946-02-10', 'non.nisi.Aenean@orci.com', 'Ap #816-4342 Eros. Avenue', 'Enid', 'SV68 7OK', 'District of Columbia', 'Liberia'),
(284, 'Brent', 'Bender', '1971-06-25', 'quis.pede.Suspendisse@imperdiet.com', '951-7219 Suspendisse Avenue', 'San Bernardino', 'I92 9TA', 'BC', 'Georgia'),
(285, 'Lacey', 'Norris', '1944-09-30', 'tellus.Phasellus@aliquetProin.ca', 'P.O. Box 218, 1578 Eu, Av.', 'Calumet City', '32225', 'Alberta', 'French Southern Territories'),
(286, 'Medge', 'Freeman', '1985-08-08', 'fermentum.fermentum@cursusIntegermollis.ca', 'Ap #640-2740 Est. Rd.', 'Santa Barbara', 'YP32 8PO', 'Oregon', 'China'),
(287, 'Amos', 'Jacobson', '1957-08-02', 'nascetur.ridiculus.mus@Nuncsollicitudincommodo.ca', 'P.O. Box 247, 9338 Eleifend Street', 'Livonia', 'XX2H 1CW', 'Northwest Territories', 'British Indian Ocean Territory'),
(288, 'Sandra', 'Browning', '1917-07-03', 'dolor.sit@auctorullamcorpernisl.org', 'P.O. Box 808, 9990 Nec Av.', 'Yakima', '62894', 'YT', 'Saint Lucia'),
(289, 'Connor', 'Chambers', '1967-03-08', 'sed.orci.lobortis@sagittis.ca', 'Ap #650-6126 Dapibus Ave', 'New Brunswick', 'P6O 2XL', 'CGN', 'Saint Pierre and Miquelon'),
(290, 'Hadley', 'Gay', '1962-12-03', 'Sed.eu.nibh@magna.ca', '4722 Lobortis Av.', 'Iowa City', 'A8R 6O2', 'NT', 'Mauritania'),
(291, 'Jacob', 'Rollins', '1956-02-10', 'felis@molestie.com', 'P.O. Box 126, 1793 Pharetra. Street', 'Alpharetta', 'M5Q 3GG', 'Nova Scotia', 'Hong Kong'),
(292, 'Holly', 'Reese', '1982-10-24', 'amet.lorem.semper@nec.com', 'Ap #702-1950 Lobortis St.', 'Passaic', 'E4R 7B0', 'Kentucky', 'China'),
(293, 'Kennan', 'Cain', '1970-04-11', 'arcu@posuereatvelit.com', 'Ap #713-2312 Magna. Rd.', 'Hollister', '20067', 'East Sussex', 'Jamaica'),
(294, 'Branden', 'Burks', '1979-10-18', 'magna@amet.ca', '892-9408 Luctus Road', 'Arlington', 'K4B 6N1', 'NB', 'Switzerland'),
(295, 'Demetria', 'Hubbard', '1971-01-09', 'Vivamus.molestie.dapibus@augueeu.org', '395 Bibendum Rd.', 'Taunton', '92137', 'GTM', 'USA'),
(296, 'Lani', 'Durham', '1956-07-13', 'vestibulum@ipsumdolor.com', 'P.O. Box 566, 9686 Euismod Street', 'Murray', '41934', 'LA', 'American Samoa'),
(297, 'Shelley', 'Bird', '1936-01-30', 'laoreet@Donec.ca', '766-7602 Et Rd.', 'Fairbanks', '86737', 'Prince Edward Island', 'Chad'),
(298, 'Malachi', 'Rogers', '1919-08-10', 'hendrerit@ridiculusmusProin.ca', '469 In St.', 'Nogales', '33011', 'Hertfordshire', 'Germany'),
(299, 'Pamela', 'Sawyer', '1982-03-15', 'ac.sem@duinec.edu', 'Ap #866-2744 Nunc St.', 'Scranton', 'L6C 8Y1', 'SLI', 'USA'),
(300, 'Pandora', 'Newman', '1993-07-20', 'cursus.vestibulum.Mauris@sit.edu', '4002 Ornare, Ave', 'Grass Valley', 'EL96 0BM', 'Hawaii', 'Burundi'),
(301, 'Kyla', 'Robles', '1949-03-26', 'nonummy.Fusce.fermentum@augueporttitor.com', 'Ap #814-4343 Cursus. Rd.', 'Ardmore', 'R3R 6Y7', 'Washington', 'Aruba'),
(302, 'Quyn', 'Williams', '1928-12-23', 'mattis.Cras@portaelita.edu', 'P.O. Box 811, 7858 Sollicitudin St.', 'Tonawanda', '04531', 'New York', 'Lithuania'),
(303, 'Lawrence', 'Marshall', '1961-06-15', 'lorem.ac@vitaepurus.ca', '7266 Justo Avenue', 'Carolina', 'X9 7TZ', 'NB', 'USA'),
(304, 'Eliana', 'Sears', '1932-10-20', 'in@magnaDuis.com', 'Ap #702-5146 Tellus St.', 'Lawton', 'Q6T 5O4', 'Wyoming', 'Korea, Republic of'),
(305, 'Cecilia', 'Clements', '1924-08-29', 'amet.consectetuer.adipiscing@sed.com', 'P.O. Box 863, 4051 Velit Avenue', 'Somerville', '45503', 'MO', 'Austria'),
(306, 'Jessica', 'Roberts', '1947-09-09', 'Etiam.bibendum@molestieorcitincidunt.org', 'P.O. Box 892, 7346 Integer Av.', 'Duquesne', 'C1A 5R5', 'Co. Down', 'Gibraltar'),
(307, 'Rose', 'Leon', '1936-12-23', 'Ut.tincidunt.orci@molestie.org', 'Ap #259-2155 Velit St.', 'Minot', 'HB5K 0CB', 'PE', 'Jordan'),
(308, 'Diana', 'Wilkins', '1978-11-22', 'odio.Nam.interdum@vehicularisus.org', 'Ap #828-5570 Consequat Road', 'Tulsa', 'J6N 9BO', 'OFF', 'Burundi'),
(309, 'Keely', 'Brown', '1946-10-21', 'Fusce.mi@ac.edu', 'P.O. Box 541, 7578 Magna. St.', 'Yuma', 'J5 0BA', 'WAR', 'Korea, Republic of'),
(310, 'Brady', 'Dillard', '1972-08-19', 'Cum.sociis@urnaUt.edu', 'P.O. Box 591, 5937 Sed Rd.', 'Huntington Park', 'K0 0UP', 'District of Columbia', 'Comoros'),
(311, 'Timothy', 'Hewitt', '1988-03-07', 'massa.rutrum.magna@molestiepharetra.org', '4416 Integer Street', 'South Pasadena', '44078', 'QC', 'Saint Kitts and Nevis'),
(312, 'Hillary', 'Hubbard', '1944-02-16', 'nulla.Donec@dolorsit.com', 'Ap #147-6705 Varius. Rd.', 'Texarkana', 'T9C 2I1', 'Co. Roscommon', 'Denmark'),
(313, 'Castor', 'Ford', '1980-02-27', 'dui.augue@atvelitCras.ca', '591-1032 Lorem, Rd.', 'Jamestown', '23714', 'Sutherland', 'Korea'),
(314, 'Lillian', 'Carroll', '1920-04-06', 'fermentum.convallis.ligula@pharetraQuisque.com', '295-1197 Vel Rd.', 'Richmond', 'E9E 5H9', 'New York', 'Turkey'),
(315, 'Daniel', 'Francis', '1937-03-24', 'Nam.porttitor@Nunc.ca', 'P.O. Box 931, 662 Consectetuer Ave', 'Highland Park', '12914', 'Northwest Territories', 'USA'),
(316, 'Quail', 'Briggs', '1916-08-01', 'ipsum@Donecvitae.com', 'P.O. Box 774, 6961 Massa. St.', 'Hope', '77599', 'AB', 'Mozambique'),
(317, 'Ryan', 'Giles', '1926-02-23', 'in.hendrerit.consectetuer@nibhDonec.org', '2640 Morbi Av.', 'Thibodaux', 'P6R 3J3', 'INV', 'China'),
(318, 'Hoyt', 'Kennedy', '1960-03-05', 'Fusce.mollis@eratvolutpatNulla.ca', '207-3972 Faucibus. Rd.', 'Henderson', 'P4W 2B1', 'Northwest Territories', 'Liechtenstein'),
(319, 'Veda', 'Burt', '1931-06-16', 'Nunc.laoreet.lectus@ipsumleo.com', 'Ap #535-3839 Libero. Avenue', 'Ocean City', '01340', 'IA', 'Portugal'),
(320, 'Ryder', 'Curtis', '1978-08-19', 'erat@nonlorem.edu', '905-2570 Ac Street', 'Wichita Falls', 'Q2K 6KS', 'Lincolnshire', 'Uzbekistan'),
(321, 'Eleanor', 'Christensen', '1916-02-16', 'et.rutrum.eu@Sedeu.ca', '7958 Nisi. Ave', 'Charlotte', 'D1R 7H0', 'Alaska', 'Serbia and Montenegro'),
(322, 'Grant', 'Hubbard', '1922-07-06', 'mus.Aenean.eget@nisiCum.edu', 'P.O. Box 570, 7628 Lacus. St.', 'Saint Louis', '43040', 'CMN', 'Nicaragua'),
(323, 'Thor', 'Moran', '1993-06-17', 'quam.vel@sem.ca', 'P.O. Box 750, 7315 Vel Ave', 'Berkeley', 'W54 3YL', 'YT', 'Turks and Caicos Islands'),
(324, 'Aretha', 'Phelps', '1971-10-15', 'nibh.lacinia.orci@nibh.ca', 'Ap #995-1016 Condimentum St.', 'Detroit', 'M2A 1Q3', 'OK', 'Philippines'),
(325, 'Regina', 'Stevenson', '1973-11-08', 'et.magnis.dis@magnaseddui.org', '8084 Mollis Street', 'Saginaw', '07049', 'INV', 'Hungary'),
(326, 'Stephen', 'Ellison', '1962-05-12', 'non.magna@Duis.com', '2571 Ante. Avenue', 'Pueblo', 'N8F 4V9', 'NL', 'Ghana'),
(327, 'Wallace', 'Mcgee', '1925-08-03', 'sem.Pellentesque.ut@Quisquenonummyipsum.com', 'Ap #552-2727 Aliquam Street', 'Mayagüez', '69541', 'New Brunswick', 'Kuwait'),
(328, 'Elliott', 'Browning', '1926-01-24', 'sit.amet.diam@placeratCrasdictum.edu', '535-9604 Cursus Rd.', 'College Park', 'S7F 3S7', 'DC', 'Vanuatu'),
(329, 'Damon', 'Clay', '1916-06-20', 'Nullam@temporestac.edu', 'Ap #231-9989 Cum Rd.', 'Birmingham', 'C3X 8O2', 'Co. Kerry', 'Cape Verde'),
(330, 'Robert', 'Houston', '1948-10-29', 'ipsum.dolor@pedeblanditcongue.ca', '766-3939 Ac Av.', 'Newport Beach', 'TX50 8JP', 'SK', 'Switzerland'),
(331, 'Ariana', 'Albert', '1965-10-26', 'elementum@Integeraliquamadipiscing.edu', '4499 Pharetra St.', 'Warwick', 'R8U 6K8', 'LDY', 'Austria'),
(332, 'Emerald', 'Rojas', '1948-11-17', 'lobortis.quam.a@urnasuscipitnonummy.ca', 'P.O. Box 778, 4338 Mollis Street', 'York', 'J20 2CQ', 'Yukon', 'Spain'),
(333, 'Cassandra', 'Burns', '1991-07-20', 'sem@Suspendisse.ca', 'Ap #537-3229 Luctus Street', 'Forrest City', 'M3R 7I8', 'YT', 'Nicaragua'),
(334, 'Vaughan', 'Benjamin', '1918-08-17', 'scelerisque.mollis.Phasellus@lorem.edu', '970-811 Orci Rd.', 'Shreveport', 'T58 0GQ', 'GLA', 'Libyan Arab Jamahiriya'),
(335, 'Katelyn', 'Barlow', '1921-06-01', 'Nunc.mauris@sagittislobortismauris.ca', '224-9166 Duis Rd.', 'Houma', '65424', 'NU', 'Gambia'),
(336, 'Sybil', 'Michael', '1962-12-16', 'Nulla.tincidunt.neque@Craslorem.ca', '1315 Donec Ave', 'Fond du Lac', 'F6M 9G0', 'NM', 'Saudi Arabia'),
(337, 'Clark', 'Bradley', '1948-08-10', 'iaculis@utdolordapibus.com', '898-8993 Dignissim. St.', 'Davenport', 'K3K 9T3', 'SD', 'UK'),
(338, 'Murphy', 'Nieves', '1922-10-19', 'eget@euligulaAenean.com', '8614 Eu Ave', 'Chino Hills', '37970', 'Ross and Cromarty', 'Sudan'),
(339, 'Tasha', 'Harris', '1994-10-15', 'velit.eu.sem@Sed.ca', 'P.O. Box 417, 8610 Scelerisque St.', 'South Pasadena', '09447', 'Co. Sligo', 'Australia'),
(340, 'Charissa', 'Burke', '1994-12-03', 'tincidunt.aliquam.arcu@Donecporttitor.ca', '4498 Praesent Avenue', 'Carson', '98078', 'SFK', 'Israel'),
(341, 'Imani', 'Compton', '1947-08-14', 'in.consequat.enim@orciDonec.com', '3640 Elementum, Rd.', 'Columbus', 'Q9F 4Z0', 'Ontario', 'Lithuania'),
(342, 'Macey', 'Skinner', '1957-08-14', 'arcu.et.pede@neque.com', '8808 A, St.', 'Natchez', 'U4L 4K6', 'New Hampshire', 'UK'),
(343, 'Paki', 'Bauer', '1960-03-17', 'Nullam.lobortis@eleifendvitaeerat.com', '3714 Vivamus Street', 'Fall River', 'X3M 7S9', 'British Columbia', 'Madagascar'),
(344, 'Rhona', 'Bradley', '1931-04-09', 'Sed.nulla@tincidunt.ca', '990-5333 Pulvinar Street', 'Columbia', '85710', 'Co. Laois', 'Hong Kong');
INSERT INTO `CUSTOMER` (`CustomerID`, `FirstName`, `LastName`, `DOB`, `Email`, `Address`, `City`, `Postcode`, `State`, `Country`) VALUES
(345, 'Rajah', 'Rowland', '1958-08-04', 'rutrum.non.hendrerit@diamloremauctor.edu', 'P.O. Box 174, 4942 Fusce Street', 'Gadsden', 'N4V 4A5', 'British Columbia', 'Northern Mariana Islands'),
(346, 'Willa', 'Mayo', '1975-09-14', 'eget.ipsum@Quisquepurus.org', 'Ap #193-1614 Magna, St.', 'Ruston', 'VP9 2LI', 'HLD', 'Haiti'),
(347, 'Colby', 'Chambers', '1924-10-20', 'et.tristique@Innec.com', 'P.O. Box 774, 4317 Ullamcorper. Ave', 'East Hartford', 'V4A 5J3', 'Wyoming', 'USA'),
(348, 'Jolene', 'Cole', '1965-01-28', 'nascetur.ridiculus.mus@tellusAenean.edu', '3590 Bibendum Ave', 'Valdez', '15908', 'Virginia', 'Dominican Republic'),
(349, 'Gwendolyn', 'Sutton', '1951-04-21', 'turpis@nislsem.org', 'P.O. Box 344, 3833 Cras Ave', 'Sanford', '77582', 'ME', 'Romania'),
(350, 'Evan', 'Pace', '1916-09-16', 'sociis.natoque.penatibus@vehicularisus.org', 'P.O. Box 984, 492 Mauris. Street', 'Brigham City', 'X31 6DR', 'New Mexico', 'UK'),
(351, 'Igor', 'Kline', '1963-10-09', 'eu@consectetueripsum.org', 'Ap #813-5197 Penatibus Road', 'North Little Rock', 'XG52 3EK', 'Kentucky', 'Tajikistan'),
(352, 'Delilah', 'Delgado', '1962-05-19', 'Aenean.egestas@malesuadavel.com', '7171 Accumsan Road', 'Claremont', 'A9G 2NN', 'PA', 'Japan'),
(353, 'Austin', 'Parker', '1947-12-16', 'eu@lobortisultricesVivamus.ca', 'P.O. Box 412, 9392 Ullamcorper, Rd.', 'Attleboro', 'K4D 4R3', 'OR', 'Tokelau'),
(354, 'Madaline', 'Gardner', '1976-04-06', 'sed.pede.Cum@Nunclectus.com', 'Ap #905-3470 Ac St.', 'Truth or Consequences', 'ZY7J 0DB', 'Yukon', 'Hungary'),
(355, 'Elijah', 'Schmidt', '1973-11-21', 'aptent.taciti.sociosqu@tristique.org', 'Ap #967-6042 Eget Ave', 'Ashland', 'KV3E 2LI', 'South Dakota', 'Mauritania'),
(356, 'Constance', 'Conway', '1988-11-06', 'dolor.nonummy@nislQuisque.com', 'P.O. Box 751, 9001 Quisque Avenue', 'New Madrid', '01543', 'Bedfordshire', 'Brazil'),
(357, 'Robert', 'Joyce', '1932-05-11', 'ac.urna.Ut@orciPhasellusdapibus.ca', '250-5252 Mauris, Rd.', 'Franklin', 'YQ1Z 8UK', 'Arkansas', 'Cyprus'),
(358, 'Charity', 'Oliver', '1959-02-17', 'in.cursus.et@scelerisquenequeNullam.ca', 'Ap #982-6989 Nulla Rd.', 'Ardmore', 'L22 6FB', 'YKS', 'Virgin Islands, U.S.'),
(359, 'Alexander', 'Stein', '1985-11-01', 'pretium@dolorQuisque.com', 'P.O. Box 547, 4680 Gravida Avenue', 'Blythe', 'K79 6AP', 'Inverness-shire', 'Lithuania'),
(360, 'Mannix', 'Gaines', '1987-09-21', 'ultrices.sit@Proinnisl.edu', 'P.O. Box 517, 7804 Sit Rd.', 'Meriden', '74253', 'NU', 'Western Sahara'),
(361, 'Ulla', 'Hopper', '1937-06-10', 'nec.mauris@vestibulummassarutrum.edu', 'P.O. Box 781, 9311 At, Street', 'Corvallis', '71555', 'PEE', 'Comoros'),
(362, 'Rhiannon', 'Jennings', '1953-07-28', 'pharetra@vellectusCum.com', '932-9645 Magnis Ave', 'Lake Charles', '69640', 'NE', 'Malaysia'),
(363, 'Hyatt', 'Bridges', '1975-08-07', 'Sed.neque.Sed@atrisus.ca', 'P.O. Box 253, 2975 Ac Rd.', 'Manhattan Beach', 'A7D 7R7', 'Prince Edward Island', 'Tonga'),
(364, 'Myra', 'Lindsay', '1915-12-27', 'libero@euismod.com', '7776 Malesuada Rd.', 'Oneida', 'E2I 2X4', 'NU', 'Niue'),
(365, 'Brennan', 'Barnes', '1991-08-24', 'fermentum.risus@semegestas.org', '350 Tempor Road', 'South Bend', '58869', 'Massachusetts', 'Saint Lucia'),
(366, 'Orlando', 'Barr', '1915-04-13', 'velit.Quisque.varius@eleifend.ca', '5723 Mi. Road', 'Douglas', 'G03 0NE', 'Wyoming', 'Tanzania, United Republic of'),
(367, 'Ignatius', 'Mullins', '1990-10-08', 'enim.Mauris@asollicitudinorci.org', '843-6295 Nullam Street', 'Elizabeth City', '49142', 'YT', 'Ghana'),
(368, 'Latifah', 'Allison', '1971-10-25', 'dui@eumetus.edu', 'Ap #294-4760 Viverra. Street', 'Cincinnati', 'L4Y 8J0', 'Gloucestershire', 'Norfolk Island'),
(369, 'Malik', 'Travis', '1943-05-08', 'et@ultrices.com', 'Ap #269-899 Ac, Road', 'The Dalles', 'Y7R 4S5', 'GMP', 'Kuwait'),
(370, 'Selma', 'Bolton', '1938-12-05', 'adam.beck@xyz.com.au', '9305 Rutrum, St.', 'Rawlins', 'Q6G 6K9', 'British Columbia', 'Australia'),
(371, 'Neville', 'Holmes', '1971-08-30', 'nec.eleifend@cursusin.com', 'P.O. Box 436, 4104 Feugiat Road', 'West Hollywood', 'Y3U 6O3', 'Nova Scotia', 'Kuwait'),
(372, 'Uta', 'Bentley', '1941-05-25', 'diam@Namac.ca', 'Ap #516-1624 Metus St.', 'Beverly', 'K1B 7U6', 'SD', 'Faroe Islands'),
(373, 'Stacey', 'Frost', '1972-02-27', 'mi@nonmagna.com', 'Ap #291-1742 Molestie Rd.', 'Batavia', 'Y5Q 9N3', 'Manitoba', 'Palestinian Territory, Occupied'),
(374, 'Dominique', 'Joseph', '1993-09-20', 'cursus.in@sagittislobortismauris.edu', '750-5548 Ut Avenue', 'Lebanon', 'WD5I 7MW', 'Manitoba', 'Cuba'),
(375, 'Lysandra', 'Houston', '1978-06-17', 'sem.molestie.sodales@malesuada.org', 'Ap #446-3960 Mollis Rd.', 'Champaign', 'T7K 3B1', 'AK', 'USA'),
(376, 'Declan', 'Cummings', '1968-08-18', 'lobortis.nisi@atarcuVestibulum.org', '9855 Donec Road', 'White Plains', 'D16 8VB', 'NJ', 'Syrian Arab Republic'),
(377, 'Minerva', 'Turner', '1936-10-04', 'dictum.mi.ac@quis.org', '427-4677 Pulvinar St.', 'Cortland', 'L7O 5JL', 'NT', 'Georgia'),
(378, 'Jena', 'York', '1934-01-11', 'ligula.Nullam.feugiat@antedictummi.org', 'Ap #336-9204 A, Rd.', 'Vacaville', 'G2O 9S0', 'SRY', 'France'),
(379, 'Shellie', 'Stark', '1922-01-29', 'et.malesuada.fames@enimMaurisquis.org', '3596 Risus. Rd.', 'Daly City', 'D8K 4Z9', 'ROS', 'Mauritius'),
(380, 'Cathleen', 'Buckner', '1960-01-01', 'convallis.dolor.Quisque@maurisidsapien.ca', 'Ap #684-4584 Egestas. Av.', 'Guayanilla', '42726', 'NB', 'USA'),
(381, 'Athena', 'Tillman', '1941-01-04', 'velit@ipsum.com', 'P.O. Box 866, 5775 Dui Av.', 'Paterson', 'B5S 5U4', 'IL', 'Palau'),
(382, 'Lilah', 'Middleton', '1932-09-08', 'ac.tellus.Suspendisse@purusaccumsaninterdum.org', 'Ap #863-4316 Et Street', 'Hammond', 'W5E 4D6', 'MGM', 'Morocco'),
(383, 'Elijah', 'Galloway', '1984-02-25', 'tortor@Donec.ca', '3505 A St.', 'Providence', '01896', 'Newfoundland and Labrador', 'Bahamas'),
(384, 'Odysseus', 'Kaufman', '1941-04-25', 'Donec.sollicitudin.adipiscing@metuseuerat.org', 'P.O. Box 571, 1898 Lobortis St.', 'Janesville', 'D1H 2IE', 'VA', 'Bermuda'),
(385, 'Adam', 'Beck', '1938-07-31', 'adam.beck@xyz.com.au', '9161 Nonummy Rd.', 'Suffolk', 'H9Q 4B9', 'TIP', 'Australia'),
(386, 'Cruz', 'Hartman', '1997-10-10', 'cubilia@Duisrisus.org', 'P.O. Box 124, 7709 Fusce St.', 'Wichita', 'MB9J 6JL', 'Georgia', 'Greenland'),
(387, 'Dexter', 'Cunningham', '1961-11-18', 'aliquet.libero.Integer@acipsum.com', 'Ap #260-4476 Augue Road', 'Elmira', 'X6 4VZ', 'NTH', 'Cuba'),
(388, 'Kaitlin', 'Garza', '1967-03-08', 'aliquet.odio@Nunclectus.edu', 'Ap #252-9165 Laoreet Rd.', 'Bentonville', 'J4T 2CE', 'Essex', 'Sudan'),
(389, 'Deirdre', 'Sampson', '1938-12-10', 'in.hendrerit@consequatdolor.edu', 'P.O. Box 264, 8908 Mus. Street', 'Fayetteville', '64311', 'New Mexico', 'Togo'),
(390, 'Keegan', 'Mathews', '1934-06-21', 'dolor.sit.amet@acturpis.com', '494-5060 Eget St.', 'Newark', 'XS3 5ER', 'Newfoundland and Labrador', 'Guadeloupe'),
(391, 'Tashya', 'Clemons', '1945-02-24', 'sodales.nisi.magna@fringillaornareplacerat.ca', 'Ap #245-5390 Risus St.', 'Astoria', 'R1B 4K6', 'IN', 'Egypt'),
(392, 'Lana', 'Austin', '1969-08-17', 'auctor@erategettincidunt.org', 'Ap #646-771 Porttitor Rd.', 'San Bernardino', 'L3T 5J1', 'AGY', 'Nauru'),
(393, 'Erasmus', 'Mcleod', '1924-10-12', 'Cum@Maecenasmifelis.edu', '8515 Feugiat Rd.', 'Cudahy', '95048', 'WGM', 'Tajikistan'),
(394, 'Lani', 'Emerson', '1965-12-19', 'Nulla@egetvarius.com', '213-9703 At, Rd.', 'Thibodaux', '03708', 'Co. Longford', 'Grenada'),
(395, 'Colby', 'Burris', '1997-01-24', 'consectetuer@velest.ca', '867-8556 Integer Street', 'Norwalk', '59662', 'Vermont', 'Saint Pierre and Miquelon'),
(396, 'Stephen', 'Cochran', '1919-06-06', 'interdum@sociis.ca', '6577 Rhoncus. Ave', 'Asbury Park', 'X84 7JK', 'SC', 'Australia'),
(397, 'Nathaniel', 'Mccall', '1944-08-27', 'tempor.arcu.Vestibulum@cursuseteros.org', 'Ap #788-9597 Turpis St.', 'Hampton', '59834', 'Minnesota', 'Libyan Arab Jamahiriya'),
(398, 'Demetria', 'Mayer', '1987-03-30', 'quis.pede@inceptos.org', 'P.O. Box 987, 3324 Nunc St.', 'Peru', 'B2H 6C1', 'Roxburghshire', 'Saudi Arabia'),
(399, 'Henry', 'Anderson', '1949-02-06', 'auctor@indolor.edu', 'P.O. Box 930, 6746 Tristique Rd.', 'Areceibo', 'U54 9VB', 'South Carolina', 'Italy'),
(400, 'Eugenia', 'Mosley', '1946-08-10', 'ligula.Aenean.gravida@elitelitfermentum.ca', 'Ap #251-9799 Vestibulum Avenue', 'Mesa', 'U2U 4Q7', 'KY', 'Libyan Arab Jamahiriya'),
(401, 'Colorado', 'Finley', '1957-08-21', 'eros.Proin.ultrices@ante.org', 'P.O. Box 879, 6080 Nec Avenue', 'Hilo', 'F8Z 4Q3', 'RFW', 'Macedonia'),
(402, 'Iliana', 'Warner', '1946-05-07', 'quis.urna.Nunc@inlobortistellus.ca', '8507 Phasellus St.', 'Hawthorne', 'TM6 9IO', 'YT', 'Marshall Islands'),
(403, 'Tatyana', 'Obrien', '1990-04-08', 'Cum@ornareelit.edu', '2595 Vivamus Road', 'Minneapolis', 'Y3O 7T1', 'CAR', 'Jamaica'),
(404, 'Wang', 'Solomon', '1934-01-07', 'et.netus.et@facilisisvitae.edu', 'P.O. Box 582, 2834 Nulla Av.', 'Bethlehem', '78794', 'PE', 'Tokelau'),
(405, 'Yasir', 'Wells', '1965-03-25', 'mattis@egetipsumDonec.ca', '5224 Urna. Road', 'Duarte', 'N3V 4Z7', 'South Carolina', 'Malawi'),
(406, 'Byron', 'Cleveland', '1920-01-07', 'vulputate.ullamcorper@auctor.edu', '3194 Fermentum St.', 'Kearns', '69821', 'KEN', 'Guatemala'),
(407, 'Reuben', 'Herring', '1929-06-01', 'sed@nequeNullam.org', '741-4894 Nec Rd.', 'Miami Beach', '02662', 'Montana', 'Cayman Islands'),
(408, 'Macaulay', 'Gallegos', '1941-02-23', 'vehicula.aliquet@velpedeblandit.org', '970-6573 Iaculis St.', 'Williamsport', 'N2Y 5M5', 'CAI', 'Netherlands Antilles'),
(409, 'Aaron', 'Pratt', '1936-02-11', 'gravida@Aenean.edu', '217-8832 Curabitur Road', 'Gallup', '09328', 'PE', 'Malawi'),
(410, 'Rhonda', 'Short', '1919-12-09', 'eu@turpisNulla.edu', 'P.O. Box 868, 4587 Et St.', 'McAllen', 'WU1W 6PB', 'WMD', 'USA'),
(411, 'Palmer', 'Elliott', '1924-05-06', 'lacus.varius.et@erat.com', '440-836 Augue St.', 'San Luis Obispo', 'D8V 3Q5', 'Prince Edward Island', 'Qatar'),
(412, 'Justin', 'Barker', '1958-09-03', 'lorem.tristique@MorbimetusVivamus.ca', 'P.O. Box 472, 9837 Vitae Rd.', 'Huntington Park', '35913', 'CAV', 'Zambia'),
(413, 'Adena', 'Mullen', '1990-12-01', 'blandit.at.nisi@Nuncmauriselit.com', 'P.O. Box 737, 1855 Blandit Rd.', 'Cedarburg', 'O6Y 8E8', 'NS', 'Hungary'),
(414, 'Rama', 'David', '1956-02-19', 'varius.orci@miacmattis.edu', 'Ap #693-3381 Donec St.', 'Grand Island', 'MZ0C 9XG', 'SK', 'Syrian Arab Republic'),
(415, 'Louis', 'Spence', '1974-12-13', 'a@ac.ca', 'P.O. Box 155, 8149 Sed, St.', 'Lebanon', 'Z8Q 9YP', 'SHI', 'Cayman Islands'),
(416, 'Felicia', 'Fletcher', '1999-07-14', 'mauris.elit.dictum@duiin.com', '5701 Eleifend. Ave', 'Tucson', 'KJ0J 2RJ', 'Herefordshire', 'Switzerland'),
(417, 'Jorden', 'Larsen', '1916-02-29', 'libero@urna.edu', 'Ap #846-7442 Aenean Av.', 'Cedarburg', '51054', 'CT', 'Bosnia and Herzegovina'),
(418, 'Cheyenne', 'Ferguson', '1955-03-26', 'commodo.auctor.velit@semutcursus.com', 'Ap #265-3487 Amet Rd.', 'DeKalb', 'J7U 9W8', 'Newfoundland and Labrador', 'Guatemala'),
(419, 'Melanie', 'Farrell', '1976-09-04', 'Suspendisse.non@consequat.org', '9040 Augue Ave', 'Hammond', 'P1I 9U1', 'FL', 'El Salvador'),
(420, 'Vanna', 'Castro', '1983-09-08', 'enim.Etiam@ataugue.org', '178-1489 Velit. Road', 'Burlington', 'DG0E 5BZ', 'ND', 'Cyprus'),
(421, 'Velma', 'Rush', '1985-04-12', 'mattis.Cras@eleifendegestas.org', 'P.O. Box 286, 6025 Mi, Rd.', 'Farrell', 'U48 8RK', 'ON', 'Uzbekistan'),
(422, 'Madonna', 'Gill', '1920-03-17', 'laoreet.lectus.quis@Donecfelisorci.ca', 'Ap #152-3341 Egestas St.', 'West Hollywood', 'HG4 7BI', 'Buckinghamshire', 'Faroe Islands'),
(423, 'Dennis', 'Garcia', '1971-12-14', 'Nullam.suscipit.est@pharetra.com', '8363 Sed St.', 'Turlock', 'W6U 2V1', 'GLS', 'Tonga'),
(424, 'Ursula', 'Rosario', '1922-04-09', 'malesuada@orci.ca', 'P.O. Box 993, 5903 Eu Road', 'Wilson', 'XZ34 7MI', 'Northwest Territories', 'Chile'),
(425, 'Joelle', 'Collier', '1938-11-24', 'lorem.sit.amet@nibhQuisque.ca', 'P.O. Box 337, 4262 Purus Road', 'Saint Louis', 'G2G 6Q0', 'YT', 'Seychelles'),
(426, 'Olivia', 'Hunt', '1921-02-21', 'tortor@acfeugiat.com', '957-8993 Fringilla Ave', 'Pomona', '96918', 'PE', 'Turkey'),
(427, 'Felix', 'Kaufman', '1978-12-18', 'sed.sapien.Nunc@necimperdietnec.ca', 'P.O. Box 916, 6355 Ligula. Avenue', 'Phenix City', 'KG2J 8DL', 'Merionethshire', 'Mozambique'),
(428, 'Ryder', 'Reyes', '1940-04-27', 'montes@eratsemperrutrum.com', '111-3334 Feugiat. Road', 'Baltimore', 'P2K 8M2', 'Yukon', 'Aruba'),
(429, 'Ali', 'Moon', '1934-03-05', 'pellentesque.tellus.sem@fringillaestMauris.org', '263-3184 Tellus Avenue', 'Hattiesburg', 'CS9 1DT', 'KS', 'Western Sahara'),
(430, 'Germane', 'Rodgers', '1995-10-29', 'amet@Quisqueimperdiet.org', '945-7618 Orci Road', 'Olean', 'E6F 8O4', 'North Dakota', 'Faroe Islands'),
(431, 'Hyacinth', 'Reed', '1946-12-18', 'vel.turpis@Phaselluselitpede.ca', '9732 Non Road', 'Scarborough', '40867', 'KRS', 'Swaziland'),
(432, 'Kerry', 'Dotson', '1992-02-15', 'mauris.ipsum@Nulladignissim.com', 'P.O. Box 748, 7251 In, St.', 'Johnson City', '24475', 'NE', 'Georgia'),
(433, 'Brenden', 'Hogan', '1986-08-11', 'blandit@risusDuisa.com', '2147 Dui, St.', 'Gardner', '04577', 'SC', 'Sudan'),
(434, 'Marsden', 'Henson', '1988-08-20', 'libero.Proin.mi@ametante.edu', '6863 Ipsum. Av.', 'Centennial', 'J4 6HM', 'TWR', 'Jordan'),
(435, 'Steel', 'Cain', '1936-12-25', 'ac@IncondimentumDonec.com', 'Ap #895-4523 Ac Street', 'Glendora', 'M9T 8J4', 'MT', 'Luxembourg'),
(436, 'Shannon', 'Elliott', '1982-10-13', 'Morbi.neque@metusIn.ca', '596-365 Justo Rd.', 'Hazleton', 'FD8D 8RN', 'WOR', 'Monaco'),
(437, 'Adrian', 'Gibson', '1968-06-24', 'turpis.Nulla.aliquet@bibendum.com', '5675 Ac Ave', 'Ephraim', '23132', 'NB', 'Netherlands Antilles'),
(438, 'Jocelyn', 'Owen', '1969-02-19', 'turpis@nullaCraseu.ca', '628-8361 Nunc Ave', 'Bay City', 'IO3 6YM', 'Nevada', 'Sierra Leone'),
(439, 'Preston', 'Mccall', '1916-06-16', 'Sed@velitPellentesqueultricies.edu', '919-6107 Suspendisse Street', 'South Portland', '41094', 'Oregon', 'Central African Republic'),
(440, 'Ella', 'Stone', '1956-05-07', 'mollis.Phasellus.libero@necmollis.org', 'Ap #366-8597 Aliquam Rd.', 'Waco', 'U91 2CD', 'Nunavut', 'USA'),
(441, 'Emery', 'Hawkins', '1963-04-02', 'Phasellus.at@nonjusto.org', '2095 Justo. St.', 'San Diego', 'S3N 5G6', 'NL', 'Kazakhstan'),
(442, 'Ursula', 'Dotson', '1950-05-05', 'Fusce.fermentum.fermentum@sapienimperdiet.com', 'P.O. Box 658, 9991 Imperdiet Av.', 'Scottsdale', '98514', 'PER', 'Pakistan'),
(443, 'Ifeoma', 'Moore', '1934-01-13', 'vitae@loremutaliquam.org', '5505 Placerat. St.', 'Yakima', 'Z8Z 7S8', 'SK', 'Bhutan'),
(444, 'Cole', 'Monroe', '1915-07-23', 'Donec.consectetuer.mauris@ipsum.ca', 'Ap #723-8457 Sagittis. Ave', 'Lufkin', '54833', 'Alberta', 'French Southern Territories'),
(445, 'Tana', 'Cooke', '1929-05-28', 'Nunc.ut@infelisNulla.org', 'Ap #335-8256 Sed St.', 'El Cerrito', '71525', 'Illinois', 'Pakistan'),
(446, 'Riley', 'Yang', '1919-09-12', 'lobortis.ultrices.Vivamus@malesuada.ca', 'Ap #216-6808 Convallis Rd.', 'Duquesne', 'N3E 2OR', 'Washington', 'Hong Kong'),
(447, 'Paki', 'Mcguire', '1983-10-08', 'Curae;@etcommodo.ca', '5733 Imperdiet Ave', 'Decatur', 'M5T 9V9', 'Newfoundland and Labrador', 'New Zealand'),
(448, 'Karleigh', 'Aguilar', '1997-09-25', 'placerat@arcuVestibulum.ca', '1719 Malesuada St.', 'Saratoga Springs', '09954', 'NS', 'Nauru'),
(449, 'Bell', 'Schultz', '1946-02-19', 'primis.in.faucibus@velitin.ca', '5846 Tincidunt Street', 'Laughlin', 'Q9 3JY', 'WA', 'Russian Federation'),
(450, 'Nell', 'Manning', '1938-03-08', 'auctor.non.feugiat@vitaerisus.edu', 'Ap #224-7338 Placerat St.', 'Aguadilla', 'M2U 2D1', 'FL', 'Korea'),
(451, 'Camille', 'Patton', '1925-12-18', 'ac@aliquamenimnec.com', '6183 Amet Rd.', 'Clemson', 'EA6R 2MV', 'Hawaii', 'Faroe Islands'),
(452, 'Clementine', 'Henry', '1930-07-11', 'Nunc.ac@gravidaPraesent.org', 'P.O. Box 562, 2998 Elementum Rd.', 'Pembroke Pines', 'A8F 7O4', 'Georgia', 'Uruguay'),
(453, 'Cameron', 'Chan', '1992-06-12', 'vestibulum@sempercursus.edu', 'P.O. Box 371, 7557 Metus Ave', 'Passaic', 'JU4 2ZE', 'Colorado', 'Iceland'),
(454, 'Zahir', 'Spencer', '1998-09-02', 'luctus.ipsum@Nam.ca', 'Ap #801-4311 Erat. Street', 'Seal Beach', 'K9M 2L7', 'Pennsylvania', 'Barbados'),
(455, 'Meredith', 'Compton', '1993-05-08', 'vulputate@facilisiSedneque.org', 'Ap #210-4937 Nunc Avenue', 'Kankakee', 'Z6S 9D9', 'Saskatchewan', 'Croatia'),
(456, 'John', 'Bowers', '1924-02-24', 'parturient.montes.nascetur@Phasellus.com', '402-6429 Eleifend Avenue', 'Jacksonville', 'Z2B 6W0', 'QC', 'Mongolia'),
(457, 'Jarrod', 'Griffin', '1981-10-29', 'mattis@Suspendisse.org', 'P.O. Box 683, 4921 Ultricies St.', 'Indio', '23834', 'TN', 'Tunisia'),
(458, 'Emerald', 'Burnett', '1931-12-15', 'tellus.id@Vestibulumut.com', 'P.O. Box 465, 5164 Erat Street', 'Bowie', '53977', 'ELN', 'Guyana'),
(459, 'Hedda', 'Martin', '1958-05-09', 'nisl@aliquetodioEtiam.com', '9073 Congue Road', 'Oshkosh', 'E9J 2K7', 'MB', 'China'),
(460, 'Bertha', 'Richard', '1932-06-14', 'nec@eu.edu', 'Ap #269-4234 Gravida St.', 'Idabel', 'F4G 1U4', 'MD', 'Jordan'),
(461, 'Laurel', 'Mccray', '1947-12-31', 'et.lacinia@sedsapien.org', 'Ap #980-8705 Semper Street', 'Taylorsville', 'Z5M 4T5', 'Nairn', 'Brazil'),
(462, 'Myles', 'Witt', '1965-07-09', 'In.faucibus.Morbi@orcilobortis.ca', '8060 Non Ave', 'Ithaca', '31926', 'Ontario', 'Kenya'),
(463, 'Emerson', 'Schmidt', '1970-10-23', 'pellentesque.a.facilisis@auctorvitae.edu', 'P.O. Box 694, 863 Ipsum Rd.', 'Truth or Consequences', '32563', 'Maine', 'Haiti'),
(464, 'Wynne', 'Arnold', '1972-02-26', 'luctus.lobortis.Class@ipsumportaelit.org', '1408 Aliquam Av.', 'Fort Wayne', '38222', 'OR', 'Egypt'),
(465, 'Emily', 'Coleman', '1962-02-18', 'dis@facilisi.org', '181-4117 Eget St.', 'Champaign', 'LW3V 7OC', 'Sark', 'Namibia'),
(466, 'Justina', 'Simmons', '1918-06-13', 'velit.in.aliquet@Vivamusnibh.ca', '3940 Scelerisque Road', 'Keene', 'I9Z 2GV', 'Texas', 'Netherlands Antilles'),
(467, 'Bevis', 'Garza', '1921-01-23', 'Donec@convallis.com', 'P.O. Box 768, 3332 Nisi Avenue', 'Concord', '56146', 'Prince Edward Island', 'Guadeloupe'),
(468, 'Ebony', 'Bradshaw', '1974-01-30', 'Nam.porttitor.scelerisque@euligula.ca', '371-2166 Magna Street', 'Mandan', 'S1 3HV', 'QC', 'Antigua and Barbuda'),
(469, 'Ifeoma', 'Henry', '1992-01-25', 'lacinia.orci@Vivamusnisi.edu', 'P.O. Box 575, 8194 Ac Rd.', 'Hollywood', 'X8O 6B8', 'Saskatchewan', 'Honduras'),
(470, 'Cameran', 'Dickson', '1997-01-13', 'ipsum.cursus.vestibulum@Cumsociis.edu', '5882 Adipiscing Rd.', 'Peru', 'CJ4 0FZ', 'New Brunswick', 'Mexico'),
(471, 'Clare', 'Johnson', '1991-12-07', 'Vivamus.euismod.urna@ligulatortordictum.ca', '3594 Lacus. Street', 'Troy', '55368', 'ROX', 'Turkey'),
(472, 'Kellie', 'Rich', '1968-08-20', 'erat@Donectempuslorem.edu', '2496 Sed Road', 'Radford', 'C1F 1Q7', 'NY', 'Gibraltar'),
(473, 'Abbot', 'Kim', '1933-02-26', 'sagittis@sed.org', 'Ap #598-4816 Ultrices St.', 'Mequon', 'R1H 7F3', 'SC', 'Brunei Darussalam'),
(474, 'Murphy', 'Alston', '1923-09-01', 'nec@amet.com', 'Ap #804-254 Auctor Street', 'Diamond Bar', 'A42 0TZ', 'AL', 'Marshall Islands'),
(475, 'Murphy', 'Shepherd', '1940-01-27', 'Nunc@Integerinmagna.ca', 'Ap #959-5488 Et Av.', 'Janesville', '65817', 'CAV', 'Romania'),
(476, 'Breanna', 'Baxter', '1938-04-29', 'eu@sitametdapibus.com', '559-7986 Et, Avenue', 'Boston', 'N4D 2ZX', 'Prince Edward Island', 'Nicaragua'),
(477, 'Dennis', 'Wise', '1976-06-03', 'auctor.non.feugiat@blandit.edu', 'P.O. Box 732, 5134 Ligula. St.', 'Monrovia', 'B8D 4YI', 'WV', 'Mexico'),
(478, 'Coby', 'Haley', '1919-09-04', 'felis.Nulla.tempor@mauris.com', 'P.O. Box 762, 4135 Ridiculus Road', 'Vermillion', '48029', 'MB', 'Saint Vincent and The Grenadines'),
(479, 'Xantha', 'Townsend', '1949-06-15', 'augue@Praesent.com', '985 Sollicitudin Street', 'North Pole', '09003', 'AB', 'Macedonia'),
(480, 'Yardley', 'Daniels', '1949-11-14', 'tincidunt.Donec.vitae@hendrerit.edu', 'P.O. Box 760, 2790 Auctor Av.', 'Manhattan Beach', 'EP1 2OG', 'AK', 'Kuwait'),
(481, 'Elijah', 'Hendricks', '1982-09-14', 'nibh.enim@elit.org', 'P.O. Box 585, 4799 Lectus. Street', 'Sandpoint', 'J2E 9J4', 'ON', 'China'),
(482, 'Stephanie', 'Larsen', '1951-10-07', 'Duis@orcilacusvestibulum.com', 'P.O. Box 457, 4374 Elementum Road', 'Moraga', 'K8P 6B5', 'London', 'Bermuda'),
(483, 'Keelie', 'Copeland', '1949-07-07', 'augue.scelerisque.mollis@pellentesqueeget.edu', 'P.O. Box 455, 6696 Tincidunt Rd.', 'Milwaukee', 'L1Q 3Q2', 'ND', 'Palestinian Territory, Occupied'),
(484, 'Alan', 'Barnes', '1992-03-01', 'fermentum@aptent.org', 'Ap #894-4556 Ad Street', 'Alameda', 'V8L 9L7', 'WI', 'Lesotho'),
(485, 'Taylor', 'Mccarthy', '1935-08-22', 'Nunc.sollicitudin@vitaeeratvel.ca', 'P.O. Box 398, 9340 Mollis. Street', 'Boise', '67742', 'District of Columbia', 'Guam'),
(486, 'Britanni', 'Russell', '1989-05-14', 'pede.ac.urna@viverraMaecenas.ca', '2335 Odio. St.', 'Irwindale', 'J2 3HW', 'HEF', 'UK'),
(487, 'Quamar', 'Mccormick', '1924-11-30', 'Donec.fringilla.Donec@etmagnisdis.ca', '742-2130 Velit St.', 'Johnstown', 'WT9 2ZI', 'Saskatchewan', 'Hungary'),
(488, 'Eaton', 'Dodson', '1993-07-09', 'ultrices@tincidunt.org', '788-5975 Tincidunt. Street', 'Athens', 'R4W 4K0', 'ESS', 'Aruba'),
(489, 'Isadora', 'Tanner', '1996-09-19', 'auctor@lorem.ca', 'Ap #639-1142 Nullam Av.', 'Ephraim', 'G2V 6C2', 'Alabama', 'Tokelau'),
(490, 'Joseph', 'Wolfe', '1949-05-16', 'Nam.porttitor@vestibulum.com', '2971 Gravida Av.', 'Fort Worth', 'P5O 8UJ', 'SK', 'South Africa'),
(491, 'Farrah', 'Coffey', '1945-07-07', 'fermentum.risus.at@Nunc.edu', 'Ap #991-8688 Sagittis St.', 'Jacksonville', 'U7T 4F5', 'NU', 'Liechtenstein'),
(492, 'Rebecca', 'Weeks', '1929-04-26', 'auctor.vitae.aliquet@malesuadavel.edu', 'Ap #801-4690 Morbi Av.', 'New Bedford', '88655', 'QC', 'Marshall Islands'),
(493, 'Paki', 'Hunt', '1972-12-12', 'Etiam@Duisvolutpat.org', 'Ap #811-3272 Aliquam Rd.', 'El Segundo', '82670', 'RI', 'USA'),
(494, 'Wynne', 'Alston', '1938-02-19', 'lobortis@sempercursus.edu', 'Ap #970-4480 Lectus Avenue', 'Hawthorne', '63555', 'NB', 'Saint Lucia'),
(495, 'Wing', 'Pate', '1980-03-20', 'Aliquam@Sedidrisus.org', '866 Nulla Road', 'Evansville', 'S9U 5P1', 'ID', 'Argentina'),
(496, 'Isadora', 'Simpson', '1983-05-08', 'neque.vitae.semper@iderat.com', '4673 Ornare. Street', 'New Albany', 'XK56 3KC', 'BEW', 'Jamaica'),
(497, 'Colby', 'Leblanc', '1954-01-31', 'orci.Phasellus.dapibus@orci.org', '6221 Nullam Rd.', 'Miami', 'J8D 7M7', 'SK', 'Mauritania'),
(498, 'Genevieve', 'Mckay', '1987-10-13', 'malesuada.malesuada.Integer@Integer.org', 'P.O. Box 809, 7773 Amet, St.', 'Brooklyn Park', 'L6S 3TL', 'Nova Scotia', 'Fiji'),
(499, 'Mona', 'Mckenzie', '1942-04-03', 'arcu.Nunc@vitaemauris.com', '6461 Amet Av.', 'Auburn', 'EB7 6RL', 'Suffolk', 'El Salvador'),
(500, 'Yen', 'Kidd', '1937-04-01', 'fermentum.metus@nec.ca', '259-2006 Velit Road', 'Council Bluffs', 'W3K 9Z0', 'RI', 'Qatar'),
(501, 'Connor', 'Davidson', '1983-06-03', 'Nam.ac.nulla@MorbimetusVivamus.ca', 'Ap #402-6460 Vel, Street', 'Peru', '57671', 'Prince Edward Island', 'USA'),
(502, 'Uriel', 'Cline', '1984-04-04', 'nec@lectussit.ca', 'Ap #223-5539 Nunc Street', 'Corinth', 'X1B 4T7', 'YT', 'USA'),
(503, 'Omar', 'Luna', '1940-09-10', 'Curabitur@ridiculusmusProin.com', '916-8749 Suspendisse St.', 'Nichols Hills', 'C6Z 1R3', 'Massachusetts', 'USA'),
(504, 'Jocelyn', 'Clay', '1998-03-23', 'eget.metus.eu@nisisem.ca', '902-7185 Ullamcorper, St.', 'Grand Rapids', 'UV44 7OD', 'NT', 'Cameroon'),
(505, 'Leandra', 'Mcintyre', '1956-02-03', 'elit@Nuncullamcorper.com', 'Ap #875-2952 A, Road', 'Irvine', 'T1X 2M6', 'DBY', 'Lesotho'),
(506, 'Melodie', 'Mendoza', '1929-05-01', 'ad@nasceturridiculusmus.ca', '139-8330 Montes, St.', 'Clemson', 'K4A 4H2', 'KKD', 'Guyana'),
(507, 'Natalie', 'Carey', '1959-10-11', 'auctor@massa.com', '9962 Et, St.', 'Lufkin', '62006', 'Nova Scotia', 'Sri Lanka'),
(508, 'Paki', 'Marks', '1985-07-24', 'odio.Aliquam@vel.edu', '841-7138 Magna. Av.', 'Olympia', '16589', 'YT', 'Seychelles'),
(509, 'Joy', 'Gonzales', '1976-03-11', 'amet.diam@nonegestasa.com', 'Ap #755-5866 Sodales. Ave', 'Weymouth', 'Q3A 8Z5', 'Yukon', 'Canada'),
(510, 'Skyler', 'Simon', '1948-05-22', 'euismod.mauris@accumsanlaoreet.edu', '383-7609 Pretium Street', 'Aliso Viejo', '51381', 'Sark', 'Ghana'),
(511, 'Nora', 'Kaufman', '1952-02-10', 'et.rutrum@vitaealiquam.ca', '3870 Imperdiet, St.', 'Fontana', '02577', 'Minnesota', 'Belize'),
(512, 'Colby', 'May', '1926-11-27', 'rutrum.justo@arcu.edu', 'P.O. Box 691, 1595 Ultrices. Road', 'Dover', 'NT2 5ZV', 'New Hampshire', 'Swaziland'),
(513, 'Duncan', 'Stout', '1995-10-21', 'ac@justosit.edu', 'P.O. Box 787, 8355 Libero. Rd.', 'Orlando', 'G5P 1R2', 'Nova Scotia', 'Palau'),
(514, 'TaShya', 'Woods', '1980-03-11', 'nunc.interdum.feugiat@nonummy.edu', 'Ap #369-9553 Etiam Avenue', 'Grand Rapids', 'G2 8SV', 'STS', 'Virgin Islands, U.S.'),
(515, 'Nissim', 'Petty', '1939-12-02', 'dictum.magna@leoinlobortis.com', 'Ap #473-3618 Dolor. Road', 'Brigham City', 'L8Y 7B7', 'Mississippi', 'Lithuania'),
(516, 'Aubrey', 'Newton', '1950-05-26', 'mi@fermentum.org', '394-6949 Sem St.', 'Pass Christian', '39229', 'New Brunswick', 'Bahrain'),
(517, 'Shay', 'Trujillo', '1962-06-06', 'mattis.ornare@sodaleselit.org', 'P.O. Box 824, 7716 Mollis Rd.', 'Livonia', 'E8 2PV', 'Michigan', 'French Southern Territories'),
(518, 'Roanna', 'Burt', '1985-11-17', 'metus.Aenean@pharetra.org', '538-3655 Tellus Ave', 'Maywood', 'B4P 3G8', 'Utah', 'Czech Republic'),
(519, 'Rahim', 'Britt', '1929-04-16', 'consequat@rhoncusDonec.ca', 'Ap #284-5916 Nulla. Street', 'Amesbury', 'I7E 7H4', 'Utah', 'Haiti'),
(520, 'Melissa', 'Barker', '1922-08-21', 'metus@eu.com', 'Ap #146-5219 Convallis Avenue', 'Twin Falls', 'MT8 1YP', 'NL', 'Israel'),
(521, 'Hayley', 'James', '1982-09-18', 'quis@sedsem.org', '701-8181 Mus. St.', 'Garden Grove', '97175', 'Sark', 'Mauritius'),
(522, 'Emi', 'Keith', '1923-07-28', 'commodo.auctor.velit@ultricesiaculisodio.edu', 'Ap #342-638 Magna. Avenue', 'Thiensville', '21518', 'Nevada', 'Mongolia'),
(523, 'Eagan', 'Gutierrez', '1986-03-25', 'non@maurisrhoncusid.com', '467-1738 Mi Street', 'Abilene', 'X6C 1T6', 'New York', 'Mayotte'),
(524, 'Lyle', 'Gregory', '1934-01-19', 'Fusce.feugiat.Lorem@Nunclaoreet.ca', 'Ap #888-867 Suspendisse Ave', 'Beloit', 'T3Z 4J0', 'Nevada', 'Canada'),
(525, 'Gay', 'Duke', '1960-01-13', 'orci.Ut.semper@Proin.edu', '2291 Enim. Rd.', 'Enid', 'J8J 1B3', 'NT', 'Venezuela'),
(526, 'Guinevere', 'Whitfield', '1993-11-12', 'quis@consequat.com', 'Ap #864-2715 Gravida Rd.', 'Lubbock', 'G3 8BT', 'BC', 'Vanuatu'),
(527, 'Francis', 'Frye', '1945-04-09', 'est.Nunc.ullamcorper@sed.com', '8239 Sed Avenue', 'Natchitoches', '89742', 'Massachusetts', 'Rwanda'),
(528, 'Vincent', 'Kaufman', '1932-12-11', 'ipsum.Curabitur.consequat@risusDonecegestas.ca', '9294 Natoque Road', 'Tamuning', '74233', 'Alabama', 'Belgium'),
(529, 'Echo', 'Dawson', '1966-01-12', 'rutrum@Cras.ca', '8904 Netus Road', 'Sugar Land', '71558', 'Quebec', 'Madagascar'),
(530, 'Len', 'Ayala', '1981-04-22', 'lectus@mauris.org', '227-7871 Odio Ave', 'New Bedford', '43425', 'Argyllshire', 'Palestinian Territory, Occupied'),
(531, 'Xenos', 'Guzman', '1981-07-26', 'malesuada@gravidamolestie.edu', '543 Morbi St.', 'Santa Ana', 'P8G 3I5', 'Michigan', 'Belarus'),
(532, 'Andrew', 'Brown', '1941-05-20', 'vestibulum.massa.rutrum@miAliquam.org', '5941 Vulputate, Rd.', 'Montgomery', 'JZ89 8BG', 'ON', 'Bulgaria'),
(533, 'Holmes', 'Delgado', '1950-06-14', 'at@Nulla.ca', '4714 Aliquam Av.', 'New Albany', 'J1L 4X4', 'Yukon', 'French Guiana'),
(534, 'Constance', 'Clarke', '1962-07-30', 'faucibus.id@Donecconsectetuer.edu', 'P.O. Box 442, 6448 Cras Av.', 'Allentown', 'M9Q 6I0', 'Prince Edward Island', 'Ukraine'),
(535, 'Kay', 'Harrison', '1970-03-19', 'aliquet@venenatisamagna.edu', 'Ap #381-763 Sed Avenue', 'Tulsa', 'T2O 6V1', 'Saskatchewan', 'Malta'),
(536, 'Cora', 'Woodard', '1924-06-08', 'diam@Phasellus.com', '8458 Ac Av.', 'Huntsville', '31903', 'PEE', 'Guinea'),
(537, 'Brittany', 'Keith', '1979-02-15', 'vel.lectus@semegetmassa.org', 'Ap #800-4705 Magnis Rd.', 'Hopkinsville', 'U9F 2C2', 'Tayside', 'South Africa'),
(538, 'Scarlet', 'Valenzuela', '1937-10-03', 'pede.Cum.sociis@augueeu.edu', '366-8852 Nunc Road', 'Cedar City', 'V1C 7H1', 'Nova Scotia', 'Saint Vincent and The Grenadines'),
(539, 'Renee', 'Velez', '1965-10-21', 'urna.Nunc@tinciduntnuncac.edu', '8700 Suspendisse Avenue', 'Gardena', '48039', 'OR', 'Gambia'),
(540, 'Adrian', 'Wagner', '1953-03-11', 'odio.Etiam@urnaNullamlobortis.com', '543-7363 Tempor Street', 'Eau Claire', 'P33 0GK', 'Inverness-shire', 'Brunei Darussalam'),
(541, 'Kaitlin', 'Pacheco', '1943-05-28', 'vel@tincidunt.edu', 'Ap #747-5960 Hendrerit Street', 'Bradford', '30474', 'Alberta', 'New Caledonia'),
(542, 'Brock', 'Morrison', '1925-10-05', 'lacinia.at.iaculis@accumsanneque.edu', '961-1384 Lorem Av.', 'Starkville', '91531', 'MB', 'Ireland'),
(543, 'Nevada', 'Mcfadden', '1945-04-25', 'tellus@ipsum.com', 'Ap #148-5711 Sapien, Ave', 'Sandy', '66468', 'WYK', 'Guadeloupe'),
(544, 'Zelenia', 'Rowland', '1992-07-25', 'nisl.Nulla.eu@loremDonec.org', '2212 Libero. Rd.', 'Highland Park', 'Y4H 6A9', 'ON', 'Senegal'),
(545, 'Hannah', 'Lawson', '1939-06-30', 'Vivamus@et.edu', 'Ap #411-4083 Dignissim Ave', 'Monroe', '18741', 'Co. Kerry', 'USA'),
(546, 'Maris', 'Matthews', '1923-07-23', 'Etiam.vestibulum@at.com', '221-3060 Dolor Rd.', 'Atlanta', '60478', 'MB', 'Saint Pierre and Miquelon'),
(547, 'Thane', 'Melton', '1995-09-26', 'luctus.Curabitur@amet.org', '7041 Morbi Rd.', 'Clemson', '44310', 'Ontario', 'Maldives'),
(548, 'Merritt', 'Downs', '1932-10-03', 'lectus.quis@consequat.ca', '2796 Lacinia Road', 'Ponce', 'K7R 3E1', 'Newfoundland and Labrador', 'United Arab Emirates'),
(549, 'Adria', 'Gordon', '1985-09-06', 'parturient.montes@sitamet.edu', 'P.O. Box 516, 7737 Dolor. Road', 'Vacaville', 'LZ81 6DI', 'OK', 'Seychelles'),
(550, 'Martha', 'Waters', '1971-08-14', 'ullamcorper@consequatauctor.edu', 'Ap #778-9725 Vel Rd.', 'Garland', '81672', 'Illinois', 'Comoros'),
(551, 'Xerxes', 'Valencia', '1917-11-28', 'aliquet.metus.urna@AeneanmassaInteger.org', '2342 Est Av.', 'Hoover', '38606', 'AGY', 'Bhutan'),
(552, 'Quinlan', 'Simon', '1998-06-04', 'ut@accumsaninterdumlibero.ca', 'P.O. Box 255, 3576 Arcu. Av.', 'Woburn', 'J6 5TM', 'Minnesota', 'New Zealand'),
(553, 'Melanie', 'Marshall', '1952-07-01', 'Mauris.vestibulum.neque@Pellentesqueut.com', '700-6815 Et Av.', 'La Crosse', 'L9P 8P1', 'KY', 'Netherlands'),
(554, 'Fatima', 'Mcfadden', '1940-08-03', 'Integer@quis.com', 'Ap #969-4777 Ipsum St.', 'Columbia', '06392', 'NU', 'USA'),
(555, 'Camille', 'Buckley', '1948-06-24', 'scelerisque.lorem@euismodestarcu.com', 'Ap #265-5328 Erat Road', 'Chickasha', 'J8Y 4M3', 'WIL', 'American Samoa'),
(556, 'Igor', 'Hatfield', '1951-06-12', 'dictum@duiCumsociis.edu', '949-6410 Fringilla Avenue', 'La Jolla', '64144', 'Hawaii', 'South Africa'),
(557, 'John', 'House', '1962-10-05', 'Curabitur.massa.Vestibulum@Curabitursedtortor.com', 'Ap #271-6469 Lorem Rd.', 'White Plains', 'L6C 1C2', 'NC', 'Indonesia'),
(558, 'Kaitlin', 'Riggs', '1925-03-29', 'nunc.ullamcorper.eu@nuncIn.ca', '332-9520 Proin Street', 'Ogden', '71332', 'NS', 'Cambodia'),
(559, 'Tobias', 'Burris', '1951-11-27', 'Phasellus.dolor@sodalesnisimagna.com', 'P.O. Box 196, 5455 Purus Street', 'Norfolk', 'H2K 0LT', 'Alabama', 'Kiribati'),
(560, 'Chaim', 'Barlow', '1949-03-31', 'arcu.Morbi@mollisdui.edu', 'Ap #411-3453 Malesuada St.', 'San Rafael', '13247', 'OK', 'USA'),
(561, 'Oleg', 'Middleton', '1979-10-17', 'luctus@tempusnon.edu', '397-5999 Per Road', 'Beverly', '85909', 'NS', 'Uruguay'),
(562, 'Adrian', 'Barnett', '1972-06-15', 'Donec.vitae.erat@amalesuada.org', '5969 Parturient Rd.', 'Billings', '63662', 'OK', 'Colombia'),
(563, 'Ava', 'Cantrell', '1997-01-13', 'Nulla.eget@Sed.ca', '5300 Et St.', 'Marquette', 'D5P 0GX', 'Louisiana', 'Barbados'),
(564, 'Ayanna', 'Riley', '1958-07-29', 'Mauris@luctusaliquetodio.edu', '9525 Senectus Street', 'Lynwood', 'BH81 8LG', 'Newfoundland and Labrador', 'Sri Lanka'),
(565, 'Madison', 'Hansen', '1929-04-14', 'turpis.Nulla.aliquet@iaculisodio.com', '771-2825 Nunc Street', 'Galveston', 'U3J 6N1', 'DC', 'USA'),
(566, 'Jason', 'Preston', '1968-10-09', 'et.malesuada.fames@Proinvel.org', '358 Suspendisse Rd.', 'Albuquerque', 'I9J 2H7', 'QC', 'Bouvet Island'),
(567, 'Emi', 'Cooper', '1935-01-04', 'Sed.nec@IntegerurnaVivamus.org', 'P.O. Box 406, 3543 Ac Ave', 'Beaumont', 'T6S 7BV', 'QC', 'Slovenia'),
(568, 'Portia', 'Hardy', '1931-04-16', 'pharetra@sitametmetus.ca', 'Ap #915-6188 Auctor. Rd.', 'Slidell', '26483', 'Oregon', 'Guatemala'),
(569, 'Claudia', 'Cash', '1958-07-27', 'a@faucibusMorbi.ca', '5704 Ac, St.', 'Nome', 'G17 9JI', 'LEX', 'China'),
(570, 'Katell', 'Lloyd', '1983-11-15', 'ipsum@ProinvelitSed.org', 'Ap #646-8191 Egestas Ave', 'Kalispell', 'T67 9JQ', 'MT', 'Brunei Darussalam'),
(571, 'Cassidy', 'Mcintosh', '1987-12-06', 'neque.Morbi@dignissimMaecenasornare.com', 'Ap #905-6870 Fermentum St.', 'East Rutherford', 'L2X 1W8', 'CGN', 'Angola'),
(572, 'Igor', 'Mooney', '1920-12-22', 'a@sem.ca', 'P.O. Box 768, 9545 Nec Street', 'Westlake Village', 'R5Q 8L7', 'IN', 'Belgium'),
(573, 'Renee', 'Pierce', '1967-01-17', 'risus.varius@enimEtiamgravida.org', '219-4499 Pharetra, Road', 'Cary', 'O2 0DY', 'RI', 'Costa Rica'),
(574, 'Arden', 'Logan', '1929-02-24', 'neque@ornare.com', 'P.O. Box 110, 7131 Phasellus Road', 'Iowa City', 'O3O 2N6', 'Co. Sligo', 'Svalbard and Jan Mayen'),
(575, 'Amber', 'Shaffer', '1932-05-04', 'mauris.sapien.cursus@Sed.ca', 'P.O. Box 345, 830 Lacus. St.', 'Baldwin Park', 'FD0L 7EY', 'Northwest Territories', 'Spain'),
(576, 'Francesca', 'Clarke', '1998-06-06', 'mollis.Duis@semmollisdui.edu', 'P.O. Box 684, 128 Non Ave', 'Canton', '68163', 'QC', 'Kiribati'),
(577, 'Cassady', 'Deleon', '1935-08-06', 'purus@feugiatnon.org', 'Ap #802-4756 Est, Ave', 'San Juan Capistrano', 'Y1L 5AP', 'NL', 'Georgia'),
(578, 'Murphy', 'Reeves', '1956-10-07', 'dolor.dapibus@auctor.com', 'Ap #760-4667 Laoreet Ave', 'Everett', 'S7E 8D7', 'Wyoming', 'Portugal'),
(579, 'Emerald', 'Cochran', '1929-05-07', 'libero.mauris@ipsumDonecsollicitudin.edu', 'P.O. Box 453, 1586 Lacus Rd.', 'Seward', 'AC1S 2ZV', 'Ohio', 'United Arab Emirates'),
(580, 'Hillary', 'Duran', '1936-11-03', 'Quisque@erat.edu', '5083 Cras Rd.', 'Springfield', 'S4J 8M0', 'Nova Scotia', 'Iceland'),
(581, 'Carly', 'Bentley', '1958-11-28', 'arcu.Vestibulum@a.com', '143-7170 Non, Street', 'El Segundo', 'EW2 5GC', 'KY', 'Panama'),
(582, 'Iris', 'Dodson', '1979-06-01', 'mi.lorem.vehicula@vehiculaaliquet.ca', '361-2880 Quam, Av.', 'Lowell', 'B5 7YW', 'DE', 'Pitcairn'),
(583, 'Josephine', 'Nelson', '1935-08-31', 'porttitor.vulputate@Duissitamet.com', '573-4457 Ornare Rd.', 'Radford', '28233', 'Co. Down', 'United Arab Emirates'),
(584, 'Gil', 'Hensley', '1956-10-30', 'et.netus@Quisque.ca', 'P.O. Box 518, 9190 Morbi Street', 'Layton', 'FV0M 6JU', 'DOW', 'Costa Rica'),
(585, 'Ian', 'Schwartz', '1989-12-03', 'sed.facilisis@VivamusrhoncusDonec.edu', '716-1481 Accumsan Ave', 'Elmira', 'Q4Y 7W5', 'Ontario', 'Central African Republic'),
(586, 'Gavin', 'Dixon', '1965-09-12', 'est.congue@etmagnisdis.ca', '313-925 Cursus Ave', 'Yigo', 'E5Z 5LR', 'DE', 'Lebanon'),
(587, 'Cassidy', 'Webster', '1999-10-17', 'Cras.sed.leo@interdumlibero.com', '9232 Nulla Av.', 'Charleston', 'D5J 3Z3', 'FLN', 'Antigua and Barbuda'),
(588, 'Timothy', 'Cote', '1918-01-10', 'aliquam.arcu@at.com', '8931 Nibh Road', 'Commerce', '36841', 'Co. Laois', 'American Samoa'),
(589, 'Vladimir', 'Frazier', '1939-04-13', 'neque.tellus@quis.com', '7982 Amet Av.', 'Little Rock', 'K31 2SW', 'DE', 'Peru'),
(590, 'Melanie', 'Emerson', '1972-11-07', 'lobortis.tellus.justo@Suspendissealiquet.org', 'P.O. Box 189, 5879 Mi Av.', 'Vicksburg', 'D5M 5Q6', 'INV', 'Pitcairn'),
(591, 'Mariam', 'Callahan', '1965-08-02', 'ipsum.nunc@auctorvitaealiquet.com', '798-6441 Elit. Rd.', 'Hialeah', 'H4R 7XE', 'WGM', 'Cyprus'),
(592, 'Donovan', 'Cote', '1998-05-12', 'justo.faucibus.lectus@tortordictum.com', 'P.O. Box 196, 5513 Nunc Street', 'Alpharetta', '33289', 'PE', 'Norfolk Island'),
(593, 'Hyacinth', 'Rogers', '1929-01-03', 'Nunc.commodo.auctor@nullavulputatedui.edu', '202-7931 Tempor Rd.', 'Moreno Valley', 'P92 9HM', 'SC', 'Armenia'),
(594, 'Avram', 'Levine', '1966-11-28', 'nunc.sit@leoelementum.ca', '725-5940 Consequat Street', 'McAllen', 'T8U 7C7', 'California', 'USA'),
(595, 'Xena', 'Russo', '1953-11-12', 'mi.lorem.vehicula@eget.ca', 'P.O. Box 696, 546 Magna. Rd.', 'Salinas', 'G43 0FC', 'ME', 'Nauru'),
(596, 'Cally', 'Mathews', '1994-12-26', 'eu.euismod@enimnon.edu', 'Ap #843-997 Ligula. St.', 'Forrest City', '54198', 'MB', 'Pakistan'),
(597, 'Hanae', 'Walters', '1916-01-22', 'molestie@Duisvolutpat.com', 'Ap #255-9607 A, Avenue', 'Grand Island', 'Q8X 2I0', 'GTM', 'American Samoa'),
(598, 'Sydnee', 'Cooper', '1950-02-02', 'mi.eleifend@acmattis.com', '380-1250 Urna. Road', 'Laconia', 'M31 3GI', 'UT', 'French Polynesia'),
(599, 'Herman', 'Shields', '1931-05-07', 'magna@arcu.edu', '613-6428 Eu Road', 'Rochester', 'A2O 4G9', 'WAR', 'USA'),
(600, 'Chiquita', 'Salinas', '1960-11-25', 'erat.semper@non.com', '421-4803 Ullamcorper. St.', 'Aguadilla', 'S1G 8R6', 'CO', 'Macedonia'),
(601, 'Lionel', 'Oneill', '1992-04-08', 'Cras.sed.leo@vulputate.com', '103-4660 Odio, St.', 'Salt Lake City', 'U7E 8ZA', 'Nunavut', 'Tanzania, United Republic of'),
(602, 'Keane', 'Salazar', '1971-09-27', 'Nulla.facilisi@eteuismod.edu', 'P.O. Box 369, 7350 Morbi Street', 'Davenport', 'SF24 3EJ', 'PE', 'Canada'),
(603, 'Levi', 'Rowe', '1918-09-12', 'ut.nisi.a@est.ca', '526-733 Quis Ave', 'Aguadilla', '53088', 'YT', 'Mozambique'),
(604, 'Serena', 'Mcdaniel', '1967-09-01', 'enim.diam.vel@faucibusorci.org', '692-9849 Tincidunt, St.', 'Roanoke', 'T8W 3F9', 'FL', 'USA'),
(605, 'Joy', 'Hess', '1955-12-19', 'Aenean@quis.com', '1330 Semper St.', 'Morrison', 'I7E 1M0', 'KKD', 'Ukraine'),
(606, 'Jonas', 'Harris', '1975-05-04', 'Aliquam@urnajustofaucibus.edu', 'Ap #901-1194 Ipsum St.', 'Joliet', '91062', 'British Columbia', 'Moldova'),
(607, 'Lara', 'Mccormick', '1944-06-13', 'senectus.et@erategetipsum.edu', 'P.O. Box 796, 1714 Et St.', 'Pembroke Pines', 'D7Z 1U0', 'North Dakota', 'Northern Mariana Islands'),
(608, 'Neil', 'Fitzgerald', '1919-09-05', 'mauris@arcuMorbisit.com', 'P.O. Box 744, 4967 Eget Road', 'Sedalia', 'M2H 2D4', 'BAN', 'Wallis and Futuna'),
(609, 'Nita', 'Bullock', '1987-09-08', 'interdum.libero.dui@pharetrased.ca', '106-2797 Aenean Street', 'Beckley', 'Y7P 1Z7', 'Guernsey', 'Macedonia'),
(610, 'Daniel', 'Morrison', '1999-07-03', 'ac@Vestibulum.org', '559-3841 Pharetra St.', 'Guthrie', 'WW35 4MN', 'MI', 'Saint Lucia'),
(611, 'Whitney', 'White', '1984-01-09', 'Nunc.mauris@arcu.com', '435-5277 A, St.', 'Santa Fe Springs', 'G6E 6D6', 'South Dakota', 'Algeria'),
(612, 'Kendall', 'Pena', '1987-05-08', 'ac.tellus.Suspendisse@Suspendisse.ca', '8512 Iaculis, Rd.', 'Wisconsin Rapids', 'U96 0NW', 'ME', 'Trinidad and Tobago'),
(613, 'Chiquita', 'Odonnell', '1917-01-29', 'posuere.cubilia.Curae;@commodotincidunt.edu', 'P.O. Box 414, 5781 Sit St.', 'Taylorsville', 'C53 0GK', 'Denbighshire', 'American Samoa'),
(614, 'Medge', 'Howard', '1990-11-07', 'Nullam@leoVivamus.org', '333-2313 Amet St.', 'Nampa', 'U4F 4T2', 'ROC', 'Canada'),
(615, 'Knox', 'Harmon', '1985-10-17', 'sed.tortor.Integer@Duisgravida.com', 'Ap #747-1612 Rutrum, Avenue', 'Starkville', '60502', 'QC', 'Central African Republic'),
(616, 'Demetrius', 'Nash', '1969-12-15', 'at@ut.ca', 'P.O. Box 272, 2174 Parturient Street', 'San Fernando', 'QW1J 9RL', 'Georgia', 'Italy'),
(617, 'Hadassah', 'Burns', '1926-10-26', 'in@Donecestmauris.ca', 'P.O. Box 948, 9784 Suspendisse Av.', 'Hammond', '73787', 'SHI', 'Ecuador'),
(618, 'Macaulay', 'Evans', '1998-02-01', 'amet.consectetuer.adipiscing@euplacerat.org', 'Ap #179-7073 Mus. Avenue', 'Peoria', '07571', 'AZ', 'Ecuador'),
(619, 'Jameson', 'Cherry', '1979-04-10', 'Integer.mollis@augueac.edu', '1801 Augue, Avenue', 'Texas City', 'P9H 3B0', 'QC', 'Mozambique'),
(620, 'Britanney', 'Sweeney', '1946-09-22', 'magna.Praesent.interdum@felis.org', 'Ap #410-5283 Et, Rd.', 'Lebanon', 'UU0 7BH', 'BC', 'Iceland'),
(621, 'Idona', 'Parsons', '1926-07-07', 'pede.ultrices@vitaedolor.com', '4783 Dapibus Av.', 'Manassas Park', '07485', 'Ohio', 'Argentina'),
(622, 'Alan', 'Bryant', '1999-02-27', 'quis@famesac.ca', 'P.O. Box 284, 3381 Aliquam Road', 'Sunnyvale', '32840', 'MB', 'Colombia'),
(623, 'Risa', 'Camacho', '1918-05-02', 'elit@placerat.com', 'P.O. Box 651, 6507 Etiam Street', 'Forrest City', '18751', 'Shetland', 'Andorra'),
(624, 'Shoshana', 'Pope', '1981-07-09', 'tempus@Sedauctorodio.com', 'Ap #899-853 Odio. Av.', 'Wheaton', '23742', 'NM', 'Cyprus'),
(625, 'Gil', 'Ferguson', '1929-10-12', 'eu@convallis.ca', '995-7597 Ultricies Avenue', 'Brooklyn Park', '03537', 'Iowa', 'South Georgia and The South Sandwich Islands'),
(626, 'Ulric', 'Obrien', '1927-02-12', 'imperdiet@arcuiaculisenim.com', '870-6767 Vitae, Ave', 'Portsmouth', 'VT2X 1VG', 'BC', 'Nicaragua'),
(627, 'Nell', 'Whitley', '1938-05-14', 'congue@tincidunt.edu', '825 Tincidunt Street', 'Branson', '99661', 'AK', 'Guinea-bissau'),
(628, 'Tanek', 'Quinn', '1942-03-17', 'Etiam.gravida@Nullamfeugiat.ca', 'P.O. Box 308, 3468 Felis. Rd.', 'Hartland', 'M5 2LK', 'BC', 'Micronesia'),
(629, 'Madeline', 'Bell', '1992-12-14', 'amet.dapibus.id@Maecenasiaculisaliquet.edu', '4421 Cras Ave', 'Hanahan', '73618', 'NL', 'Mali'),
(630, 'Grace', 'Petty', '1917-04-01', 'Maecenas.mi.felis@ametconsectetuer.ca', 'P.O. Box 911, 8372 Blandit. Rd.', 'Woonsocket', 'J8Y 1E6', 'MI', 'Saint Lucia'),
(631, 'Lillian', 'Craig', '1937-10-05', 'sed@sedsapienNunc.org', 'Ap #376-1706 Nulla. Avenue', 'Johnstown', 'F4N 1J5', 'DFD', 'Egypt'),
(632, 'Uma', 'Fulton', '1920-05-29', 'ante.Vivamus.non@elitdictum.edu', '4029 Molestie Av.', 'Hermosa Beach', 'V2 7AQ', 'SAL', 'Liberia'),
(633, 'Rooney', 'Reynolds', '1937-07-08', 'Fusce@Maecenasornareegestas.ca', 'P.O. Box 883, 2938 Risus, Av.', 'Westfield', '37219', 'NM', 'Luxembourg'),
(634, 'Liberty', 'Hooper', '1944-08-24', 'Suspendisse@senectus.com', '722-2659 Ultricies Rd.', 'Malden', 'MF2 8YM', 'Cornwall', 'Brunei Darussalam'),
(635, 'Kai', 'West', '1939-01-11', 'nonummy.ac.feugiat@aenimSuspendisse.edu', 'P.O. Box 528, 492 Ac Rd.', 'Poughkeepsie', 'HH04 5WL', 'Vermont', 'Madagascar'),
(636, 'Alec', 'Kelly', '1925-09-24', 'Nullam.vitae@nonluctus.ca', 'Ap #655-9526 Praesent Rd.', 'Mission Viejo', '16911', 'WA', 'Andorra'),
(637, 'Ross', 'Short', '1916-12-22', 'sagittis.augue@rutrummagna.org', 'Ap #426-9475 Ligula Rd.', 'Arlington', '63579', 'ANT', 'Ukraine'),
(638, 'Kimberley', 'Goff', '1947-11-23', 'lorem.auctor.quis@dui.edu', '3079 Quisque Rd.', 'Yakima', 'Y36 8YZ', 'Ontario', 'Moldova'),
(639, 'Leonard', 'Keller', '1926-01-16', 'est.mauris@lectusconvallisest.org', 'Ap #597-4815 Dolor. Avenue', 'Lynchburg', 'VN4E 1GC', 'ME', 'China'),
(640, 'Willa', 'Mcdaniel', '1984-03-20', 'sed@Aliquamgravidamauris.ca', '9490 Duis Avenue', 'Mentor', 'K8H 9GL', 'Nova Scotia', 'Sao Tome and Principe'),
(641, 'Noelani', 'Dodson', '1947-07-31', 'lacus.vestibulum@PraesentluctusCurabitur.edu', 'P.O. Box 818, 5178 Vestibulum. Rd.', 'West Jordan', 'I2M 2N3', 'North Dakota', 'Sweden'),
(642, 'Uriel', 'Richmond', '1972-01-01', 'blandit.enim@posuere.edu', 'Ap #320-4394 Luctus Road', 'Hackensack', 'CV73 2WV', 'IA', 'Bhutan'),
(643, 'Callie', 'Pugh', '1938-07-02', 'urna.Nunc.quis@euaccumsansed.ca', '527-405 Neque Av.', 'Rensselaer', '19682', 'Utah', 'Bahamas'),
(644, 'Castor', 'Leon', '1932-04-03', 'ligula@sed.edu', '1068 Nulla St.', 'Terre Haute', 'X04 7EJ', 'OK', 'Palestinian Territory, Occupied'),
(645, 'Leilani', 'Keith', '1926-08-31', 'Nullam.vitae.diam@ac.edu', 'P.O. Box 531, 721 Iaculis Avenue', 'Bloomington', '31845', 'NU', 'Gibraltar'),
(646, 'Daryl', 'Stout', '1957-04-16', 'eu@metusfacilisis.org', 'Ap #714-6508 Nullam Ave', 'San Clemente', '87628', 'Louisiana', 'Tonga'),
(647, 'Tashya', 'Blevins', '1959-03-29', 'mollis@egetdictumplacerat.ca', 'Ap #745-7071 Dis St.', 'Dover', 'A5B 9HS', 'Manitoba', 'Australia'),
(648, 'Ferdinand', 'Ballard', '1955-08-07', 'Sed.malesuada.augue@sapien.com', 'Ap #583-5908 Et St.', 'Huntington', '85836', 'New Mexico', 'Libyan Arab Jamahiriya'),
(649, 'Willow', 'Vargas', '1919-02-18', 'vehicula.Pellentesque@urnajustofaucibus.org', 'P.O. Box 763, 4748 Dui Rd.', 'Port St. Lucie', 'D5W 9C7', 'MD', 'Saint Pierre and Miquelon'),
(650, 'Chelsea', 'Franco', '1988-07-07', 'dui.Cras.pellentesque@sitametconsectetuer.edu', '698-6963 Sed Rd.', 'Ames', 'H1 5VB', 'IN', 'South Africa'),
(651, 'Nero', 'Kemp', '1963-01-08', 'lacus.varius@Aliquamornarelibero.edu', 'P.O. Box 843, 9422 Massa Street', 'Grand Junction', 'J6B 6VO', 'Saskatchewan', 'Western Sahara'),
(652, 'Isaiah', 'Stuart', '1979-05-26', 'vulputate.lacus.Cras@elitpretium.org', '125-6483 Auctor, Rd.', 'Clarksville', '66326', 'Idaho', 'Philippines'),
(653, 'Acton', 'Velez', '1946-04-17', 'nulla.Cras.eu@nisiMaurisnulla.com', 'P.O. Box 114, 5339 Mauris Avenue', 'Lakewood', 'R1E 3Q5', 'Alaska', 'Rwanda'),
(654, 'Sylvester', 'Hood', '1970-01-02', 'at.fringilla.purus@sit.org', '4514 Luctus Rd.', 'Port Huron', '19189', 'STI', 'Macedonia'),
(655, 'Gavin', 'Harvey', '1997-02-06', 'iaculis@massa.ca', 'P.O. Box 740, 3206 Donec Av.', 'New Albany', '35754', 'Newfoundland and Labrador', 'USA'),
(656, 'Shelly', 'Herrera', '1918-11-27', 'Mauris.vel.turpis@Aeneanegetmetus.com', 'P.O. Box 264, 6034 Donec Av.', 'Carson', '74600', 'Co. Durham', 'Lebanon'),
(657, 'Suki', 'Leon', '1951-02-09', 'cubilia.Curae;.Donec@liberoDonecconsectetuer.ca', 'P.O. Box 861, 5074 Eget Ave', 'Gatlinburg', 'M9A 2K6', 'ME', 'Saint Kitts and Nevis'),
(658, 'Susan', 'Garcia', '1980-09-02', 'sollicitudin.orci@felis.com', 'P.O. Box 529, 5150 Suspendisse Street', 'West Covina', '90390', 'UT', 'Nepal'),
(659, 'Dominic', 'Madden', '1934-11-11', 'luctus.ipsum@auctorveliteget.org', '7640 Tortor. Road', 'Northampton', 'E9F 9Y2', 'Stirlingshire', 'UK'),
(660, 'Arden', 'Hahn', '1927-03-24', 'nascetur.ridiculus@ametluctusvulputate.com', 'P.O. Box 833, 2546 Fringilla Avenue', 'Waycross', '98090', 'Saskatchewan', 'Turks and Caicos Islands'),
(661, 'Timothy', 'Simpson', '1924-08-21', 'mi.Duis.risus@urna.com', '9608 Sem, Street', 'Citrus Heights', '47337', 'Co. Cork', 'Saint Pierre and Miquelon'),
(662, 'Eleanor', 'Edwards', '1948-04-05', 'mi.pede.nonummy@et.edu', '503-1686 Aliquet, St.', 'Perth Amboy', 'W1X 3V2', 'Wiltshire', 'Samoa'),
(663, 'Cameran', 'Buck', '1993-04-12', 'aliquet@Class.org', 'Ap #867-7237 Erat Street', 'Cody', 'K1 2MA', 'NB', 'Austria'),
(664, 'Farrah', 'Jackson', '1917-12-19', 'magna.sed.dui@tinciduntnibh.ca', '529-4473 Cras St.', 'Cranston', 'K4P 8M8', 'LOU', 'USA'),
(665, 'Myles', 'Houston', '1957-07-17', 'eros.turpis.non@taciti.org', '357-6213 Luctus, St.', 'South Bend', '18254', 'PA', 'Falkland Islands (Malvinas)'),
(666, 'Fitzgerald', 'Dejesus', '1977-04-29', 'aliquam.adipiscing.lacus@egetnisidictum.edu', '1068 Quis, Av.', 'West Warwick', 'P11 4HA', 'SC', 'Fiji'),
(667, 'Kerry', 'Reid', '1980-08-12', 'vel.convallis@ridiculusmusProin.ca', 'P.O. Box 657, 7087 Sit Av.', 'Vincennes', '11232', 'OH', 'Chad'),
(668, 'Jin', 'Schultz', '1966-10-23', 'Cras.convallis@Nullaeget.ca', '2509 Non Road', 'Easthampton', '97569', 'Saskatchewan', 'USA'),
(669, 'Chelsea', 'Rose', '1916-03-08', 'lorem.auctor.quis@vulputate.ca', '2044 Lectus St.', 'Pembroke Pines', '94774', 'HRT', 'USA'),
(670, 'Jillian', 'Hogan', '1956-04-12', 'orci@turpisegestas.ca', 'Ap #835-4445 Dolor St.', 'North Pole', 'IX52 3JB', 'Missouri', 'Switzerland'),
(671, 'Ivan', 'Gould', '1989-07-03', 'vehicula@nuncid.com', '245-7144 Dolor Avenue', 'Villa Park', 'OD31 4SN', 'WES', 'Greece'),
(672, 'Indigo', 'Sparks', '1997-10-29', 'In.tincidunt.congue@Quisqueac.org', 'Ap #291-1423 At Avenue', 'Dixon', '67098', 'Oklahoma', 'Norfolk Island'),
(673, 'Elizabeth', 'Flowers', '1945-09-16', 'In.condimentum.Donec@Nulla.com', 'P.O. Box 322, 112 Vel St.', 'Muncie', 'V6B 5I1', 'MB', 'USA'),
(674, 'Jesse', 'Spencer', '1947-08-19', 'dictum.eu@tincidunttempusrisus.ca', '621-7923 Sed Ave', 'Plantation', 'ES2 7UR', 'CA', 'Chile'),
(675, 'Elton', 'Berger', '1939-12-07', 'gravida.sagittis@Curabiturut.edu', 'Ap #654-8363 Laoreet Road', 'Cerritos', 'S7S 4AM', 'South Dakota', 'Slovenia'),
(676, 'Macey', 'Walker', '1964-04-20', 'a@sociosquad.com', 'P.O. Box 469, 8520 Eu Street', 'Scranton', '27704', 'HRT', 'Iran, Islamic Republic of'),
(677, 'Gisela', 'Gentry', '1942-12-22', 'nec@magnis.org', '8990 Malesuada Rd.', 'Sunbury', 'S9O 7F3', 'New Brunswick', 'USA'),
(678, 'Gisela', 'Mcneil', '1917-09-04', 'urna.Nunc@sapiencursusin.org', '164-5085 Ligula. Avenue', 'Fullerton', 'MH0M 8VS', 'Florida', 'UK'),
(679, 'Brett', 'Cline', '1949-03-27', 'mauris.Suspendisse@sodalespurusin.edu', '9320 Mauris Ave', 'Rochester', 'S8T 1Y2', 'Quebec', 'USA'),
(680, 'Alana', 'Shields', '1985-02-06', 'enim.Suspendisse.aliquet@velit.org', 'Ap #550-5600 Ac Av.', 'Owensboro', 'D7A 1K0', 'UT', 'Heard Island and Mcdonald Islands'),
(681, 'Tate', 'Porter', '1932-01-22', 'scelerisque.scelerisque@sedturpis.ca', 'Ap #881-8718 Accumsan St.', 'Cody', 'P7S 2US', 'MA', 'Mexico'),
(682, 'Claudia', 'Estes', '1954-12-17', 'Cras.interdum@nonummyutmolestie.org', 'Ap #467-6566 Ultrices Avenue', 'Huntington Beach', '88455', 'Vermont', 'Sri Lanka'),
(683, 'Emma', 'Oneal', '1943-03-25', 'et.rutrum@erosProinultrices.com', '8686 Lacinia St.', 'Auburn Hills', 'S9O 5T3', 'Newfoundland and Labrador', 'Sierra Leone'),
(684, 'Zena', 'Winters', '1991-09-13', 'ornare.libero@Uttincidunt.ca', 'P.O. Box 335, 9736 Phasellus Avenue', 'Dayton', 'T4S 6Y2', 'POW', 'Georgia'),
(685, 'Caesar', 'Cherry', '1973-11-08', 'dolor@tellusjustosit.ca', '758-6452 Eu Road', 'Palm Springs', '87624', 'NTT', 'Qatar'),
(686, 'TaShya', 'Rivas', '1962-06-04', 'convallis@iaculisaliquetdiam.edu', '5800 Velit Avenue', 'Hartland', 'A1A 8V7', 'ROC', 'Poland'),
(687, 'Raya', 'Saunders', '1932-03-07', 'sem.magna@lobortismauris.org', '2865 Dictum Av.', 'Savannah', '11111', 'Alberta', 'France'),
(688, 'Dean', 'Warner', '1999-10-24', 'pharetra.ut.pharetra@NullamenimSed.com', '1127 Urna St.', 'Oro Valley', '95787', 'Yukon', 'Armenia'),
(689, 'Kimberly', 'Bradshaw', '1919-05-13', 'fames@Fuscealiquet.org', 'P.O. Box 731, 2153 Lectus Av.', 'DuBois', 'X3G 8V0', 'West Virginia', 'Korea, Republic of'),
(690, 'Zia', 'Ruiz', '1950-12-25', 'nec@sitametmetus.com', 'Ap #821-5580 Libero Road', 'Kearney', '03735', 'MS', 'China');
INSERT INTO `CUSTOMER` (`CustomerID`, `FirstName`, `LastName`, `DOB`, `Email`, `Address`, `City`, `Postcode`, `State`, `Country`) VALUES
(691, 'Imani', 'Mcdowell', '1960-11-30', 'sed.est@magnanec.org', '3258 Ligula. Rd.', 'Worcester', 'O2D 4E4', 'New York', 'Gibraltar'),
(692, 'Bradley', 'Moses', '1940-08-25', 'ante.iaculis@est.ca', '959-3935 Cras Av.', 'Johnstown', 'D39 2NG', 'TYR', 'China'),
(693, 'Nigel', 'Snyder', '1951-08-03', 'Vivamus.euismod.urna@sitamet.org', 'P.O. Box 450, 7462 Curabitur Street', 'Columbia', 'L2H 8B5', 'GNT', 'Liechtenstein'),
(694, 'Hector', 'Allison', '1956-01-14', 'ut@cursusvestibulumMauris.org', 'P.O. Box 392, 3986 Morbi St.', 'Middletown', 'I2 0MO', 'Co. Down', 'Lesotho'),
(695, 'Wylie', 'Adams', '1973-10-08', 'metus.Vivamus.euismod@semper.org', 'P.O. Box 859, 9233 Lorem Ave', 'Huntington Park', 'Z3X 3M9', 'AB', 'Czech Republic'),
(696, 'Paloma', 'Pickett', '1966-03-31', 'metus@justoPraesentluctus.ca', 'Ap #709-3896 Tortor St.', 'Hermosa Beach', '59778', 'New Brunswick', 'Japan'),
(697, 'Mollie', 'Hunter', '1930-11-06', 'Phasellus.dolor.elit@in.edu', '8201 Nisi Road', 'Middlebury', 'Y8C 7KA', 'LOG', 'Samoa'),
(698, 'Brynn', 'Morales', '1968-02-03', 'pede@lorem.edu', '270-1681 Mauris Ave', 'Fulton', '75665', 'TWR', 'Norway'),
(699, 'Zachery', 'Sosa', '1970-04-29', 'dolor.vitae@Praesenteu.ca', 'P.O. Box 897, 2831 Facilisis Rd.', 'Minneapolis', 'X0 1RP', 'New Brunswick', 'Liechtenstein'),
(700, 'Colleen', 'Malone', '1984-08-06', 'adipiscing@tinciduntorci.com', '565-7661 Ac Street', 'Jersey City', 'Z5M 8O6', 'BC', 'Brazil'),
(701, 'Renee', 'Miller', '1958-10-18', 'metus.Vivamus@iaculisneceleifend.ca', 'Ap #662-1350 Scelerisque Av.', 'Cudahy', 'P4O 0XL', 'Nova Scotia', 'Palau'),
(702, 'Vincent', 'Dyer', '1999-01-25', 'dignissim.tempor@maurisipsum.com', 'Ap #109-3003 Enim. Rd.', 'Hartland', 'T6 1EG', 'SXW', 'Netherlands'),
(703, 'Jillian', 'Rush', '1996-07-12', 'non@Phasellus.ca', '828-2069 Placerat, Rd.', 'Blythe', 'MY92 6CK', 'Newfoundland and Labrador', 'Svalbard and Jan Mayen'),
(704, 'Portia', 'Price', '1933-05-25', 'accumsan.sed@arcu.ca', '550-1972 Eros Road', 'Newark', 'D1Z 1H6', 'CO', 'Greenland'),
(705, 'Gillian', 'Massey', '1981-11-20', 'ipsum@sagittis.com', '380-4164 Mi Avenue', 'Tyler', 'N5D 6M2', 'Alaska', 'Philippines'),
(706, 'Patricia', 'Bruce', '1928-10-18', 'Duis@aliquam.org', '422-8224 Nulla. Road', 'Saint Louis', '28279', 'NB', 'Vanuatu'),
(707, 'Nomlanga', 'Willis', '1946-02-24', 'dui.quis@tincidunt.ca', '703-2902 Eu Av.', 'Ruston', 'O8V 8P0', 'NU', 'Kiribati'),
(708, 'Paul', 'Coleman', '1984-06-20', 'at@maurisidsapien.ca', 'P.O. Box 498, 7142 Enim Road', 'Saipan', 'UV06 6WF', 'Northwest Territories', 'Mauritius'),
(709, 'Yolanda', 'Talley', '1928-08-20', 'aliquam.eros.turpis@suscipitest.ca', 'P.O. Box 579, 6144 Est. St.', 'Tupelo', 'K11 4SV', 'YT', 'Congo'),
(710, 'Fitzgerald', 'Mcneil', '1919-03-30', 'Nulla@necligula.ca', '211-3267 Ac, St.', 'San Bernardino', 'C1P 2G0', 'SXW', 'Slovenia'),
(711, 'Amber', 'Ray', '1991-08-01', 'magna@semperetlacinia.edu', '4116 Ac St.', 'Jefferson City', '28938', 'GA', 'Gambia'),
(712, 'Samantha', 'Smith', '1985-12-16', 'dolor.dolor.tempus@metusurnaconvallis.ca', 'P.O. Box 604, 8403 Proin Rd.', 'Fairmont', 'S6Z 9L9', 'Newfoundland and Labrador', 'Oman'),
(713, 'Upton', 'Le', '1983-07-23', 'Etiam.ligula@odiosagittis.org', 'P.O. Box 612, 193 Urna Avenue', 'Salt Lake City', 'I6A 9Q9', 'Nunavut', 'Belgium'),
(714, 'Branden', 'Shields', '1956-01-14', 'iaculis@consectetueradipiscing.edu', 'P.O. Box 429, 6840 Fusce Rd.', 'Nevada City', 'A6U 6RS', 'Rhode Island', 'Oman'),
(715, 'Wang', 'Webb', '1938-02-06', 'pellentesque.tellus.sem@afacilisisnon.edu', 'Ap #284-4984 Elit Rd.', 'West Warwick', 'I4D 1D7', 'QC', 'Norway'),
(716, 'Regan', 'Pearson', '1983-05-08', 'lacinia.Sed@utlacus.org', '434-1332 Ut Rd.', 'Oneida', 'O9L 9C4', 'Maryland', 'Tunisia'),
(717, 'Ivor', 'Harper', '1977-05-17', 'eu.nulla.at@Donecfelisorci.org', 'Ap #934-6105 Ut St.', 'Weirton', 'V2V 8O7', 'NV', 'Macedonia'),
(718, 'Ella', 'Moreno', '1966-01-17', 'dis.parturient.montes@loremvitae.org', 'P.O. Box 941, 3731 Sit Av.', 'Agoura Hills', 'B8D 2Q9', 'NV', 'Nauru'),
(719, 'Eleanor', 'Harris', '1993-08-02', 'ac.mattis.velit@hendreritconsectetuer.com', 'P.O. Box 350, 3496 Tempor, Street', 'Worcester', 'NZ4 3CP', 'Alberta', 'Grenada'),
(720, 'Zephr', 'Waters', '1982-10-01', 'porttitor.scelerisque@dignissimtemporarcu.org', 'P.O. Box 732, 8882 Arcu. Av.', 'Lufkin', '13418', 'PA', 'Angola'),
(721, 'TaShya', 'Frederick', '1927-07-08', 'vulputate.risus@urna.com', 'P.O. Box 594, 4192 Sed Rd.', 'Easthampton', 'U3E 9S5', 'Co. Down', 'Northern Mariana Islands'),
(722, 'Zena', 'Lawrence', '1944-08-10', 'massa.Quisque@bibendumsedest.org', 'Ap #537-7124 Id Ave', 'Dayton', '42773', 'NS', 'Sweden'),
(723, 'Eagan', 'King', '1937-01-18', 'ornare.In@facilisis.org', 'P.O. Box 847, 1830 Aliquam Rd.', 'Santa Monica', '02854', 'Oregon', 'Philippines'),
(724, 'Adrienne', 'Winters', '1955-07-06', 'arcu.iaculis@acturpis.org', 'P.O. Box 483, 6119 Et, St.', 'Evanston', '05617', 'Berkshire', 'Nigeria'),
(725, 'Pascale', 'Garza', '1948-06-18', 'eget.ipsum@erat.edu', 'Ap #364-1092 Pellentesque, Avenue', 'Rockville', '09415', 'NE', 'Saudi Arabia'),
(726, 'Kiayada', 'Bush', '1986-08-16', 'nibh.Aliquam@ligulaDonec.edu', 'P.O. Box 600, 6553 Metus Ave', 'Port Arthur', '45455', 'MI', 'Saint Pierre and Miquelon'),
(727, 'Yvette', 'Maldonado', '1949-01-29', 'molestie.arcu@acfermentumvel.ca', '9078 Rhoncus Ave', 'Idabel', 'BR3V 1WH', 'Northwest Territories', 'Vanuatu'),
(728, 'Bree', 'Wallace', '1930-09-18', 'Curabitur.vel.lectus@sodalespurus.com', '239-1682 Laoreet Street', 'Huntsville', 'W6U 2L9', 'Prince Edward Island', 'El Salvador'),
(729, 'Armand', 'Wilkinson', '1937-02-16', 'dolor.sit@liberomaurisaliquam.com', '6893 Fringilla Road', 'Uniontown', '36912', 'NL', 'UK'),
(730, 'Erasmus', 'Cobb', '1993-10-31', 'cursus.vestibulum.Mauris@nunc.ca', '7235 Pellentesque Av.', 'Dana Point', 'X3R 7QH', 'Quebec', 'Netherlands Antilles'),
(731, 'Kuame', 'James', '1967-10-23', 'egestas.blandit@lobortismauris.com', '237-2218 Vulputate, Road', 'Hagerstown', 'UM3C 1CT', 'Quebec', 'Kazakhstan'),
(732, 'Hanae', 'Page', '1989-08-09', 'mattis.ornare.lectus@tellusnon.com', '3557 Dolor. Rd.', 'Newport News', '54497', 'NC', 'Marshall Islands'),
(733, 'Vanna', 'Mercado', '1996-07-06', 'Nulla.dignissim.Maecenas@Namporttitorscelerisque.com', '3371 Ac Avenue', 'Virginia Beach', 'H9D 9M5', 'AVN', 'Croatia'),
(734, 'Sloane', 'Daniel', '1923-06-16', 'mollis.dui.in@porttitorinterdumSed.edu', '783-7921 Lorem Av.', 'Grand Rapids', '62063', 'Co. Kildare', 'Eritrea'),
(735, 'Jolene', 'Stein', '1963-12-30', 'ac.risus@placerat.edu', '789-5544 Justo Ave', 'San Jose', 'DQ0 8VB', 'Manitoba', 'Hong Kong'),
(736, 'Amanda', 'Mccoy', '1948-02-14', 'neque.et.nunc@diam.edu', '441 Et Road', 'Pittston', 'MF96 8ZM', 'ND', 'New Zealand'),
(737, 'Zane', 'Guthrie', '1955-05-25', 'non.magna.Nam@et.org', '8796 Rutrum Rd.', 'Manchester', 'F5 0LN', 'New Brunswick', 'Sudan'),
(738, 'Meghan', 'Simon', '1986-03-27', 'at.auctor.ullamcorper@Nuncmauriselit.ca', 'Ap #152-9319 Massa. Road', 'Cedar Rapids', '60396', 'Cumbria', 'New Caledonia'),
(739, 'Cole', 'Logan', '1922-03-14', 'Aliquam.erat@vehiculaPellentesque.edu', 'P.O. Box 668, 8940 Nonummy. Rd.', 'Pasco', '87657', 'Nevada', 'Indonesia'),
(740, 'Colette', 'Barker', '1995-01-12', 'Nunc@enimgravida.com', '266-2496 A, Av.', 'Murrieta', 'H5Y 1F5', 'CO', 'USA'),
(741, 'Raphael', 'Coleman', '1942-10-09', 'ac@consectetuer.com', '576-3556 Velit Av.', 'Melrose', '39288', 'Arkansas', 'USA'),
(742, 'Chava', 'Poole', '1987-06-07', 'auctor.vitae@inhendreritconsectetuer.ca', 'P.O. Box 905, 658 Aliquam St.', 'Merizo', 'C1J 4CO', 'INV', 'Luxembourg'),
(743, 'Rooney', 'Wynn', '1921-11-17', 'dapibus.rutrum.justo@necquam.com', 'Ap #258-6646 Curabitur Rd.', 'Los Alamitos', 'Y6I 2Z7', 'Cumberland', 'Germany'),
(744, 'Angelica', 'Carroll', '1961-09-27', 'et@atortorNunc.com', '991-7665 Nascetur St.', 'Northampton', 'W8F 5E3', 'Bedfordshire', 'Nepal'),
(745, 'Ina', 'Stanton', '1986-07-28', 'non.hendrerit.id@ac.com', '8473 Donec St.', 'Ogden', 'HP8E 4CS', 'Illinois', 'Solomon Islands'),
(746, 'Rigel', 'Foster', '1927-04-04', 'quam@acmieleifend.org', '886-2084 Nulla Street', 'DeKalb', 'V8T 7A1', 'PE', 'Canada'),
(747, 'Brittany', 'Boone', '1918-02-15', 'sed.dictum.eleifend@Cras.com', 'P.O. Box 458, 7008 Luctus, Street', 'Wheeling', '47734', 'East Lothian', 'Turkmenistan'),
(748, 'Wade', 'Savage', '1972-03-28', 'a@risusNullaeget.org', '3862 Cubilia Ave', 'Woonsocket', '69364', 'NL', 'Bulgaria'),
(749, 'Burke', 'Raymond', '1993-03-27', 'Phasellus.libero.mauris@sitametrisus.edu', 'P.O. Box 348, 6487 Donec Road', 'Sharon', 'V2U 5E1', 'Ontario', 'Malaysia'),
(750, 'Byron', 'Hughes', '1965-06-07', 'et.commodo.at@at.org', '158-181 Eget Av.', 'North Little Rock', '87605', 'AL', 'Costa Rica'),
(751, 'Teagan', 'Barnett', '1924-01-24', 'egestas.a.scelerisque@vehiculaaliquet.ca', 'Ap #361-9890 Quis, St.', 'Toledo', '50837', 'Arizona', 'Greenland'),
(752, 'Athena', 'Mckenzie', '1923-11-11', 'nec.imperdiet@porttitoreros.edu', '7786 Vitae Ave', 'Stafford', 'W4K 8X4', 'NM', 'Congo'),
(753, 'Morgan', 'Nichols', '1916-07-25', 'Suspendisse.sagittis@cursus.org', '557 Curabitur Road', 'Canton', '91885', 'ON', 'Madagascar'),
(754, 'Iliana', 'Paul', '1927-02-03', 'venenatis@Morbineque.edu', '894-1642 Vitae Street', 'Philadelphia', 'V4A 8N9', 'AK', 'Guadeloupe'),
(755, 'Blythe', 'Deleon', '1935-07-10', 'ac.mi.eleifend@faucibuslectus.edu', '793-8700 Vel Rd.', 'East Hartford', 'WD3F 1FT', 'SK', 'Ukraine'),
(756, 'Rebecca', 'Hodges', '1948-12-23', 'ut@urna.ca', 'Ap #849-173 Nisi Street', 'Jeffersontown', '99031', 'Co. Dublin', 'Peru'),
(757, 'Craig', 'Taylor', '1968-03-22', 'ullamcorper.Duis@vitae.org', 'Ap #133-7469 Donec Rd.', 'Brown Deer', '59659', 'Yukon', 'Australia'),
(758, 'Sawyer', 'Schroeder', '1984-03-07', 'vitae.orci.Phasellus@parturientmontesnascetur.edu', 'Ap #651-6374 Egestas St.', 'Culver City', 'IN1 8MV', 'MT', 'Malta'),
(759, 'Rahim', 'Snow', '1944-04-24', 'facilisis.magna@diamvel.com', '111-1719 Lectus Rd.', 'Wilkes-Barre', 'QA7 1EO', 'Aberdeenshire', 'Azerbaijan'),
(760, 'Carissa', 'Bass', '1925-05-24', 'purus.sapien.gravida@velest.org', '436-1304 Convallis Ave', 'Lahaina', 'D9S 2P8', 'Mississippi', 'Korea'),
(761, 'Yuli', 'Stanton', '1985-11-03', 'pede.ac@Praesenteudui.com', '919-6799 Elementum St.', 'Perth Amboy', 'G2H 2V4', 'PE', 'Northern Mariana Islands'),
(762, 'Rebecca', 'Marshall', '1951-01-09', 'fermentum.metus@quam.com', 'Ap #143-4560 Eu St.', 'Jefferson City', 'L8J 6D5', 'Nunavut', 'El Salvador'),
(763, 'Ezra', 'Wilson', '1953-04-19', 'Suspendisse@arcuac.edu', '4313 Sit St.', 'Morrison', '06045', 'Alberta', 'New Caledonia'),
(764, 'Kaye', 'Hays', '1990-04-21', 'amet.consectetuer.adipiscing@tinciduntnuncac.ca', 'Ap #689-8426 Eu Rd.', 'New Brunswick', 'F5D 2E1', 'Prince Edward Island', 'Niue'),
(765, 'Melodie', 'Steele', '1933-10-12', 'et@elitpharetraut.ca', '356-3428 Scelerisque Av.', 'Ann Arbor', '53105', 'IL', 'Guadeloupe'),
(766, 'Orlando', 'Beck', '1997-07-23', 'velit@mauriselitdictum.com', 'P.O. Box 534, 9385 Metus St.', 'New Britain', 'Q9F 2H3', 'LIN', 'Senegal'),
(767, 'Madeson', 'Shelton', '1932-06-20', 'et.magnis@Vestibulumaccumsanneque.org', '250-6233 Magna. Road', 'Sheridan', 'P4W 5P0', 'YT', 'Maldives'),
(768, 'Harrison', 'Travis', '1949-04-30', 'nonummy@pedesagittis.edu', 'P.O. Box 738, 7962 Vel Rd.', 'Eatontown', 'J52 7LS', 'Nova Scotia', 'Seychelles'),
(769, 'Cruz', 'Mccullough', '1968-09-24', 'odio@ProinvelitSed.org', '443 Ligula Rd.', 'Mequon', '89414', 'Massachusetts', 'Micronesia'),
(770, 'Felicia', 'Wyatt', '1942-01-09', 'non.cursus@Sed.com', 'Ap #910-5580 Dignissim Avenue', 'Casper', 'SJ45 3WR', 'Nunavut', 'Sudan'),
(771, 'Hilary', 'Horton', '1927-12-22', 'Quisque.tincidunt.pede@etpede.edu', 'P.O. Box 563, 3033 Elementum, Road', 'Rolla', 'J4L 7W7', 'Nova Scotia', 'UK'),
(772, 'Halee', 'Wiley', '1990-11-15', 'Pellentesque@rutrumloremac.com', 'P.O. Box 318, 8066 Senectus Rd.', 'Powell', 'JQ9 7CR', 'QC', 'New Zealand'),
(773, 'Martena', 'Buck', '1965-05-22', 'pretium@maurisipsum.com', '445-4126 Libero St.', 'Longview', 'B7N 7R2', 'VA', 'Colombia'),
(774, 'Bevis', 'Mercer', '1966-08-04', 'eget.lacus.Mauris@duiquis.org', '689-1515 Auctor Av.', 'Selma', 'A1 6TS', 'PA', 'USA'),
(775, 'Mercedes', 'Padilla', '1952-12-16', 'convallis.ligula.Donec@dis.ca', 'Ap #460-8590 Dolor, Avenue', 'Bethany', 'X2Q 9I3', 'TN', 'Peru'),
(776, 'Kirsten', 'Henry', '1996-10-15', 'placerat.augue@massa.org', 'Ap #627-7705 Amet St.', 'Valdosta', '94700', 'GSY', 'Guadeloupe'),
(777, 'Adele', 'Hickman', '1957-01-15', 'Duis@vehiculaaliquetlibero.ca', '569-6823 Tortor Rd.', 'Tustin', 'V5 2UZ', 'SK', 'Philippines'),
(778, 'Noel', 'Mccray', '1922-12-25', 'turpis@nunc.com', 'P.O. Box 775, 832 Lorem Rd.', 'Lexington', '43229', 'Alberta', 'Cook Islands'),
(779, 'Kylynn', 'Hancock', '1978-07-15', 'Morbi.vehicula.Pellentesque@etliberoProin.ca', '831-5974 Nec, St.', 'Highland Park', '88422', 'AK', 'Korea'),
(780, 'Benjamin', 'West', '1935-04-12', 'blandit.viverra.Donec@consectetuercursus.ca', '2937 Non, Rd.', 'Newburyport', 'F6R 8M4', 'QC', 'Sri Lanka'),
(781, 'Violet', 'Peters', '1948-04-22', 'rutrum@miAliquamgravida.org', 'Ap #397-1171 Id, Rd.', 'Modesto', '77933', 'Saskatchewan', 'Uruguay'),
(782, 'Jade', 'Burns', '1960-04-21', 'Mauris.eu.turpis@mollisIntegertincidunt.com', 'P.O. Box 587, 6071 Nascetur St.', 'Saginaw', '34412', 'DFD', 'Bangladesh'),
(783, 'Anastasia', 'Hughes', '1941-08-03', 'eu@purusmauris.ca', '946-9396 Dolor Avenue', 'La Puente', 'G3G 5VS', 'Dumfries and Galloway', 'Belize'),
(784, 'Nomlanga', 'Prince', '1963-01-27', 'congue@magnisdisparturient.org', 'P.O. Box 523, 8807 Id, Rd.', 'Bridgeport', 'P9P 9FE', 'Strathclyde', 'Ghana'),
(785, 'Rhea', 'Lynn', '1983-11-10', 'nulla@suscipitnonummyFusce.com', '8877 Ligula Avenue', 'Carson', '27187', 'Tennessee', 'Hong Kong'),
(786, 'Sarah', 'Stevenson', '1920-07-25', 'Mauris.blandit.enim@orcisemeget.edu', '570-4458 Facilisi. St.', 'Idaho Springs', 'O7C 8O2', 'PA', 'Andorra'),
(787, 'Josiah', 'Guy', '1984-09-16', 'Mauris.nulla.Integer@non.edu', '767-6778 Pede. Street', 'Salt Lake City', 'F5Q 9P4', 'MN', 'Kiribati'),
(788, 'Irma', 'Wilkinson', '1987-12-18', 'mauris.a.nunc@disparturientmontes.edu', 'Ap #173-6400 Pellentesque Road', 'Jeannette', 'PV61 4PS', 'WIL', 'USA'),
(789, 'Morgan', 'Snow', '1947-09-02', 'at.iaculis.quis@facilisisfacilisismagna.ca', '458-5319 Arcu Rd.', 'Wisconsin Dells', 'K4D 1O5', 'Nottinghamshire', 'Algeria'),
(790, 'Shoshana', 'Gallegos', '1942-12-09', 'urna.Nunc.quis@ridiculus.com', 'P.O. Box 229, 6489 Ullamcorper, Street', 'Leominster', 'IY07 0BH', 'CHS', 'South Georgia and The South Sandwich Islands'),
(791, 'Germane', 'Huff', '1939-01-16', 'sapien@vitae.com', 'Ap #681-969 Proin Avenue', 'Galveston', '94792', 'Co. Kerry', 'Uruguay'),
(792, 'Herrod', 'Dale', '1916-01-05', 'nec.tempus.mauris@lectusantedictum.ca', 'P.O. Box 451, 1243 Augue, St.', 'Spokane Valley', 'E2Z 2Q6', 'Washington', 'Hungary'),
(793, 'Kiayada', 'Perkins', '1961-10-16', 'nunc.interdum.feugiat@nisidictum.com', '636-5344 Sed, Road', 'Oshkosh', 'SX58 8RN', 'Ohio', 'Oman'),
(794, 'Benjamin', 'Kennedy', '1989-07-17', 'sit.amet@enim.com', '9748 Est. Street', 'Tucson', 'P7J 5HF', 'CA', 'Niue'),
(795, 'Remedios', 'Velez', '1994-02-17', 'commodo@laciniaorci.ca', '439-8954 Nascetur Rd.', 'Baytown', '49413', 'Northwest Territories', 'Brazil'),
(796, 'Hop', 'Fischer', '1983-10-07', 'pede.nonummy.ut@nonummy.edu', '3269 Iaculis Av.', 'Hickory', '22006', 'DC', 'Saudi Arabia'),
(797, 'Kevyn', 'Erickson', '1936-12-30', 'magna@dapibusligulaAliquam.com', 'Ap #987-2401 Lectus Rd.', 'Gold Beach', 'SA2A 2HC', 'AL', 'Paraguay'),
(798, 'Randall', 'Garner', '1919-02-08', 'volutpat.nunc.sit@duiCumsociis.edu', '9920 Faucibus Rd.', 'Lufkin', 'K6 0LW', 'MT', 'Burundi'),
(799, 'Delilah', 'Phelps', '1985-11-25', 'nonummy.ac.feugiat@idrisus.ca', 'Ap #661-7073 Erat Street', 'Bethany', '55091', 'NT', 'Netherlands Antilles'),
(800, 'Owen', 'Avila', '1936-10-13', 'velit.eget.laoreet@laciniaorciconsectetuer.ca', '6382 Diam Avenue', 'Dana Point', 'X5S 6C2', 'MN', 'Mozambique'),
(801, 'Miriam', 'Conway', '1981-08-09', 'leo@dolor.com', '307-6693 Auctor Ave', 'Corona', '61808', 'Nebraska', 'Saint Vincent and The Grenadines'),
(802, 'Zeph', 'Padilla', '1968-12-17', 'amet.ultricies@euenimEtiam.edu', '183-3046 Nam Rd.', 'Sister Bay', '01863', 'PE', 'Cameroon'),
(803, 'Rhoda', 'Washington', '1931-03-22', 'dui.in.sodales@arcuNunc.com', 'Ap #693-4697 Iaculis Av.', 'Atlanta', '80792', 'NU', 'China'),
(804, 'Abigail', 'Holman', '1986-06-19', 'Quisque.imperdiet@molestieSed.org', 'P.O. Box 610, 4144 Convallis Rd.', 'Nenana', '69650', 'NT', 'Fiji'),
(805, 'Maisie', 'Howe', '1974-07-15', 'id.sapien@fringillapurusmauris.com', 'P.O. Box 363, 6074 Per St.', 'Boise', 'S1X 4B5', 'GAL', 'Ghana'),
(806, 'Xavier', 'Miranda', '1974-10-18', 'in.magna.Phasellus@orci.com', 'Ap #982-774 Quisque St.', 'Stanton', 'S6W 8M2', 'West Yorkshire', 'Peru'),
(807, 'Rama', 'Reilly', '1992-10-19', 'orci.sem@arcuAliquamultrices.org', '415-9547 Facilisis Road', 'Hutchinson', '95554', 'AB', 'Uruguay'),
(808, 'Craig', 'Molina', '1916-10-13', 'adipiscing.elit@feugiatnec.com', '4348 Proin Road', 'Salem', '77157', 'MD', 'China'),
(809, 'Jennifer', 'Oneil', '1961-11-30', 'quis.massa.Mauris@inmolestietortor.edu', '396-9791 Tortor Av.', 'Salem', 'O61 2JK', 'Co. Wexford', 'Sweden'),
(810, 'Erica', 'Wright', '1944-10-14', 'auctor@sagittisNullamvitae.ca', '1865 Diam. Av.', 'Davenport', 'A4O 6A7', 'Orkney', 'Ukraine'),
(811, 'Nicholas', 'Whitfield', '1948-01-22', 'tortor.Integer.aliquam@vulputateullamcorpermagna.ca', '1128 Dui, Av.', 'Plattsburgh', 'Y8L 9G0', 'New Brunswick', 'British Indian Ocean Territory'),
(812, 'Clare', 'Morales', '1915-12-23', 'consectetuer@Pellentesquehabitant.ca', '3602 Ipsum Avenue', 'Simi Valley', 'ON74 3EK', 'Co. Wicklow', 'Suriname'),
(813, 'Deacon', 'Patton', '1984-07-01', 'Quisque@feugiatnonlobortis.com', 'P.O. Box 619, 7744 Cursus, Av.', 'Independence', 'W9C 6LN', 'CO', 'USA'),
(814, 'Nayda', 'Ray', '1985-05-31', 'urna@aliquamarcuAliquam.edu', '6097 Egestas Rd.', 'Nichols Hills', 'B7Z 9TB', 'Manitoba', 'Portugal'),
(815, 'Stella', 'Colon', '1982-02-11', 'dignissim.tempor@Pellentesquehabitantmorbi.ca', 'P.O. Box 536, 5083 Dui. Avenue', 'Wahoo', 'H5E 1L0', 'Virginia', 'Swaziland'),
(816, 'Chase', 'Orr', '1932-10-31', 'volutpat.Nulla.dignissim@nibhAliquam.com', 'P.O. Box 206, 4121 Tempor Street', 'Menomonee Falls', 'QT6 1YS', 'AB', 'Malta'),
(817, 'Jolie', 'Woods', '1947-12-05', 'cursus.Nunc.mauris@duiCraspellentesque.org', 'Ap #335-5030 Dolor Road', 'Sierra Madre', 'L1R 2Q7', 'Maine', 'Indonesia'),
(818, 'Kareem', 'Glover', '1999-03-28', 'tellus.Suspendisse.sed@odio.edu', 'P.O. Box 658, 3317 Interdum. Rd.', 'Laguna Woods', 'D2P 2W8', 'ON', 'Guam'),
(819, 'Wayne', 'Johnson', '1921-07-24', 'enim.sit.amet@vitaeerat.com', 'Ap #169-7949 Dui. Rd.', 'Cleveland', 'H6K 5E5', 'MT', 'Brazil'),
(820, 'Leandra', 'Foley', '1997-07-07', 'quis@Vivamus.com', '1280 Enim. Ave', 'Fort Collins', '43179', 'Central', 'Madagascar'),
(821, 'Bevis', 'Alston', '1926-11-01', 'faucibus.orci@necmetus.com', 'Ap #191-4782 Fermentum Avenue', 'Irving', 'S0 5FK', 'Dorset', 'Seychelles'),
(822, 'Lilah', 'Townsend', '1973-06-30', 'consectetuer@Loremipsumdolor.ca', 'P.O. Box 250, 4892 Gravida Rd.', 'Tyler', '32502', 'NB', 'Korea'),
(823, 'Joshua', 'Hernandez', '1981-11-12', 'Vivamus@arcu.ca', 'Ap #768-9003 Curae; Road', 'Whittier', 'WE3F 4XG', 'INV', 'Panama'),
(824, 'Clark', 'Webb', '1950-01-12', 'auctor@Cras.edu', '625-3961 Fames Rd.', 'Enid', 'R4M 9Q9', 'STD', 'Cameroon'),
(825, 'Laura', 'Conner', '1966-05-30', 'arcu.Sed@a.org', '419-2163 Ut Av.', 'Allentown', 'OB10 5DQ', 'AB', 'Guam'),
(826, 'Brendan', 'Soto', '1972-06-01', 'in.molestie@morbitristique.com', 'P.O. Box 464, 9099 Vitae, Rd.', 'Georgetown', 'V9S 9ZF', 'Texas', 'Cayman Islands'),
(827, 'Burke', 'Franks', '1939-06-05', 'ipsum@Nullasempertellus.com', '338-1814 Morbi St.', 'Saginaw', 'F83 1NG', 'Prince Edward Island', 'France'),
(828, 'Herman', 'Conway', '1935-03-31', 'semper.pretium@Curabiturut.org', '366-2080 Velit. Av.', 'Memphis', '79152', 'Co. Limerick', 'Estonia'),
(829, 'Giselle', 'Hanson', '1963-09-08', 'Suspendisse.sagittis@etarcu.com', 'P.O. Box 381, 2911 Et Rd.', 'Galesburg', 'WC4 5BQ', 'NL', 'Solomon Islands'),
(830, 'Shea', 'Fulton', '1941-03-26', 'mollis@tinciduntnuncac.ca', '3616 Semper Road', 'Jeffersontown', 'T81 6WP', 'Grampian', 'China'),
(831, 'Melvin', 'Mendez', '1930-07-29', 'at.nisi.Cum@Praesenteunulla.ca', 'Ap #759-4803 Porta St.', 'Kingston', '67648', 'New York', 'Mauritania'),
(832, 'Rhea', 'Hays', '1942-12-14', 'lectus.convallis.est@pede.ca', 'Ap #803-9849 Ullamcorper Avenue', 'Forest Lake', 'TP3 4IA', 'COR', 'Djibouti'),
(833, 'Lila', 'Barlow', '1962-02-20', 'Lorem@actellusSuspendisse.edu', '4227 Penatibus Rd.', 'Culver City', 'NH82 8FR', 'Oregon', 'Fiji'),
(834, 'Colin', 'Davis', '1924-07-21', 'pellentesque.eget.dictum@Quisque.edu', 'Ap #318-8824 Nunc Avenue', 'Weymouth', 'J9X 2FU', 'SK', 'Cayman Islands'),
(835, 'Genevieve', 'Knapp', '1936-06-18', 'porttitor.tellus@sapienCras.ca', 'Ap #275-2238 Mauris Rd.', 'Slidell', 'H7O 3Q7', 'Washington', 'Romania'),
(836, 'Cailin', 'Wooten', '1993-02-19', 'magna@egetmagna.edu', '705-967 Aliquam Rd.', 'Manhattan Beach', '60236', 'West Lothian', 'Pitcairn'),
(837, 'Kylynn', 'Clay', '1985-06-27', 'orci.Ut@sociis.com', '591-6606 Sed St.', 'Rehoboth Beach', '21681', 'Gwynedd', 'Korea'),
(838, 'Serena', 'Parker', '1975-09-06', 'justo@Donecnonjusto.edu', '626-3022 Et St.', 'Taunton', '63684', 'DOR', 'Bolivia'),
(839, 'Marshall', 'Wynn', '1990-02-02', 'In.ornare@laciniaSedcongue.ca', 'P.O. Box 658, 4872 Nam Road', 'Lander', '33796', 'Saskatchewan', 'Nicaragua'),
(840, 'Craig', 'Peck', '1920-08-11', 'volutpat.nunc.sit@ligulaAeneangravida.com', '980-4293 Egestas, St.', 'Eau Claire', '78601', 'Stirlingshire', 'New Caledonia'),
(841, 'Porter', 'Parrish', '1941-07-19', 'euismod@atlacus.ca', 'P.O. Box 577, 4106 Ante. Road', 'La Habra', '71749', 'Vermont', 'Myanmar'),
(842, 'Simon', 'Franco', '1938-07-19', 'metus@Fusce.org', '601-8556 Dictum Rd.', 'Orange', 'D6C 8S8', 'SUT', 'Mauritius'),
(843, 'Oscar', 'Bowen', '1937-03-16', 'a.scelerisque@at.edu', '406-1045 Sed Rd.', 'Attleboro', '14875', 'New Jersey', 'USA'),
(844, 'Mercedes', 'Goodman', '1919-04-10', 'vitae@Nuncquis.com', 'Ap #623-4030 Proin Ave', 'Woodward', 'AD2E 5DW', 'Saskatchewan', 'Saint Kitts and Nevis'),
(845, 'Baxter', 'Preston', '1940-10-31', 'Nullam@nulla.edu', '983 Interdum Street', 'Taylorsville', 'U7C 9Z2', 'British Columbia', 'China'),
(846, 'Rylee', 'Carrillo', '1999-09-20', 'risus.Nunc@Namacnulla.com', '656-5631 Urna. Street', 'Duquesne', 'MU22 8EF', 'Kentucky', 'Gibraltar'),
(847, 'Clementine', 'Maxwell', '1984-10-24', 'egestas.Sed@nullaInteger.org', '1938 Pellentesque, Road', 'Anaheim', 'S7Y 5BE', 'Oregon', 'Brunei Darussalam'),
(848, 'Axel', 'Mcclain', '1985-06-27', 'libero.at@ullamcorper.edu', 'Ap #490-7325 Penatibus Street', 'Knoxville', '80469', 'NE', 'Saint Helena'),
(849, 'Duncan', 'Riddle', '1987-06-02', 'iaculis.aliquet.diam@Nullamvelit.org', '1602 Amet, Street', 'Newark', 'J8F 1SG', 'ME', 'Svalbard and Jan Mayen'),
(850, 'Tyler', 'Trujillo', '1936-04-14', 'Phasellus.vitae@elementumduiquis.org', 'P.O. Box 582, 1072 Ac Av.', 'Winooski', '42024', 'Shropshire', 'USA'),
(851, 'Gloria', 'Frye', '1947-09-24', 'vehicula@lobortis.com', 'P.O. Box 936, 9560 Sit St.', 'Dover', 'F2U 6L8', 'SK', 'Netherlands Antilles'),
(852, 'Byron', 'House', '1955-04-29', 'Sed.auctor.odio@quisdiam.org', 'Ap #462-7573 Luctus Ave', 'Longview', '94211', 'Ross and Cromarty', 'Botswana'),
(853, 'Sloane', 'Santana', '1932-05-24', 'consectetuer.adipiscing.elit@at.com', 'P.O. Box 159, 7126 Eu Avenue', 'Portsmouth', 'F8L 2GR', 'TYR', 'Maldives'),
(854, 'Sylvia', 'Johnson', '1951-06-19', 'in.aliquet@semper.ca', '9255 Non Av.', 'Ada', 'SI0Y 1OD', 'Manitoba', 'Western Sahara'),
(855, 'Patience', 'Saunders', '1973-11-14', 'suscipit.nonummy.Fusce@enim.com', '537-3188 Augue Rd.', 'Fountain Valley', 'Y2M 1E6', 'STD', 'Chile'),
(856, 'Bertha', 'Lynch', '1980-03-28', 'dapibus.gravida.Aliquam@Suspendissealiquet.edu', '5270 Elit. Rd.', 'Whittier', '27929', 'New Brunswick', 'Paraguay'),
(857, 'Constance', 'Trujillo', '1978-09-13', 'Nulla@Quisque.com', '165-2206 Ante. Street', 'Barrow', '00538', 'NS', 'Niue'),
(858, 'Erich', 'Cooley', '1940-12-23', 'Proin.vel@lectus.ca', '144-6271 Eros. Road', 'Poughkeepsie', '79580', 'North Carolina', 'Ireland'),
(859, 'Keiko', 'Sherman', '1989-03-24', 'elementum@dolor.com', '341-4233 Sem, St.', 'Marshfield', 'G4W 1K4', 'Wigtownshire', 'Venezuela'),
(860, 'Aladdin', 'Alford', '1949-04-05', 'magna.malesuada@nascetur.ca', 'P.O. Box 570, 9772 Ultrices Ave', 'Garden Grove', 'QZ7C 8UM', 'ON', 'Chile'),
(861, 'Clementine', 'Cox', '1919-02-10', 'nibh@faucibus.edu', 'Ap #126-3104 Vitae, Av.', 'Pittsfield', 'F9F 9C0', 'NU', 'USA'),
(862, 'Jenna', 'Craig', '1997-06-17', 'parturient.montes.nascetur@dolordolor.ca', 'Ap #505-4000 Ultricies Ave', 'Riverton', 'C9I 1F2', 'Newfoundland and Labrador', 'Yemen'),
(863, 'Kirk', 'Watson', '1935-06-18', 'tellus.id@enimSuspendissealiquet.edu', '1966 Magnis Avenue', 'New Orleans', 'J06 4AZ', 'Rutland', 'Eritrea'),
(864, 'Tasha', 'Phillips', '1953-11-13', 'nulla@IncondimentumDonec.edu', '170-7663 Integer Av.', 'Cortland', 'M87 5NG', 'SRK', 'Chad'),
(865, 'Barry', 'Morse', '1960-05-18', 'Cras@disparturientmontes.com', 'P.O. Box 547, 1141 Faucibus Ave', 'Calumet City', 'K6U 3K3', 'ON', 'Australia'),
(866, 'Amena', 'Edwards', '1964-03-04', 'massa@maurisInteger.org', 'P.O. Box 628, 5050 Fringilla Rd.', 'Provo', 'ZZ06 7GA', 'WIL', 'Iran, Islamic Republic of'),
(867, 'Christine', 'Nicholson', '1978-01-09', 'rhoncus.Nullam.velit@etarcu.com', '1969 Pharetra Av.', 'Kingston', '18919', 'YT', 'Western Sahara'),
(868, 'Kelly', 'Hart', '1946-07-23', 'quis.pede@imperdietornare.org', 'Ap #312-5971 Porttitor Rd.', 'Logan', '92611', 'FL', 'Croatia'),
(869, 'Hedy', 'Watts', '1979-04-03', 'ante@nonummyultricies.ca', 'Ap #886-7141 Cras St.', 'Charleston', 'R1C 6I7', 'NT', 'Norfolk Island'),
(870, 'Colleen', 'Hancock', '1982-04-06', 'Mauris@euismodin.org', '520-3815 Nullam Av.', 'Garden Grove', 'L41 5OU', 'Missouri', 'Dominican Republic'),
(871, 'Meredith', 'Holder', '1940-08-07', 'sed.orci@velvenenatis.org', 'P.O. Box 398, 5943 Sed St.', 'Lawndale', '62314', 'PE', 'USA'),
(872, 'Davis', 'Schwartz', '1982-10-18', 'tortor@amet.ca', 'Ap #289-2876 Vitae St.', 'New Kensington', '12774', 'CT', 'Poland'),
(873, 'Sloane', 'Roth', '1949-07-02', 'Sed.dictum@vestibulumMauris.edu', '6313 Tempor St.', 'Dana Point', '42333', 'BC', 'Finland'),
(874, 'Marsden', 'Calderon', '1920-12-31', 'Morbi@sagittisaugueeu.ca', '221-3570 Non, Rd.', 'Logan', '77829', 'KS', 'Angola'),
(875, 'Forrest', 'Watts', '1932-05-27', 'Duis@aliquet.com', 'P.O. Box 265, 6738 Cursus. St.', 'Newark', 'D5Z 8E8', 'North Riding of Yorkshire', 'Nigeria'),
(876, 'Rae', 'Hobbs', '1999-02-25', 'Vestibulum.ante.ipsum@nibhdolornonummy.ca', '3193 Egestas Street', 'La Palma', '03028', 'CA', 'USA'),
(877, 'Hunter', 'Nicholson', '1936-10-21', 'Pellentesque@malesuadavel.edu', '9757 Maecenas Road', 'Lansing', '77978', 'Quebec', 'Myanmar'),
(878, 'Danielle', 'Dickerson', '1927-03-31', 'at.egestas@Aliquamnec.edu', '7555 Dignissim Rd.', 'Ponce', '67955', 'LEX', 'UK'),
(879, 'Silas', 'Moreno', '1943-08-13', 'convallis@etmagnisdis.ca', '1736 Gravida. Avenue', 'Philadelphia', 'L3H 2Y0', 'TYR', 'Saint Kitts and Nevis'),
(880, 'Tasha', 'Wheeler', '1937-11-30', 'erat.eget.ipsum@egetvenenatis.edu', 'P.O. Box 462, 976 Suspendisse St.', 'Bremerton', '66288', 'Montgomeryshire', 'Ethiopia'),
(881, 'Daphne', 'Trujillo', '1967-11-09', 'massa@quisarcuvel.ca', 'P.O. Box 956, 6047 Nec Rd.', 'Davis', '39495', 'IA', 'Angola'),
(882, 'Oren', 'Davidson', '1990-11-03', 'Duis@sed.edu', 'P.O. Box 524, 5361 Amet, St.', 'Brigham City', 'I8V 6S2', 'NB', 'Vanuatu'),
(883, 'Sonya', 'Dejesus', '1965-03-26', 'Donec.nibh.Quisque@anteblandit.edu', 'P.O. Box 903, 7725 Fringilla Ave', 'Pierre', '15293', 'NU', 'Lebanon'),
(884, 'Ronan', 'Cummings', '1933-01-10', 'magnis.dis@tempordiam.ca', '8321 Imperdiet Av.', 'Milford', '39120', 'Nevada', 'Sierra Leone'),
(885, 'Hayden', 'Holder', '1931-06-18', 'amet.metus.Aliquam@at.com', '726-4427 Mattis Rd.', 'Duncan', 'V9Z 2V1', 'SK', 'Honduras'),
(886, 'Miranda', 'Stewart', '1947-11-30', 'non.egestas.a@Aeneanegetmagna.com', '238-4226 Pellentesque Avenue', 'Williamsburg', 'RW4 5WQ', 'Yukon', 'Saint Kitts and Nevis'),
(887, 'Shea', 'Lynch', '1980-04-16', 'primis.in@vulputate.com', 'P.O. Box 953, 1728 Vestibulum Av.', 'Durham', 'V1U 7N3', 'Lincolnshire', 'Tajikistan'),
(888, 'Emma', 'Bruce', '1969-07-16', 'et.netus.et@faucibusut.edu', 'P.O. Box 957, 9504 Malesuada Av.', 'Bridgeport', 'M3B 5B7', 'NT', 'Iran, Islamic Republic of'),
(889, 'Chanda', 'Brady', '1942-09-20', 'molestie.pharetra.nibh@Vestibulumuteros.ca', '1287 Inceptos Ave', 'Tustin', 'A9H 5F3', 'New Brunswick', 'Algeria'),
(890, 'Cameron', 'Gillespie', '1939-11-28', 'vel.arcu@leoelementum.org', '566-4715 Placerat, Ave', 'Gettysburg', 'ES3 1ZW', 'Morayshire', 'Pakistan'),
(891, 'Yuri', 'Guzman', '1946-10-01', 'nunc.sed.pede@Praesenteunulla.ca', 'P.O. Box 705, 2361 Eu, Av.', 'Manhattan Beach', 'E5 7WX', 'NC', 'Lebanon'),
(892, 'Kato', 'Craig', '1926-06-10', 'sit@feugiatLorem.ca', 'Ap #406-9322 Nam St.', 'Nanticoke', 'D2S 3R4', 'NU', 'Algeria'),
(893, 'Heather', 'Newman', '1991-11-13', 'facilisis.facilisis@elementumategestas.edu', 'Ap #957-4677 Ultricies Av.', 'Two Rivers', 'Y1F 1T4', 'Oklahoma', 'Benin'),
(894, 'Tana', 'Norton', '1930-10-24', 'mauris.blandit@nisi.com', 'P.O. Box 210, 8404 Pellentesque Street', 'Cape Girardeau', '06608', 'AL', 'Myanmar'),
(895, 'Oliver', 'Jensen', '1930-12-27', 'cursus.diam.at@nec.edu', 'Ap #650-5466 Iaculis Street', 'Providence', 'WI18 9UY', 'NU', 'Sweden'),
(896, 'Illiana', 'Thomas', '1920-09-18', 'fringilla@sagittislobortis.com', 'Ap #304-4600 Donec Av.', 'Burlington', 'N8N 6R4', 'Ontario', 'Cuba'),
(897, 'Macaulay', 'Summers', '1950-05-24', 'at.nisi@ligula.edu', 'Ap #583-6634 Rhoncus. St.', 'Warren', '81276', 'GMP', 'Iran, Islamic Republic of'),
(898, 'Timon', 'Guerrero', '1935-05-14', 'fringilla.euismod@orci.edu', 'P.O. Box 248, 1453 Nec St.', 'San Angelo', '76568', 'Newfoundland and Labrador', 'Qatar'),
(899, 'Christopher', 'Jenkins', '1980-01-12', 'cursus@luctusaliquetodio.org', 'Ap #611-1253 Egestas. St.', 'Richland', 'N4B 3D6', 'IN', 'USA'),
(900, 'Hope', 'Medina', '1946-03-20', 'tempor.lorem@erategettincidunt.org', '5879 Vel Street', 'Wahoo', '61925', 'NS', 'Malaysia'),
(901, 'Eagan', 'Hays', '1980-06-04', 'tincidunt.orci@egetmetuseu.edu', 'Ap #484-3163 Velit Av.', 'Woonsocket', '96567', 'Quebec', 'China'),
(902, 'Patrick', 'Franklin', '1965-09-28', 'convallis@dictummagnaUt.org', 'Ap #300-4202 Nisl. Rd.', 'La Habra', '49635', 'YT', 'Belize'),
(903, 'Nora', 'Kelley', '1946-02-24', 'accumsan.convallis.ante@lectussitamet.com', 'P.O. Box 132, 1328 Sit Rd.', 'Sitka', 'H92 7VW', 'Texas', 'Guyana'),
(904, 'Camille', 'Wiley', '1992-04-15', 'parturient@Proinsedturpis.com', '1053 Tellus St.', 'Champaign', 'Z3T 3E0', 'YT', 'Armenia'),
(905, 'Sebastian', 'Burnett', '1939-08-17', 'nisl.elementum@amet.org', 'P.O. Box 453, 1077 Sem St.', 'Baldwin Park', 'B7G 3M5', 'OK', 'Haiti'),
(906, 'Wing', 'Sharpe', '1928-11-26', 'Integer@Sed.edu', '8220 Semper Av.', 'West Covina', '08105', 'WGM', 'Eritrea'),
(907, 'Tate', 'Dale', '1929-06-29', 'Duis@at.org', 'Ap #482-9098 Sed St.', 'Monrovia', '57655', 'NU', 'Saint Vincent and The Grenadines'),
(908, 'McKenzie', 'Mueller', '1985-12-12', 'eget@enimnonnisi.ca', '372-1380 Nunc Avenue', 'Baltimore', 'Q2T 2W4', 'Northwest Territories', 'Poland'),
(909, 'Lisandra', 'Wilkerson', '1971-02-16', 'id.risus@dolordapibusgravida.edu', 'P.O. Box 159, 1015 Enim Ave', 'Lakewood', 'F3U 3A9', 'Northwest Territories', 'Bermuda'),
(910, 'Blaze', 'Soto', '1967-06-02', 'Integer.tincidunt.aliquam@pharetra.edu', 'P.O. Box 914, 2702 Luctus, St.', 'Des Moines', '41969', 'ON', 'USA'),
(911, 'Griffith', 'Christian', '1923-07-23', 'molestie.tortor.nibh@arcu.org', 'Ap #467-5830 Taciti Rd.', 'Sandy', '03544', 'BC', 'Syrian Arab Republic'),
(912, 'Murphy', 'Dejesus', '1971-08-16', 'Phasellus.libero@aliquetlibero.org', 'P.O. Box 728, 4431 Arcu. Avenue', 'Poughkeepsie', 'N4W 5S4', 'Pennsylvania', 'Samoa'),
(913, 'Xander', 'Richardson', '1955-06-20', 'sit.amet@loremvehicula.org', 'P.O. Box 747, 1285 Donec St.', 'Rapid City', '81320', 'YT', 'USA'),
(914, 'Cherokee', 'Webster', '1921-04-21', 'Mauris.quis@Nuncsollicitudincommodo.com', '8520 Mollis. Rd.', 'Lancaster', 'PT7L 5XU', 'Yukon', 'Suriname'),
(915, 'Murphy', 'Porter', '1978-03-02', 'quis@Nulla.com', '648-4993 Sodales. Rd.', 'Farmington', 'W6 2PD', 'Merseyside', 'Somalia'),
(916, 'Eagan', 'Jensen', '1921-11-23', 'libero.Proin@tortor.org', '6011 Risus Av.', 'Inglewood', 'X7H 4O9', 'British Columbia', 'Aruba'),
(917, 'Molly', 'Knight', '1935-11-12', 'ut.pharetra.sed@montesnasceturridiculus.ca', 'Ap #662-904 Ac St.', 'Logan', 'X44 6SU', 'South Dakota', 'Swaziland'),
(918, 'Simone', 'Alston', '1943-11-28', 'eleifend.vitae@semperduilectus.com', 'Ap #648-9602 Tincidunt, Road', 'Cicero', 'KE38 5AO', 'Shetland', 'Kyrgyzstan'),
(919, 'Tucker', 'Jennings', '1987-12-30', 'non.luctus@auctorquistristique.ca', '767-3828 Lorem Ave', 'Galveston', 'U3G 2D8', 'AL', 'Wallis and Futuna'),
(920, 'Maile', 'Gilmore', '1965-10-02', 'ut.erat.Sed@ligulaconsectetuerrhoncus.ca', 'P.O. Box 967, 6487 Amet Street', 'Temple City', '74706', 'Bute', 'Singapore'),
(921, 'Orli', 'Garrison', '1921-06-13', 'iaculis.aliquet.diam@magnanecquam.com', '727-3022 Dolor. St.', 'Miami', '40924', 'Nevada', 'Japan'),
(922, 'Edan', 'Chase', '1957-01-02', 'non@iderat.com', '6719 Purus. Ave', 'Plymouth', 'A80 9GA', 'Nova Scotia', 'Hungary'),
(923, 'Athena', 'Schwartz', '1927-06-09', 'lobortis.quam.a@nonnisiAenean.com', '6607 Tempor, St.', 'Santa Clara', 'N8R 5S7', 'FL', 'French Southern Territories'),
(924, 'Nell', 'Welch', '1976-01-25', 'Phasellus.fermentum.convallis@Crasegetnisi.edu', 'Ap #340-7552 Eu, Rd.', 'El Segundo', 'WG0T 9PL', 'Humberside', 'Colombia'),
(925, 'Catherine', 'Foley', '1988-07-29', 'tempor@Nunc.com', 'P.O. Box 735, 9847 Vel Ave', 'Simi Valley', '38145', 'Alberta', 'Kiribati'),
(926, 'Elliott', 'Roberson', '1982-09-02', 'vitae.sodales@nunc.com', '3522 Ut Ave', 'Laguna Beach', 'L7A 4C8', 'MOR', 'Portugal'),
(927, 'Unity', 'Mason', '1938-12-17', 'elit@elita.org', 'P.O. Box 611, 4016 Non, Rd.', 'Scottsdale', '69349', 'KS', 'Papua New Guinea'),
(928, 'Rooney', 'David', '1986-11-03', 'tincidunt.Donec@magnaNamligula.ca', 'Ap #603-571 Vitae Road', 'Oklahoma City', 'M0 3EA', 'FER', 'Cambodia'),
(929, 'Chanda', 'Graham', '1943-01-30', 'velit.eget.laoreet@necmollis.org', 'Ap #558-2326 Nulla. Av.', 'Fort Collins', 'Y2S 4G0', 'New Brunswick', 'Bhutan'),
(930, 'Jonas', 'Harvey', '1942-02-23', 'netus@tempus.com', '3087 Suspendisse St.', 'Parkersburg', 'Z37 9ON', 'QC', 'French Polynesia'),
(931, 'Carly', 'Hanson', '1980-03-20', 'lacus.Etiam@eunequepellentesque.org', '5055 A, Avenue', 'Williamsport', '60364', 'NU', 'UK'),
(932, 'Stephen', 'Haley', '1916-01-27', 'ante@Donecfelis.org', '731-2515 Amet Street', 'Durham', '23584', 'Aberdeenshire', 'Armenia'),
(933, 'Megan', 'Sellers', '1945-05-14', 'vulputate.mauris.sagittis@vestibulum.org', '948-6957 Congue, Rd.', 'Monterey Park', '82606', 'Yukon', 'Malta'),
(934, 'Quail', 'Reed', '1980-05-05', 'facilisis.non@maurisblandit.ca', 'Ap #582-535 Tellus Rd.', 'Wheeling', '51634', 'CT', 'Somalia'),
(935, 'Amela', 'Rose', '1984-04-12', 'ultricies.ornare@duiFusce.edu', 'P.O. Box 932, 911 Sapien. Rd.', 'Springdale', 'V9W 4B5', 'CMA', 'Niue'),
(936, 'Carissa', 'Gross', '1994-01-06', 'ullamcorper.eu.euismod@purusactellus.org', 'Ap #268-9147 Ridiculus Ave', 'Midwest City', '03592', 'ND', 'Andorra'),
(937, 'Candace', 'Hopper', '1982-06-29', 'facilisis.eget@lobortisquama.com', '2295 Nulla Av.', 'Morgan City', 'N9R 2AB', 'Surrey', 'Libyan Arab Jamahiriya'),
(938, 'Robert', 'Hines', '1971-02-19', 'Proin.mi@dictumeueleifend.com', 'Ap #293-4056 Cum Rd.', 'Glendora', '78475', 'Co. Monaghan', 'Romania'),
(939, 'Ann', 'White', '1966-02-17', 'Proin@egestaslacinia.ca', 'P.O. Box 934, 4750 Dictum Avenue', 'Parker', '05874', 'NV', 'Yemen'),
(940, 'Jesse', 'Cantrell', '1943-06-20', 'ligula.Nullam.enim@non.com', 'P.O. Box 765, 6251 Sagittis Ave', 'Hackensack', 'B8Y 1K8', 'Gloucestershire', 'USA'),
(941, 'Wylie', 'Mckinney', '1961-12-19', 'enim.Nunc.ut@Quisque.edu', 'Ap #966-9843 Vel Ave', 'Johnstown', 'CR3 9QL', 'New Mexico', 'Syrian Arab Republic'),
(942, 'Dalton', 'Cook', '1917-07-14', 'lorem.Donec.elementum@lectusantedictum.edu', '170-8257 Odio St.', 'Hollister', 'Z4J 6U2', 'ROC', 'Brunei Darussalam'),
(943, 'Kirsten', 'Crosby', '1949-06-13', 'nec.tempus@turpis.ca', 'P.O. Box 184, 7881 Sed, Road', 'Chico', 'F2D 6N8', 'QC', 'Anguilla'),
(944, 'Chadwick', 'Frank', '1970-12-31', 'scelerisque.neque@odiotristiquepharetra.com', '309-1796 Nulla St.', 'Lansing', 'K1 5OJ', 'British Columbia', 'Dominican Republic'),
(945, 'Armando', 'Hutchinson', '1939-09-18', 'consequat@sedsemegestas.org', 'P.O. Box 386, 2884 Orci, St.', 'Kearns', 'YO7 3TJ', 'DC', 'Libyan Arab Jamahiriya'),
(946, 'Jakeem', 'Campbell', '1967-07-27', 'dapibus.gravida@risusat.org', 'P.O. Box 520, 5036 In Road', 'Kingston', '02859', 'Newfoundland and Labrador', 'Poland'),
(947, 'Andrew', 'Wiggins', '1927-03-03', 'enim@tortor.com', 'P.O. Box 811, 381 Et Rd.', 'Edina', 'S04 7FI', 'MB', 'Iran, Islamic Republic of'),
(948, 'Montana', 'Romero', '1986-09-21', 'nascetur.ridiculus@vestibulum.ca', '427-5401 Placerat Road', 'Bay City', '39533', 'NS', 'USA'),
(949, 'Shay', 'Dean', '1981-11-13', 'Sed.eu.nibh@aliquam.edu', '8026 Massa St.', 'Medford', 'C3O 8P4', 'Saskatchewan', 'China'),
(950, 'Scarlet', 'Everett', '1945-01-04', 'magna.a@sagittissemper.edu', '593-4238 Quisque Street', 'Glen Cove', '55080', 'MA', 'Serbia and Montenegro'),
(951, 'Abra', 'Barrett', '1959-02-28', 'lacus.pede.sagittis@pellentesque.org', 'Ap #413-8384 Sed Rd.', 'Catskill', 'M3F 1T2', 'DGY', 'Sierra Leone'),
(952, 'Hollee', 'Guy', '1959-11-12', 'ut.nulla.Cras@nonlacinia.ca', 'Ap #386-9066 Sed St.', 'Warren', 'V4N 1Q5', 'Saskatchewan', 'Mexico'),
(953, 'Dakota', 'Sheppard', '1951-01-28', 'leo.in.lobortis@laoreetlectus.ca', 'Ap #494-7877 Tincidunt St.', 'Arlington', '13559', 'MB', 'Cocos (Keeling) Islands'),
(954, 'Kaden', 'Contreras', '1978-11-04', 'pede.blandit.congue@dui.com', '955-3690 Vel St.', 'Agawam', 'A7W 2D4', 'AB', 'Guyana'),
(955, 'Nicholas', 'Gonzales', '1929-01-07', 'ipsum.Curabitur.consequat@metus.ca', 'Ap #120-2594 Cursus Avenue', 'Michigan City', 'Y5H 7K5', 'Sutherland', 'Korea, Republic of'),
(956, 'Keane', 'Powers', '1969-08-19', 'commodo@aliquetmagna.ca', '2064 Diam St.', 'New Kensington', 'EG7D 7ZV', 'MN', 'Costa Rica'),
(957, 'Sasha', 'Hess', '1928-02-29', 'non.enim.commodo@Duiscursus.edu', '701-4548 Ante Rd.', 'Newburgh', 'B5O 8P3', 'NT', 'Liberia'),
(958, 'Keely', 'Golden', '1981-05-28', 'feugiat@laoreet.org', 'P.O. Box 376, 5167 Nibh St.', 'Stevens Point', 'D1F 6Q9', 'Monmouthshire', 'British Indian Ocean Territory'),
(959, 'Ciaran', 'Camacho', '1953-05-12', 'nunc.sed@sitamet.org', '500-3471 Felis St.', 'North Tonawanda', 'K1J 5H9', 'CAE', 'Bulgaria'),
(960, 'Jack', 'Rojas', '1992-08-03', 'cursus.et@egetmollis.edu', '278-8611 Accumsan Rd.', 'Springdale', 'VT9 9CJ', 'Leicestershire', 'Barbados'),
(961, 'Dolan', 'Peck', '1931-11-08', 'sed.facilisis@vulputate.org', 'Ap #514-5779 Interdum. St.', 'Rockville', 'H82 0SD', 'DEN', 'Costa Rica'),
(962, 'Ingrid', 'Mayo', '1946-10-09', 'leo.elementum@ultricies.edu', 'P.O. Box 449, 6072 Fermentum St.', 'Naperville', 'YK6T 6SM', 'Florida', 'Moldova'),
(963, 'Hilda', 'Hernandez', '1926-06-13', 'enim@lobortisClass.com', '916-8717 Nec Rd.', 'Beacon', '44201', 'ID', 'Qatar'),
(964, 'Irene', 'Peck', '1996-03-12', 'tempor@augue.org', 'P.O. Box 511, 2034 Eu Ave', 'Nenana', 'R8X 1I1', 'WYK', 'Hong Kong'),
(965, 'Fiona', 'Gould', '1974-08-08', 'metus.eu.erat@natoquepenatibus.edu', '8238 Dui. Road', 'Menomonee Falls', 'E7C 8O9', 'SK', 'Libyan Arab Jamahiriya'),
(966, 'Mason', 'Ray', '1976-08-22', 'odio.auctor.vitae@posuere.edu', 'P.O. Box 885, 8139 Feugiat. Road', 'Apple Valley', 'IS50 7JO', 'Rhode Island', 'Malta'),
(967, 'Dieter', 'Mcintyre', '1989-02-14', 'Praesent@lectusa.ca', '779-544 Mauris St.', 'Brookings', '41491', 'CT', 'Bahamas'),
(968, 'Talon', 'Slater', '1939-03-03', 'non.enim@ipsumnunc.com', 'P.O. Box 645, 4918 Rutrum Street', 'Los Angeles', 'Q1H 1GS', 'NT', 'Costa Rica'),
(969, 'Thomas', 'Carney', '1997-06-14', 'vitae@idrisusquis.edu', 'P.O. Box 979, 7848 Donec Rd.', 'Sioux Falls', 'F9X 4G0', 'Yukon', 'Viet Nam'),
(970, 'Marah', 'Frost', '1933-04-20', 'magna.Lorem.ipsum@maurisid.org', 'P.O. Box 321, 843 Nec Av.', 'Clarksville', '63162', 'SK', 'Syrian Arab Republic'),
(971, 'Veda', 'Chavez', '1976-08-15', 'arcu.Vestibulum.ut@acorci.com', '5756 Curabitur Road', 'Cohoes', '22819', 'MI', 'USA'),
(972, 'Garrison', 'Bartlett', '1993-01-08', 'nonummy.ut.molestie@quamelementumat.edu', 'Ap #905-4270 Justo. Rd.', 'Biddeford', '28851', 'PE', 'USA'),
(973, 'Ainsley', 'Townsend', '1915-07-09', 'felis.ullamcorper@Nullatinciduntneque.org', 'Ap #524-9646 Dictum Road', 'Green River', 'L1J 7AE', 'North Carolina', 'Saint Lucia'),
(974, 'Tatum', 'Moses', '1917-08-26', 'lacus.Quisque.imperdiet@sagittis.ca', 'Ap #120-3104 Ante. Ave', 'Charleston', 'NJ0R 7UR', 'Suffolk', 'Trinidad and Tobago'),
(975, 'Price', 'Golden', '1994-03-02', 'nibh.vulputate@et.org', '626-3397 Erat, Street', 'Orlando', 'I3R 4X4', 'NU', 'Japan'),
(976, 'Luke', 'Camacho', '1962-10-12', 'sem@vitaeeratvel.edu', 'P.O. Box 754, 7660 Libero. Road', 'Nampa', 'I3 7PB', 'Hampshire', 'Mauritania'),
(977, 'Anthony', 'Stevens', '1945-12-19', 'lorem.sit.amet@adipiscing.org', 'Ap #202-3462 Nunc Avenue', 'Rochester', 'J9N 7H2', 'TN', 'Saint Vincent and The Grenadines'),
(978, 'Jenette', 'Juarez', '1981-09-29', 'Pellentesque.ultricies.dignissim@Donectempor.com', 'P.O. Box 663, 8595 Commodo St.', 'Cincinnati', 'AB9X 6RE', 'YT', 'Papua New Guinea'),
(979, 'Catherine', 'Morrison', '1935-04-29', 'posuere@metusAeneansed.com', 'Ap #469-9719 Morbi Road', 'La Habra Heights', '05005', 'Idaho', 'Iraq'),
(980, 'Marshall', 'Adams', '1931-09-17', 'sem@nonsapien.ca', '996-2954 Cum Avenue', 'Trenton', 'J9F 4P2', 'IA', 'Algeria'),
(981, 'Buffy', 'Emerson', '1974-05-24', 'rhoncus.id@ipsumsodales.ca', '641-5861 Pede Street', 'Jeffersonville', 'VD8V 3HK', 'Idaho', 'Seychelles'),
(982, 'Devin', 'Russo', '1969-11-07', 'ut@orciinconsequat.com', 'Ap #250-6997 Vitae St.', 'Effingham', 'TL7 5GC', 'Monmouthshire', 'Holy See (Vatican City State)'),
(983, 'Melissa', 'Grant', '1956-12-17', 'sed.dui@Donecporttitor.com', 'P.O. Box 950, 6479 Fames Avenue', 'Frisco', '92639', 'Ohio', 'Haiti'),
(984, 'Moses', 'Ferrell', '1963-07-26', 'sodales.at.velit@facilisisnon.ca', 'P.O. Box 916, 9610 Facilisis Avenue', 'Hawthorne', 'RM5P 7EY', 'ROC', 'Congo'),
(985, 'Carol', 'Buckley', '1971-03-31', 'mi.felis@ametante.com', '553-991 Tincidunt St.', 'Fredericksburg', '95441', 'Sutherland', 'Kiribati'),
(986, 'Iris', 'Avila', '1986-03-20', 'in.lobortis@elementum.org', '8764 Facilisis Street', 'La Habra', 'O52 4MV', 'Connecticut', 'Kiribati'),
(987, 'Rana', 'Logan', '1971-12-14', 'suscipit.nonummy.Fusce@cursusin.ca', '373-232 Euismod Ave', 'Edina', 'N50 0VN', 'NE', 'Senegal'),
(988, 'John', 'Hammond', '1915-02-21', 'tincidunt.pede@adipiscing.org', '657-9764 Mi Rd.', 'Naperville', 'U1T 4D7', 'Somerset', 'Nigeria'),
(989, 'Myra', 'Dillon', '1992-05-31', 'netus@semmolestiesodales.com', 'P.O. Box 281, 671 Eu Ave', 'Stockton', 'N44 6DU', 'Herefordshire', 'Aruba'),
(990, 'Clementine', 'Cantu', '1923-02-11', 'sit.amet.faucibus@imperdiet.com', '2082 Tempor St.', 'Isle of Palms', 'H2X 8Q3', 'Co. Cavan', 'Andorra'),
(991, 'Samantha', 'Atkinson', '1978-06-22', 'eget@ultricies.com', 'Ap #893-7824 Est Rd.', 'Monterey', 'Q4M 8G2', 'SD', 'Svalbard and Jan Mayen'),
(992, 'Freya', 'Andrews', '1982-05-14', 'risus.Morbi.metus@semper.org', '5055 Libero St.', 'Villa Park', 'N9M 2G9', 'VA', 'Tunisia'),
(993, 'Nora', 'Pennington', '1936-03-27', 'pede.Nunc.sed@sedestNunc.com', '7102 Eu St.', 'Gardner', 'G7M 7Q9', 'SK', 'Mexico'),
(994, 'Barrett', 'Barlow', '1965-02-02', 'nonummy.ultricies@fermentumfermentumarcu.ca', '373-7856 Neque. Rd.', 'Clarksburg', 'B2J 7S1', 'Vermont', 'Seychelles'),
(995, 'Clarke', 'Frazier', '1938-06-21', 'rhoncus.Proin.nisl@dignissimmagnaa.ca', '690-7976 Aliquam Rd.', 'San Antonio', '75009', 'Cumberland', 'Algeria'),
(996, 'Vivien', 'Emerson', '1938-04-24', 'Suspendisse.aliquet.sem@etmagnis.com', '430-9043 Viverra. Road', 'Staunton', '64640', 'Wisconsin', 'Moldova'),
(997, 'Alexa', 'Davidson', '1962-11-10', 'libero.Proin@scelerisqueneque.edu', 'Ap #487-4367 Aliquet St.', 'Temecula', 'TV03 2SV', 'Northwest Territories', 'Montserrat'),
(998, 'Aquila', 'Curry', '1991-05-26', 'nascetur.ridiculus.mus@feugiat.edu', 'P.O. Box 817, 8142 Lectus Road', 'Marshfield', 'WL49 8SP', 'WLN', 'Italy'),
(999, 'Jonah', 'Knox', '1978-03-13', 'ultrices.a@lorem.org', 'P.O. Box 372, 9301 Auctor. St.', 'Savannah', 'LS0W 6WO', 'Nova Scotia', 'USA'),
(1000, 'Dillon', 'Mercer', '1944-07-18', 'Nunc.ac@aliquetmetusurna.ca', '5536 Nunc Av.', 'Buffalo', 'YL76 4QH', 'SXE', 'Nigeria'),
(1001, 'John', 'Smith', NULL, 'john.smith@theirisp.com.au', NULL, NULL, NULL, NULL, 'Australia'),
(1002, 'Weraa', 'a', '1980-09-11', 'weraaa@yahoo.com', '47 mcmillan', 'vic park', '6100', 'wa', 'australia ');

-- --------------------------------------------------------

--
-- Table structure for table `ORDER`
--

CREATE TABLE IF NOT EXISTS `ORDER` (
  `OrderID` int(8) NOT NULL AUTO_INCREMENT,
  `SalesRepID` int(8) NOT NULL,
  `CustomerID` int(8) NOT NULL,
  `OrderStatus` varchar(10) DEFAULT 'New',
  `PaymentMethod` varchar(100) DEFAULT NULL,
  `DatePurchased` datetime DEFAULT NULL,
  `ProductsTotalPrice` decimal(15,2) NOT NULL,
  `DeliveryPrice` decimal(15,2) NOT NULL,
  `OrderTotalPrice` decimal(15,2) NOT NULL,
  PRIMARY KEY (`OrderID`),
  KEY `SalesRepID` (`SalesRepID`),
  KEY `CustomerID` (`CustomerID`)
) ENGINE=InnoDB  DEFAULT CHARSET=utf8 AUTO_INCREMENT=420421 ;

--
-- Dumping data for table `ORDER`
--

INSERT INTO `ORDER` (`OrderID`, `SalesRepID`, `CustomerID`, `OrderStatus`, `PaymentMethod`, `DatePurchased`, `ProductsTotalPrice`, `DeliveryPrice`, `OrderTotalPrice`) VALUES
(1, 1, 816, 'Cancelled', 'Paypal', '2010-01-30 06:42:00', '0.00', '0.00', '0.00'),
(2, 4, 549, 'Closed', 'Paypal', '2010-02-02 01:05:00', '0.00', '0.00', '0.00'),
(3, 1, 106, 'Closed', 'Paypal', '2010-02-05 13:55:00', '0.00', '0.00', '0.00'),
(4, 2, 682, 'Closed', 'Paypal', '2010-02-05 16:59:00', '0.00', '0.00', '0.00'),
(5, 5, 750, 'Closed', 'Credit Card', '2010-02-08 06:18:00', '732.00', '50.00', '782.00'),
(6, 3, 173, 'Closed', 'Paypal', '2010-02-13 08:47:00', '160.00', '50.00', '210.00'),
(7, 1, 136, 'Closed', 'Credit Card', '2010-02-14 17:30:00', '8971.97', '50.00', '9021.97'),
(8, 1, 536, 'Closed', 'Credit Card', '2010-02-15 10:40:00', '651.00', '50.00', '701.00'),
(9, 1, 426, 'Closed', 'Credit Card', '2010-02-19 09:10:00', '0.00', '0.00', '0.00'),
(10, 4, 29, 'Closed', 'Credit Card', '2010-02-20 01:53:00', '653.00', '50.00', '703.00'),
(11, 5, 860, 'Closed', 'Paypal', '2010-02-21 00:24:00', '0.00', '0.00', '0.00'),
(12, 5, 20, 'Closed', 'Paypal', '2010-02-22 09:01:00', '83.00', '50.00', '133.00'),
(13, 5, 110, 'Closed', 'Credit Card', '2010-02-23 09:55:00', '999.99', '50.00', '1049.99'),
(14, 5, 605, 'Closed', 'Credit Card', '2010-02-24 17:58:00', '0.00', '0.00', '0.00'),
(15, 5, 665, 'Closed', 'Paypal', '2010-02-25 00:33:00', '6441.00', '50.00', '6491.00'),
(16, 4, 634, 'Closed', 'Credit Card', '2010-02-26 10:42:00', '0.00', '0.00', '0.00'),
(17, 3, 158, 'Closed', 'Paypal', '2010-02-27 11:09:00', '999.99', '50.00', '1049.99'),
(18, 3, 163, 'Closed', 'Credit Card', '2010-03-01 10:15:00', '871.00', '50.00', '921.00'),
(19, 5, 650, 'Closed', 'Credit Card', '2010-03-02 20:58:00', '104.00', '50.00', '154.00'),
(20, 3, 293, 'Closed', 'Credit Card', '2010-03-04 07:52:00', '2165.98', '50.00', '2215.98'),
(21, 3, 198, 'Closed', 'Credit Card', '2010-03-05 09:34:00', '6602.97', '50.00', '6652.97'),
(22, 3, 793, 'Closed', 'Paypal', '2010-03-05 12:06:00', '0.00', '0.00', '0.00'),
(23, 2, 867, 'Closed', 'Paypal', '2010-03-06 00:03:00', '0.00', '0.00', '0.00'),
(24, 4, 769, 'Closed', 'Credit Card', '2010-03-06 20:16:00', '0.00', '0.00', '0.00'),
(25, 4, 99, 'Closed', 'Paypal', '2010-03-10 22:38:00', '785.32', '50.00', '835.32'),
(26, 3, 368, 'Closed', 'Paypal', '2010-03-10 23:55:00', '3285.00', '50.00', '3335.00'),
(27, 5, 560, 'Closed', 'Paypal', '2010-03-12 20:49:00', '991.00', '30.00', '1021.00'),
(28, 3, 613, 'Closed', 'Credit Card', '2010-03-14 14:00:00', '2352.00', '50.00', '2402.00'),
(29, 2, 277, 'Closed', 'Credit Card', '2010-03-16 20:22:00', '0.00', '0.00', '0.00'),
(30, 2, 122, 'Closed', 'Credit Card', '2010-03-17 03:11:00', '0.00', '0.00', '0.00'),
(31, 2, 42, 'Closed', 'Paypal', '2010-03-17 17:55:00', '0.00', '0.00', '0.00'),
(32, 1, 956, 'Closed', 'Credit Card', '2010-03-18 04:34:00', '630.00', '50.00', '680.00'),
(33, 4, 69, 'Closed', 'Paypal', '2010-03-18 06:00:00', '0.00', '0.00', '0.00'),
(34, 3, 423, 'Closed', 'Paypal', '2010-03-19 12:56:00', '160.00', '50.00', '210.00'),
(35, 1, 151, 'Closed', 'Credit Card', '2010-03-22 01:49:00', '0.00', '0.00', '0.00'),
(36, 5, 20, 'Closed', 'Paypal', '2010-03-23 06:20:00', '0.00', '0.00', '0.00'),
(37, 1, 156, 'Closed', 'Paypal', '2010-03-24 03:20:00', '0.00', '0.00', '0.00'),
(38, 3, 58, 'Closed', 'Credit Card', '2010-03-24 22:52:00', '1820.00', '50.00', '1870.00'),
(39, 1, 401, 'Closed', 'Credit Card', '2010-03-25 16:27:00', '2012.00', '50.00', '2062.00'),
(40, 4, 94, 'Closed', 'Paypal', '2010-03-30 07:31:00', '211.00', '50.00', '261.00'),
(41, 1, 691, 'Closed', 'Paypal', '2010-04-02 04:18:00', '4709.97', '50.00', '4759.97'),
(42, 4, 104, 'Closed', 'Credit Card', '2010-04-02 23:37:00', '4926.00', '50.00', '4976.00'),
(43, 2, 732, 'Closed', 'Paypal', '2010-04-03 14:55:00', '0.00', '0.00', '0.00'),
(44, 4, 124, 'Closed', 'Paypal', '2010-04-03 20:35:00', '0.00', '0.00', '0.00'),
(45, 2, 567, 'Closed', 'Credit Card', '2010-04-04 01:20:00', '211.00', '50.00', '261.00'),
(46, 5, 505, 'Closed', 'Credit Card', '2010-04-04 10:39:00', '550.00', '50.00', '600.00'),
(47, 1, 351, 'Closed', 'Credit Card', '2010-04-06 12:01:00', '2170.00', '50.00', '2220.00'),
(48, 1, 951, 'Closed', 'Credit Card', '2010-04-07 12:25:00', '0.00', '0.00', '0.00'),
(49, 5, 885, 'Closed', 'Paypal', '2010-04-07 18:00:00', '0.00', '0.00', '0.00'),
(50, 1, 796, 'Closed', 'Credit Card', '2010-04-08 17:34:00', '83.00', '50.00', '133.00'),
(51, 4, 529, 'Closed', 'Credit Card', '2010-04-13 15:50:00', '241.00', '50.00', '291.00'),
(52, 4, 274, 'Closed', 'Paypal', '2010-04-14 04:37:00', '2012.00', '50.00', '2062.00'),
(53, 1, 51, 'Closed', 'Credit Card', '2010-04-15 06:59:00', '999.99', '50.00', '1049.99'),
(54, 4, 174, 'Closed', 'Paypal', '2010-04-15 12:05:00', '2715.00', '50.00', '2765.00'),
(55, 5, 820, 'Closed', 'Paypal', '2010-04-15 15:13:00', '160.00', '50.00', '210.00'),
(56, 3, 828, 'Closed', 'Credit Card', '2010-04-15 22:07:00', '6461.97', '50.00', '6511.97'),
(57, 5, 300, 'Closed', 'Credit Card', '2010-04-17 08:24:00', '653.00', '50.00', '703.00'),
(58, 1, 201, 'Closed', 'Credit Card', '2010-04-21 17:14:00', '0.00', '0.00', '0.00'),
(59, 3, 78, 'Closed', 'Credit Card', '2010-04-23 04:52:00', '503.00', '50.00', '553.00'),
(60, 4, 919, 'Closed', 'Credit Card', '2010-04-24 18:55:00', '2062.00', '50.00', '2112.00'),
(61, 5, 535, 'Closed', 'Paypal', '2010-04-26 00:47:00', '2481.98', '50.00', '2531.98'),
(62, 2, 982, 'Closed', 'Paypal', '2010-04-26 04:33:00', '353.00', '50.00', '403.00'),
(63, 4, 824, 'Closed', 'Paypal', '2010-04-30 04:48:00', '1428.00', '50.00', '1478.00'),
(64, 2, 202, 'Closed', 'Paypal', '2010-05-04 05:20:00', '0.00', '0.00', '0.00'),
(65, 3, 983, 'Closed', 'Paypal', '2010-05-05 11:05:00', '5308.00', '50.00', '5358.00'),
(66, 5, 245, 'Closed', 'Paypal', '2010-05-05 18:18:00', '83.00', '50.00', '133.00'),
(67, 5, 10, 'Closed', 'Paypal', '2010-05-06 01:42:00', '359.00', '50.00', '409.00'),
(68, 4, 649, 'Closed', 'Credit Card', '2010-05-08 05:43:00', '550.00', '50.00', '600.00'),
(69, 1, 646, 'Closed', 'Credit Card', '2010-05-08 09:18:00', '211.00', '50.00', '261.00'),
(70, 3, 808, 'Closed', 'Credit Card', '2010-05-08 21:47:00', '1632.00', '20.00', '1652.00'),
(71, 4, 679, 'Closed', 'Paypal', '2010-05-09 09:42:00', '0.00', '0.00', '0.00'),
(72, 2, 182, 'Closed', 'Credit Card', '2010-05-17 10:11:00', '0.00', '0.00', '0.00'),
(73, 1, 21, 'Closed', 'Paypal', '2010-05-18 07:40:00', '2020.00', '20.00', '2040.00'),
(74, 4, 419, 'Closed', 'Paypal', '2010-05-19 12:15:00', '785.32', '50.00', '835.32'),
(75, 3, 278, 'Closed', 'Credit Card', '2010-05-19 19:20:00', '0.00', '0.00', '0.00'),
(76, 5, 225, 'Cancelled', 'Credit Card', '2010-05-21 02:59:00', '871.00', '30.00', '901.00'),
(77, 3, 938, 'Closed', 'Paypal', '2010-05-21 16:55:00', '211.00', '50.00', '261.00'),
(78, 5, 620, 'Closed', 'Credit Card', '2010-05-23 11:14:00', '732.00', '50.00', '782.00'),
(79, 3, 88, 'Closed', 'Paypal', '2010-05-25 20:04:00', '0.00', '0.00', '0.00'),
(80, 5, 595, 'Closed', 'Credit Card', '2010-05-26 02:59:00', '653.00', '50.00', '703.00'),
(81, 1, 1, 'Closed', 'Paypal', '2010-05-28 05:02:00', '5304.00', '50.00', '5354.00'),
(82, 5, 775, 'Closed', 'Credit Card', '2010-05-30 04:41:00', '211.00', '50.00', '261.00'),
(83, 3, 798, 'Closed', 'Paypal', '2010-06-01 05:02:00', '0.00', '0.00', '0.00'),
(84, 4, 514, 'Closed', 'Paypal', '2010-06-02 20:22:00', '3570.62', '50.00', '3620.62'),
(85, 2, 702, 'Closed', 'Paypal', '2010-06-03 09:11:00', '0.00', '0.00', '0.00'),
(86, 1, 116, 'Closed', 'Credit Card', '2010-06-06 16:13:00', '0.00', '0.00', '0.00'),
(87, 3, 18, 'Closed', 'Credit Card', '2010-06-07 00:33:00', '5585.97', '50.00', '5635.97'),
(88, 1, 216, 'Closed', 'Credit Card', '2010-06-07 22:55:00', '4394.97', '50.00', '4444.97'),
(89, 1, 671, 'Cancelled', 'Credit Card', '2010-06-08 02:08:00', '653.00', '50.00', '703.00'),
(90, 1, 886, 'Closed', 'Credit Card', '2010-06-08 17:04:00', '0.00', '0.00', '0.00'),
(91, 4, 239, 'Closed', 'Credit Card', '2010-06-09 02:22:00', '241.00', '50.00', '291.00'),
(92, 1, 626, 'Cancelled', 'Paypal', '2010-06-10 14:08:00', '651.00', '50.00', '701.00'),
(93, 5, 795, 'Closed', 'Credit Card', '2010-06-11 05:07:00', '0.00', '0.00', '0.00'),
(94, 5, 915, 'Closed', 'Paypal', '2010-06-15 10:20:00', '785.32', '50.00', '835.32'),
(95, 1, 641, 'Closed', 'Credit Card', '2010-06-17 17:09:00', '305.00', '50.00', '355.00'),
(96, 4, 54, 'Closed', 'Paypal', '2010-06-21 20:28:00', '1946.00', '50.00', '1996.00'),
(97, 1, 321, 'Closed', 'Credit Card', '2010-06-25 17:35:00', '0.00', '0.00', '0.00'),
(98, 3, 633, 'Closed', 'Credit Card', '2010-06-28 05:32:00', '0.00', '0.00', '0.00'),
(99, 5, 850, 'Closed', 'Credit Card', '2010-06-29 21:22:00', '160.00', '30.00', '190.00'),
(100, 1, 901, 'Closed', 'Paypal', '2010-07-01 20:48:00', '904.00', '20.00', '924.00'),
(101, 4, 454, 'Closed', 'Credit Card', '2010-07-01 22:29:00', '3192.00', '50.00', '3242.00'),
(102, 1, 241, 'Closed', 'Paypal', '2010-07-07 02:31:00', '1946.00', '50.00', '1996.00'),
(103, 2, 117, 'Closed', 'Paypal', '2010-07-07 07:09:00', '0.00', '0.00', '0.00'),
(104, 2, 107, 'Closed', 'Credit Card', '2010-07-07 12:36:00', '1550.00', '50.00', '1600.00'),
(105, 4, 124, 'Closed', 'Credit Card', '2010-07-08 01:19:00', '0.00', '0.00', '0.00'),
(106, 3, 783, 'Closed', 'Paypal', '2010-07-08 05:51:00', '2670.64', '50.00', '2720.64'),
(107, 1, 21, 'Closed', 'Credit Card', '2010-07-09 19:20:00', '1032.00', '20.00', '1052.00'),
(108, 5, 890, 'Closed', 'Paypal', '2010-07-11 15:26:00', '0.00', '0.00', '0.00'),
(109, 1, 621, 'Closed', 'Credit Card', '2010-07-13 19:35:00', '83.00', '50.00', '133.00'),
(110, 3, 618, 'Closed', 'Credit Card', '2010-07-17 12:11:00', '999.99', '50.00', '1049.99'),
(111, 2, 182, 'Closed', 'Credit Card', '2010-07-17 19:27:00', '732.00', '50.00', '782.00'),
(112, 4, 934, 'Closed', 'Credit Card', '2010-07-22 10:05:00', '353.00', '50.00', '403.00'),
(113, 5, 420, 'Closed', 'Paypal', '2010-07-23 07:42:00', '305.00', '50.00', '355.00'),
(114, 4, 269, 'Closed', 'Paypal', '2010-07-23 21:16:00', '83.00', '50.00', '133.00'),
(115, 3, 98, 'Closed', 'Paypal', '2010-07-27 01:13:00', '0.00', '0.00', '0.00'),
(116, 1, 451, 'Closed', 'Paypal', '2010-07-27 16:30:00', '871.00', '50.00', '921.00'),
(117, 1, 831, 'Closed', 'Paypal', '2010-07-28 09:06:00', '305.00', '50.00', '355.00'),
(118, 4, 829, 'Closed', 'Paypal', '2010-07-28 12:26:00', '605.00', '50.00', '655.00'),
(119, 3, 53, 'Closed', 'Credit Card', '2010-07-29 03:39:00', '0.00', '0.00', '0.00'),
(120, 3, 678, 'Cancelled', 'Paypal', '2010-07-29 13:04:00', '732.00', '40.00', '772.00'),
(121, 5, 535, 'Closed', 'Credit Card', '2010-07-30 07:24:00', '0.00', '0.00', '0.00'),
(122, 4, 49, 'Closed', 'Paypal', '2010-07-31 13:40:00', '0.00', '0.00', '0.00'),
(123, 5, 545, 'Closed', 'Credit Card', '2010-08-01 20:06:00', '0.00', '0.00', '0.00'),
(124, 3, 378, 'Closed', 'Paypal', '2010-08-01 20:21:00', '3284.00', '50.00', '3334.00'),
(125, 1, 366, 'Closed', 'Credit Card', '2010-08-03 11:30:00', '292.00', '50.00', '342.00'),
(126, 1, 126, 'Closed', 'Paypal', '2010-08-05 06:45:00', '2481.98', '50.00', '2531.98'),
(127, 4, 299, 'Closed', 'Credit Card', '2010-08-05 07:28:00', '0.00', '0.00', '0.00'),
(128, 1, 816, 'Closed', 'Paypal', '2010-08-08 03:14:00', '160.00', '50.00', '210.00'),
(129, 4, 899, 'Closed', 'Paypal', '2010-08-08 16:30:00', '0.00', '0.00', '0.00'),
(130, 5, 975, 'Closed', 'Paypal', '2010-08-09 10:06:00', '241.00', '50.00', '291.00'),
(131, 2, 122, 'Closed', 'Credit Card', '2010-08-11 11:19:00', '0.00', '0.00', '0.00'),
(132, 4, 584, 'Closed', 'Credit Card', '2010-08-13 22:30:00', '999.99', '50.00', '1049.99'),
(133, 1, 196, 'Closed', 'Paypal', '2010-08-15 02:40:00', '785.32', '50.00', '835.32'),
(134, 2, 502, 'Closed', 'Credit Card', '2010-08-15 10:52:00', '653.00', '30.00', '683.00'),
(135, 2, 642, 'Closed', 'Credit Card', '2010-08-15 16:15:00', '785.32', '50.00', '835.32'),
(136, 3, 148, 'Closed', 'Credit Card', '2010-08-17 07:54:00', '651.00', '50.00', '701.00'),
(137, 3, 128, 'Closed', 'Paypal', '2010-08-17 12:12:00', '0.00', '0.00', '0.00'),
(138, 5, 310, 'Closed', 'Credit Card', '2010-08-18 02:21:00', '3081.00', '50.00', '3131.00'),
(139, 1, 951, 'Closed', 'Paypal', '2010-08-19 08:59:00', '241.00', '50.00', '291.00'),
(140, 4, 154, 'Closed', 'Credit Card', '2010-08-20 01:15:00', '359.00', '50.00', '409.00'),
(141, 3, 883, 'Closed', 'Paypal', '2010-08-20 12:57:00', '605.00', '50.00', '655.00'),
(142, 2, 72, 'Closed', 'Credit Card', '2010-08-22 02:37:00', '0.00', '0.00', '0.00'),
(143, 2, 777, 'Closed', 'Credit Card', '2010-08-22 13:44:00', '0.00', '0.00', '0.00'),
(144, 5, 30, 'Closed', 'Paypal', '2010-08-23 08:42:00', '0.00', '0.00', '0.00'),
(145, 1, 226, 'Closed', 'Paypal', '2010-08-25 19:28:00', '0.00', '0.00', '0.00'),
(146, 4, 199, 'Closed', 'Paypal', '2010-08-25 19:41:00', '0.00', '0.00', '0.00'),
(147, 3, 188, 'Closed', 'Credit Card', '2010-08-30 05:52:00', '2020.00', '50.00', '2070.00'),
(148, 3, 513, 'Closed', 'Paypal', '2010-08-31 08:54:00', '353.00', '50.00', '403.00'),
(149, 1, 46, 'Closed', 'Paypal', '2010-08-31 14:52:00', '732.00', '10.00', '742.00'),
(150, 2, 182, 'Closed', 'Credit Card', '2010-09-03 18:25:00', '0.00', '0.00', '0.00'),
(151, 5, 150, 'Closed', 'Paypal', '2010-09-08 03:07:00', '991.00', '50.00', '1041.00'),
(152, 1, 661, 'Closed', 'Credit Card', '2010-09-12 08:19:00', '0.00', '0.00', '0.00'),
(153, 3, 543, 'Closed', 'Credit Card', '2010-09-12 13:33:00', '104.00', '50.00', '154.00'),
(154, 5, 415, 'Closed', 'Paypal', '2010-09-14 15:40:00', '292.00', '50.00', '342.00'),
(155, 5, 160, 'Closed', 'Credit Card', '2010-09-14 16:30:00', '2302.00', '50.00', '2352.00'),
(156, 2, 757, 'Closed', 'Paypal', '2010-09-16 02:46:00', '292.00', '10.00', '302.00'),
(157, 4, 184, 'Closed', 'Credit Card', '2010-09-17 15:57:00', '0.00', '0.00', '0.00'),
(158, 2, 42, 'Closed', 'Paypal', '2010-09-19 06:32:00', '0.00', '0.00', '0.00'),
(159, 5, 380, 'Closed', 'Credit Card', '2010-09-19 16:26:00', '305.00', '30.00', '335.00'),
(160, 2, 32, 'Closed', 'Paypal', '2010-09-20 20:10:00', '3484.00', '50.00', '3534.00'),
(161, 2, 867, 'Closed', 'Paypal', '2010-09-21 02:36:00', '359.00', '50.00', '409.00'),
(162, 2, 162, 'Closed', 'Credit Card', '2010-09-22 10:47:00', '5373.96', '50.00', '5423.96'),
(163, 3, 198, 'Closed', 'Credit Card', '2010-09-22 22:41:00', '0.00', '0.00', '0.00'),
(164, 5, 155, 'Closed', 'Credit Card', '2010-09-27 07:07:00', '124.00', '50.00', '174.00'),
(165, 5, 210, 'Closed', 'Paypal', '2010-09-27 10:13:00', '999.99', '50.00', '1049.99'),
(166, 3, 463, 'Closed', 'Paypal', '2010-09-30 16:55:00', '0.00', '0.00', '0.00'),
(167, 1, 156, 'Closed', 'Credit Card', '2010-10-04 05:13:00', '0.00', '0.00', '0.00'),
(168, 3, 703, 'Closed', 'Credit Card', '2010-10-06 00:06:00', '750.00', '50.00', '800.00'),
(169, 2, 212, 'Closed', 'Credit Card', '2010-10-07 21:22:00', '6664.92', '50.00', '6714.92'),
(170, 4, 64, 'Closed', 'Credit Card', '2010-10-08 01:48:00', '83.00', '50.00', '133.00'),
(171, 4, 509, 'Closed', 'Paypal', '2010-10-10 02:32:00', '991.00', '50.00', '1041.00'),
(172, 1, 466, 'Closed', 'Paypal', '2010-10-11 15:33:00', '359.00', '50.00', '409.00'),
(173, 3, 858, 'Closed', 'Credit Card', '2010-10-15 23:56:00', '732.00', '50.00', '782.00'),
(174, 4, 839, 'Closed', 'Credit Card', '2010-10-16 13:09:00', '0.00', '0.00', '0.00'),
(175, 1, 916, 'Closed', 'Paypal', '2010-10-21 23:43:00', '785.32', '50.00', '835.32'),
(176, 5, 10, 'Closed', 'Credit Card', '2010-10-24 01:50:00', '359.00', '50.00', '409.00'),
(177, 2, 422, 'Closed', 'Credit Card', '2010-10-25 19:20:00', '503.00', '50.00', '553.00'),
(178, 5, 790, 'Closed', 'Paypal', '2010-10-26 14:14:00', '0.00', '0.00', '0.00'),
(179, 3, 393, 'Closed', 'Credit Card', '2010-10-27 20:55:00', '2180.64', '50.00', '2230.64'),
(180, 2, 967, 'Closed', 'Credit Card', '2010-10-29 21:16:00', '4239.00', '50.00', '4289.00'),
(181, 5, 105, 'Closed', 'Credit Card', '2010-10-30 22:18:00', '2576.64', '50.00', '2626.64'),
(182, 1, 686, 'Closed', 'Paypal', '2010-10-31 10:09:00', '0.00', '0.00', '0.00'),
(183, 3, 468, 'Cancelled', 'Paypal', '2010-11-01 09:49:00', '0.00', '0.00', '0.00'),
(184, 4, 24, 'Closed', 'Paypal', '2010-11-02 03:52:00', '0.00', '0.00', '0.00'),
(185, 5, 135, 'Cancelled', 'Credit Card', '2010-11-03 05:21:00', '0.00', '0.00', '0.00'),
(186, 2, 817, 'Closed', 'Credit Card', '2010-11-03 11:41:00', '10585.28', '50.00', '10635.28'),
(187, 3, 413, 'Closed', 'Credit Card', '2010-11-04 16:38:00', '732.00', '50.00', '782.00'),
(188, 5, 390, 'Closed', 'Paypal', '2010-11-05 00:37:00', '2170.00', '50.00', '2220.00'),
(189, 1, 221, 'Closed', 'Credit Card', '2010-11-06 00:11:00', '359.00', '50.00', '409.00'),
(190, 2, 652, 'Closed', 'Credit Card', '2010-11-07 23:10:00', '0.00', '0.00', '0.00'),
(191, 4, 769, 'Cancelled', 'Credit Card', '2010-11-09 18:21:00', '0.00', '0.00', '0.00'),
(192, 1, 151, 'Closed', 'Paypal', '2010-11-10 04:57:00', '0.00', '0.00', '0.00'),
(193, 4, 29, 'Closed', 'Paypal', '2010-11-12 11:42:00', '3750.96', '50.00', '3800.96'),
(194, 1, 776, 'Cancelled', 'Paypal', '2010-11-13 05:55:00', '871.00', '50.00', '921.00'),
(195, 2, 272, 'Closed', 'Paypal', '2010-11-13 11:52:00', '550.00', '50.00', '600.00'),
(196, 2, 27, 'Closed', 'Paypal', '2010-11-13 18:02:00', '0.00', '0.00', '0.00'),
(197, 3, 328, 'Closed', 'Credit Card', '2010-11-14 04:51:00', '999.99', '50.00', '1049.99'),
(198, 2, 917, 'Closed', 'Credit Card', '2010-11-15 05:11:00', '605.00', '50.00', '655.00'),
(199, 4, 904, 'Closed', 'Paypal', '2010-11-15 05:53:00', '999.99', '50.00', '1049.99'),
(200, 1, 121, 'Closed', 'Paypal', '2010-11-19 12:51:00', '1328.00', '50.00', '1378.00'),
(201, 4, 614, 'Closed', 'Paypal', '2010-11-19 19:29:00', '503.00', '50.00', '553.00'),
(202, 5, 175, 'Closed', 'Paypal', '2010-11-21 20:59:00', '104.00', '50.00', '154.00'),
(203, 2, 347, 'Closed', 'Paypal', '2010-11-22 04:58:00', '0.00', '0.00', '0.00'),
(204, 3, 183, 'Closed', 'Credit Card', '2010-11-24 01:54:00', '1302.00', '50.00', '1352.00'),
(205, 1, 941, 'Closed', 'Paypal', '2010-11-24 22:05:00', '104.00', '50.00', '154.00'),
(206, 4, 114, 'Closed', 'Paypal', '2010-11-25 19:53:00', '991.00', '50.00', '1041.00'),
(207, 3, 638, 'Closed', 'Credit Card', '2010-11-26 01:49:00', '0.00', '0.00', '0.00'),
(208, 5, 480, 'Closed', 'Credit Card', '2010-11-28 19:21:00', '0.00', '0.00', '0.00'),
(209, 4, 44, 'Closed', 'Credit Card', '2010-11-30 02:04:00', '0.00', '0.00', '0.00'),
(210, 3, 78, 'Closed', 'Credit Card', '2010-11-30 09:14:00', '0.00', '0.00', '0.00'),
(211, 2, 607, 'Closed', 'Credit Card', '2010-11-30 11:47:00', '0.00', '0.00', '0.00'),
(212, 5, 855, 'Closed', 'Paypal', '2010-11-30 18:32:00', '292.00', '50.00', '342.00'),
(213, 5, 925, 'Closed', 'Paypal', '2010-12-03 07:59:00', '2952.00', '50.00', '3002.00'),
(214, 4, 159, 'Closed', 'Credit Card', '2010-12-05 11:39:00', '0.00', '0.00', '0.00'),
(215, 2, 62, 'Closed', 'Credit Card', '2010-12-05 16:34:00', '5976.00', '20.00', '5996.00'),
(216, 2, 762, 'Closed', 'Paypal', '2010-12-07 18:39:00', '12735.00', '50.00', '12785.00'),
(217, 4, 119, 'Cancelled', 'Paypal', '2010-12-07 22:49:00', '0.00', '0.00', '0.00'),
(218, 4, 424, 'Closed', 'Credit Card', '2010-12-08 07:53:00', '83.00', '50.00', '133.00'),
(219, 2, 517, 'Closed', 'Credit Card', '2010-12-11 20:15:00', '1890.00', '50.00', '1940.00'),
(220, 2, 702, 'Closed', 'Credit Card', '2010-12-16 00:26:00', '1784.00', '50.00', '1834.00'),
(221, 1, 111, 'Closed', 'Paypal', '2010-12-18 22:56:00', '651.00', '50.00', '701.00'),
(222, 5, 580, 'Closed', 'Credit Card', '2010-12-20 13:20:00', '3288.00', '50.00', '3338.00'),
(223, 5, 550, 'Closed', 'Credit Card', '2010-12-22 23:12:00', '305.00', '50.00', '355.00'),
(224, 3, 118, 'Closed', 'Credit Card', '2010-12-23 12:16:00', '2421.98', '40.00', '2461.98'),
(225, 3, 613, 'Cancelled', 'Credit Card', '2010-12-24 04:28:00', '3585.00', '50.00', '3635.00'),
(226, 4, 314, 'Closed', 'Paypal', '2010-12-24 17:57:00', '2872.64', '50.00', '2922.64'),
(227, 5, 350, 'Closed', 'Paypal', '2010-12-28 11:02:00', '0.00', '0.00', '0.00'),
(228, 4, 704, 'Closed', 'Credit Card', '2010-12-29 17:25:00', '1784.00', '50.00', '1834.00'),
(229, 2, 837, 'Closed', 'Credit Card', '2011-01-02 01:37:00', '6618.96', '50.00', '6668.96'),
(230, 5, 980, 'Closed', 'Paypal', '2011-01-03 19:21:00', '0.00', '0.00', '0.00'),
(231, 5, 905, 'Closed', 'Credit Card', '2011-01-05 10:23:00', '4185.96', '50.00', '4235.96'),
(232, 5, 105, 'Closed', 'Credit Card', '2011-01-05 18:00:00', '0.00', '0.00', '0.00'),
(233, 2, 482, 'Closed', 'Credit Card', '2011-01-08 17:08:00', '1784.00', '50.00', '1834.00'),
(234, 4, 104, 'Closed', 'Credit Card', '2011-01-09 20:09:00', '0.00', '0.00', '0.00'),
(235, 3, 338, 'Closed', 'Paypal', '2011-01-11 00:54:00', '211.00', '50.00', '261.00'),
(236, 3, 143, 'Closed', 'Credit Card', '2011-01-16 04:47:00', '2770.00', '30.00', '2800.00'),
(237, 3, 583, 'Closed', 'Credit Card', '2011-01-17 13:06:00', '0.00', '0.00', '0.00'),
(238, 2, 897, 'Closed', 'Credit Card', '2011-01-20 13:05:00', '83.00', '50.00', '133.00'),
(239, 4, 34, 'Closed', 'Credit Card', '2011-01-22 06:10:00', '83.00', '50.00', '133.00'),
(240, 3, 718, 'Closed', 'Paypal', '2011-01-22 13:04:00', '871.00', '50.00', '921.00'),
(241, 1, 951, 'Closed', 'Paypal', '2011-01-23 03:26:00', '1026.00', '50.00', '1076.00'),
(242, 3, 788, 'Closed', 'Paypal', '2011-01-23 17:19:00', '0.00', '0.00', '0.00'),
(243, 1, 236, 'Closed', 'Credit Card', '2011-01-25 08:55:00', '0.00', '0.00', '0.00'),
(244, 4, 99, 'Closed', 'Credit Card', '2011-01-27 10:21:00', '871.00', '50.00', '921.00'),
(245, 5, 740, 'Closed', 'Credit Card', '2011-01-28 07:39:00', '241.00', '30.00', '271.00'),
(246, 4, 159, 'Closed', 'Paypal', '2011-01-28 15:01:00', '305.00', '40.00', '345.00'),
(247, 3, 58, 'Closed', 'Paypal', '2011-01-28 20:10:00', '605.00', '50.00', '655.00'),
(248, 1, 91, 'Closed', 'Paypal', '2011-01-29 03:04:00', '7945.28', '50.00', '7995.28'),
(249, 3, 473, 'Closed', 'Paypal', '2011-01-29 06:06:00', '0.00', '0.00', '0.00'),
(250, 4, 804, 'Closed', 'Paypal', '2011-01-29 09:00:00', '0.00', '0.00', '0.00'),
(251, 2, 397, 'Closed', 'Credit Card', '2011-01-30 11:45:00', '7664.00', '50.00', '7714.00'),
(252, 2, 67, 'Closed', 'Credit Card', '2011-02-04 06:06:00', '2952.00', '50.00', '3002.00'),
(253, 5, 30, 'Closed', 'Paypal', '2011-02-04 13:54:00', '160.00', '50.00', '210.00'),
(254, 3, 983, 'Closed', 'Paypal', '2011-02-04 16:21:00', '2048.00', '50.00', '2098.00'),
(255, 4, 114, 'Closed', 'Credit Card', '2011-02-04 21:21:00', '0.00', '0.00', '0.00'),
(256, 3, 558, 'Closed', 'Paypal', '2011-02-05 12:08:00', '5040.00', '50.00', '5090.00'),
(257, 1, 136, 'Closed', 'Paypal', '2011-02-07 01:54:00', '160.00', '50.00', '210.00'),
(258, 4, 689, 'Closed', 'Paypal', '2011-02-08 16:26:00', '0.00', '0.00', '0.00'),
(259, 4, 509, 'Closed', 'Paypal', '2011-02-08 19:26:00', '785.32', '50.00', '835.32'),
(260, 2, 802, 'Closed', 'Credit Card', '2011-02-08 21:11:00', '4734.00', '50.00', '4784.00'),
(261, 2, 672, 'Closed', 'Credit Card', '2011-02-14 04:39:00', '2583.98', '50.00', '2633.98'),
(262, 1, 846, 'Closed', 'Paypal', '2011-02-16 02:09:00', '0.00', '0.00', '0.00'),
(263, 1, 971, 'Closed', 'Paypal', '2011-02-16 19:17:00', '9669.28', '30.00', '9699.28'),
(264, 2, 817, 'Closed', 'Credit Card', '2011-02-19 21:12:00', '0.00', '0.00', '0.00'),
(265, 1, 366, 'Closed', 'Paypal', '2011-02-21 13:11:00', '0.00', '0.00', '0.00'),
(266, 1, 101, 'Closed', 'Paypal', '2011-02-23 00:57:00', '991.00', '50.00', '1041.00'),
(267, 3, 953, 'Closed', 'Paypal', '2011-02-23 14:06:00', '241.00', '50.00', '291.00'),
(268, 5, 845, 'Closed', 'Credit Card', '2011-02-23 18:55:00', '0.00', '0.00', '0.00'),
(269, 1, 611, 'Closed', 'Credit Card', '2011-02-24 20:44:00', '0.00', '0.00', '0.00'),
(270, 5, 955, 'Cancelled', 'Credit Card', '2011-02-25 05:56:00', '0.00', '0.00', '0.00'),
(271, 5, 765, 'Closed', 'Paypal', '2011-02-27 02:31:00', '2406.00', '50.00', '2456.00'),
(272, 4, 739, 'Closed', 'Credit Card', '2011-02-28 11:11:00', '2842.00', '50.00', '2892.00'),
(273, 5, 190, 'Closed', 'Credit Card', '2011-03-01 23:57:00', '0.00', '0.00', '0.00'),
(274, 1, 606, 'Closed', 'Paypal', '2011-03-04 22:19:00', '0.00', '0.00', '0.00'),
(275, 1, 916, 'Closed', 'Credit Card', '2011-03-05 05:31:00', '0.00', '0.00', '0.00'),
(276, 2, 432, 'Closed', 'Credit Card', '2011-03-05 23:09:00', '653.00', '50.00', '703.00'),
(277, 5, 820, 'Closed', 'Paypal', '2011-03-10 07:17:00', '0.00', '0.00', '0.00'),
(278, 2, 27, 'Closed', 'Credit Card', '2011-03-11 09:32:00', '0.00', '0.00', '0.00'),
(279, 2, 342, 'Closed', 'Paypal', '2011-03-13 17:57:00', '0.00', '0.00', '0.00'),
(280, 1, 61, 'Cancelled', 'Credit Card', '2011-03-15 04:13:00', '0.00', '0.00', '0.00'),
(281, 2, 157, 'Closed', 'Paypal', '2011-03-15 18:21:00', '0.00', '0.00', '0.00'),
(282, 5, 120, 'Closed', 'Credit Card', '2011-03-16 04:17:00', '0.00', '0.00', '0.00'),
(283, 5, 410, 'Closed', 'Credit Card', '2011-03-19 19:35:00', '871.00', '30.00', '901.00'),
(284, 5, 110, 'Closed', 'Paypal', '2011-03-19 20:22:00', '2308.00', '50.00', '2358.00'),
(285, 2, 547, 'Closed', 'Credit Card', '2011-03-20 19:57:00', '999.99', '50.00', '1049.99'),
(286, 5, 30, 'Closed', 'Paypal', '2011-03-21 09:09:00', '0.00', '0.00', '0.00'),
(287, 1, 781, 'Closed', 'Paypal', '2011-03-22 08:22:00', '305.00', '50.00', '355.00'),
(288, 5, 95, 'Closed', 'Credit Card', '2011-03-26 11:03:00', '0.00', '0.00', '0.00'),
(289, 3, 198, 'Closed', 'Credit Card', '2011-03-28 13:15:00', '0.00', '0.00', '0.00'),
(290, 2, 682, 'Closed', 'Credit Card', '2011-03-29 09:34:00', '1794.00', '50.00', '1844.00'),
(291, 2, 22, 'Closed', 'Credit Card', '2011-03-30 18:02:00', '0.00', '0.00', '0.00'),
(292, 3, 388, 'Closed', 'Paypal', '2011-03-30 23:04:00', '5692.00', '50.00', '5742.00'),
(293, 2, 707, 'Closed', 'Credit Card', '2011-03-31 09:26:00', '104.00', '50.00', '154.00'),
(294, 1, 266, 'Closed', 'Credit Card', '2011-04-01 05:24:00', '1458.00', '50.00', '1508.00'),
(295, 5, 725, 'Closed', 'Credit Card', '2011-04-03 03:39:00', '0.00', '0.00', '0.00'),
(296, 1, 106, 'Closed', 'Paypal', '2011-04-05 03:25:00', '0.00', '0.00', '0.00'),
(297, 4, 854, 'Closed', 'Paypal', '2011-04-05 04:54:00', '2448.00', '50.00', '2498.00'),
(298, 1, 326, 'Closed', 'Credit Card', '2011-04-08 15:10:00', '871.00', '50.00', '921.00'),
(299, 4, 199, 'Closed', 'Paypal', '2011-04-11 01:30:00', '0.00', '0.00', '0.00'),
(300, 2, 167, 'Closed', 'Paypal', '2011-04-12 17:51:00', '0.00', '0.00', '0.00'),
(301, 3, 188, 'Closed', 'Credit Card', '2011-04-12 23:05:00', '160.00', '50.00', '210.00'),
(302, 4, 759, 'Closed', 'Credit Card', '2011-04-14 08:29:00', '0.00', '0.00', '0.00'),
(303, 4, 974, 'Closed', 'Paypal', '2011-04-15 15:39:00', '0.00', '0.00', '0.00'),
(304, 4, 889, 'Closed', 'Paypal', '2011-04-17 21:05:00', '605.00', '50.00', '655.00'),
(305, 2, 637, 'Closed', 'Credit Card', '2011-04-22 15:20:00', '83.00', '50.00', '133.00'),
(306, 1, 76, 'Closed', 'Paypal', '2011-04-24 12:53:00', '0.00', '0.00', '0.00'),
(307, 4, 894, 'Closed', 'Paypal', '2011-04-25 10:43:00', '2216.00', '50.00', '2266.00'),
(308, 3, 828, 'Closed', 'Paypal', '2011-04-27 13:32:00', '104.00', '50.00', '154.00'),
(309, 4, 809, 'Closed', 'Credit Card', '2011-04-28 06:28:00', '0.00', '0.00', '0.00'),
(310, 3, 178, 'Closed', 'Paypal', '2011-04-29 22:38:00', '0.00', '0.00', '0.00'),
(311, 5, 85, 'Closed', 'Paypal', '2011-05-01 08:51:00', '0.00', '0.00', '0.00'),
(312, 1, 651, 'Cancelled', 'Paypal', '2011-05-02 07:25:00', '3642.00', '50.00', '3692.00'),
(313, 3, 418, 'Closed', 'Credit Card', '2011-05-03 11:18:00', '0.00', '0.00', '0.00'),
(314, 5, 960, 'Closed', 'Paypal', '2011-05-04 07:42:00', '0.00', '0.00', '0.00'),
(315, 1, 191, 'Closed', 'Credit Card', '2011-05-06 16:16:00', '653.00', '50.00', '703.00'),
(316, 4, 59, 'Closed', 'Paypal', '2011-05-09 09:35:00', '160.00', '20.00', '180.00'),
(317, 1, 81, 'Closed', 'Credit Card', '2011-05-11 06:26:00', '0.00', '0.00', '0.00'),
(318, 5, 945, 'Closed', 'Paypal', '2011-05-12 22:58:00', '1638.00', '50.00', '1688.00'),
(319, 5, 825, 'Closed', 'Credit Card', '2011-05-20 05:13:00', '1488.00', '50.00', '1538.00'),
(320, 1, 581, 'Closed', 'Paypal', '2011-05-21 06:58:00', '292.00', '50.00', '342.00'),
(321, 1, 496, 'Closed', 'Paypal', '2011-05-22 19:46:00', '0.00', '0.00', '0.00'),
(322, 2, 917, 'Closed', 'Credit Card', '2011-05-23 04:57:00', '4482.00', '50.00', '4532.00'),
(323, 4, 489, 'Closed', 'Paypal', '2011-05-23 05:48:00', '999.99', '50.00', '1049.99'),
(324, 2, 497, 'Closed', 'Credit Card', '2011-05-27 14:04:00', '0.00', '0.00', '0.00'),
(325, 4, 89, 'Closed', 'Credit Card', '2011-05-28 02:44:00', '653.00', '50.00', '703.00'),
(326, 2, 557, 'Cancelled', 'Credit Card', '2011-05-28 08:03:00', '0.00', '0.00', '0.00'),
(327, 3, 748, 'Closed', 'Paypal', '2011-05-28 12:24:00', '0.00', '0.00', '0.00'),
(328, 5, 410, 'Closed', 'Paypal', '2011-05-29 08:05:00', '1488.00', '30.00', '1518.00'),
(329, 5, 40, 'Closed', 'Credit Card', '2011-05-30 06:40:00', '2700.00', '50.00', '2750.00'),
(330, 2, 512, 'Closed', 'Credit Card', '2011-05-30 14:07:00', '4284.00', '50.00', '4334.00'),
(331, 5, 425, 'Closed', 'Paypal', '2011-06-01 10:50:00', '844.00', '50.00', '894.00'),
(332, 1, 416, 'Closed', 'Paypal', '2011-06-02 23:04:00', '1616.00', '50.00', '1666.00'),
(333, 2, 182, 'Closed', 'Credit Card', '2011-06-05 06:37:00', '5728.00', '50.00', '5778.00'),
(334, 3, 503, 'Closed', 'Credit Card', '2011-06-05 13:07:00', '2326.00', '30.00', '2356.00'),
(335, 3, 153, 'Closed', 'Paypal', '2011-06-10 21:30:00', '0.00', '0.00', '0.00'),
(336, 4, 419, 'Closed', 'Paypal', '2011-06-13 03:22:00', '0.00', '0.00', '0.00'),
(337, 5, 105, 'Closed', 'Paypal', '2011-06-13 06:08:00', '104.00', '50.00', '154.00'),
(338, 3, 418, 'Closed', 'Paypal', '2011-06-14 15:31:00', '0.00', '0.00', '0.00'),
(339, 3, 598, 'Closed', 'Paypal', '2011-06-15 23:42:00', '3048.00', '50.00', '3098.00'),
(340, 1, 526, 'Closed', 'Credit Card', '2011-06-16 02:34:00', '0.00', '0.00', '0.00'),
(341, 2, 152, 'Closed', 'Paypal', '2011-06-16 15:45:00', '1488.00', '50.00', '1538.00'),
(342, 4, 594, 'Closed', 'Credit Card', '2011-06-16 22:50:00', '83.00', '30.00', '113.00'),
(343, 2, 687, 'Closed', 'Credit Card', '2011-06-17 20:38:00', '0.00', '0.00', '0.00'),
(344, 3, 678, 'Closed', 'Paypal', '2011-06-18 07:56:00', '2074.00', '40.00', '2114.00'),
(345, 1, 796, 'Closed', 'Credit Card', '2011-06-20 13:36:00', '3384.00', '50.00', '3434.00'),
(346, 2, 47, 'Closed', 'Credit Card', '2011-06-21 18:23:00', '0.00', '0.00', '0.00'),
(347, 4, 949, 'Closed', 'Credit Card', '2011-06-22 00:34:00', '0.00', '0.00', '0.00'),
(348, 4, 139, 'Closed', 'Credit Card', '2011-06-22 07:57:00', '999.99', '10.00', '1009.99'),
(349, 2, 592, 'Closed', 'Paypal', '2011-06-26 02:59:00', '0.00', '0.00', '0.00'),
(350, 1, 681, 'Closed', 'Paypal', '2011-06-26 03:15:00', '1188.00', '50.00', '1238.00'),
(351, 2, 412, 'Closed', 'Paypal', '2011-06-27 05:37:00', '124.00', '50.00', '174.00'),
(352, 2, 852, 'Closed', 'Credit Card', '2011-06-28 21:04:00', '732.00', '50.00', '782.00'),
(353, 5, 530, 'Closed', 'Credit Card', '2011-06-29 11:00:00', '0.00', '0.00', '0.00'),
(354, 2, 477, 'Closed', 'Paypal', '2011-06-29 11:02:00', '0.00', '0.00', '0.00'),
(355, 2, 227, 'Closed', 'Paypal', '2011-06-29 12:57:00', '359.00', '50.00', '409.00'),
(356, 5, 190, 'Closed', 'Credit Card', '2011-06-30 20:15:00', '0.00', '0.00', '0.00'),
(357, 4, 674, 'Cancelled', 'Credit Card', '2011-07-01 11:57:00', '0.00', '0.00', '0.00'),
(358, 4, 989, 'Closed', 'Paypal', '2011-07-01 14:15:00', '991.00', '50.00', '1041.00'),
(359, 4, 89, 'Closed', 'Credit Card', '2011-07-04 16:08:00', '2577.00', '50.00', '2627.00'),
(360, 4, 359, 'Closed', 'Paypal', '2011-07-05 07:32:00', '0.00', '0.00', '0.00'),
(361, 1, 46, 'Closed', 'Paypal', '2011-07-05 13:45:00', '124.00', '10.00', '134.00'),
(362, 4, 914, 'Closed', 'Credit Card', '2011-07-08 14:45:00', '0.00', '0.00', '0.00'),
(363, 1, 856, 'Closed', 'Paypal', '2011-07-11 13:52:00', '292.00', '50.00', '342.00'),
(364, 5, 140, 'Closed', 'Paypal', '2011-07-13 23:13:00', '104.00', '50.00', '154.00'),
(365, 3, 458, 'Cancelled', 'Paypal', '2011-07-15 13:00:00', '0.00', '0.00', '0.00'),
(366, 5, 115, 'Closed', 'Paypal', '2011-07-17 11:06:00', '690.00', '50.00', '740.00'),
(367, 4, 519, 'Cancelled', 'Credit Card', '2011-07-17 11:59:00', '0.00', '0.00', '0.00'),
(368, 4, 294, 'Closed', 'Paypal', '2011-07-17 13:16:00', '2180.64', '50.00', '2230.64'),
(369, 3, 183, 'Closed', 'Paypal', '2011-07-19 03:02:00', '2564.00', '50.00', '2614.00'),
(370, 1, 926, 'Closed', 'Credit Card', '2011-07-20 03:00:00', '0.00', '0.00', '0.00'),
(371, 5, 80, 'Closed', 'Paypal', '2011-07-22 00:35:00', '871.00', '50.00', '921.00'),
(372, 4, 229, 'Closed', 'Paypal', '2011-07-22 01:35:00', '0.00', '0.00', '0.00'),
(373, 2, 7, 'Closed', 'Paypal', '2011-07-23 13:36:00', '0.00', '0.00', '0.00'),
(374, 5, 535, 'Closed', 'Credit Card', '2011-07-29 02:09:00', '83.00', '50.00', '133.00'),
(375, 4, 859, 'Closed', 'Credit Card', '2011-07-29 17:03:00', '83.00', '50.00', '133.00'),
(376, 2, 527, 'Closed', 'Credit Card', '2011-07-29 17:08:00', '241.00', '50.00', '291.00'),
(377, 2, 777, 'Closed', 'Paypal', '2011-07-30 16:49:00', '0.00', '0.00', '0.00'),
(378, 3, 643, 'Closed', 'Paypal', '2011-07-31 18:05:00', '0.00', '0.00', '0.00'),
(379, 1, 91, 'Closed', 'Paypal', '2011-08-03 01:14:00', '871.00', '50.00', '921.00'),
(380, 2, 717, 'Closed', 'Credit Card', '2011-08-03 23:10:00', '292.00', '50.00', '342.00'),
(381, 4, 184, 'Closed', 'Paypal', '2011-08-05 09:45:00', '0.00', '0.00', '0.00'),
(382, 2, 277, 'Closed', 'Paypal', '2011-08-06 19:26:00', '4494.00', '50.00', '4544.00'),
(383, 3, 443, 'Closed', 'Credit Card', '2011-08-06 20:59:00', '2164.00', '50.00', '2214.00'),
(384, 2, 72, 'Closed', 'Credit Card', '2011-08-08 09:45:00', '0.00', '0.00', '0.00'),
(385, 1, 411, 'Closed', 'Paypal', '2011-08-08 10:58:00', '550.00', '50.00', '600.00'),
(386, 2, 372, 'Closed', 'Credit Card', '2011-08-10 06:32:00', '2470.00', '50.00', '2520.00'),
(387, 4, 784, 'Closed', 'Paypal', '2011-08-11 03:53:00', '732.00', '50.00', '782.00'),
(388, 5, 740, 'Closed', 'Paypal', '2011-08-13 00:51:00', '0.00', '0.00', '0.00'),
(389, 3, 978, 'Cancelled', 'Credit Card', '2011-08-15 19:05:00', '785.32', '50.00', '835.32'),
(390, 4, 549, 'Closed', 'Credit Card', '2011-08-17 18:18:00', '550.00', '50.00', '600.00'),
(391, 5, 520, 'Closed', 'Paypal', '2011-08-18 01:31:00', '104.00', '50.00', '154.00'),
(392, 5, 825, 'Closed', 'Paypal', '2011-08-22 00:16:00', '0.00', '0.00', '0.00'),
(393, 3, 938, 'Closed', 'Credit Card', '2011-08-23 10:21:00', '550.00', '50.00', '600.00'),
(394, 2, 437, 'Closed', 'Credit Card', '2011-08-26 06:05:00', '124.00', '50.00', '174.00'),
(395, 3, 78, 'Cancelled', 'Credit Card', '2011-08-27 12:22:00', '0.00', '0.00', '0.00'),
(396, 3, 448, 'Closed', 'Paypal', '2011-08-30 21:02:00', '0.00', '0.00', '0.00'),
(397, 2, 597, 'Closed', 'Paypal', '2011-08-31 06:56:00', '0.00', '0.00', '0.00'),
(398, 5, 630, 'Closed', 'Credit Card', '2011-09-01 02:48:00', '1328.00', '50.00', '1378.00'),
(399, 3, 448, 'Closed', 'Credit Card', '2011-09-05 06:09:00', '0.00', '0.00', '0.00'),
(400, 1, 311, 'Closed', 'Paypal', '2011-09-05 13:50:00', '0.00', '0.00', '0.00'),
(401, 4, 304, 'Closed', 'Credit Card', '2011-09-06 01:32:00', '5046.96', '50.00', '5096.96'),
(402, 4, 309, 'Closed', 'Credit Card', '2011-09-06 06:16:00', '0.00', '0.00', '0.00'),
(403, 5, 235, 'Closed', 'Paypal', '2011-09-09 11:43:00', '1418.00', '50.00', '1468.00'),
(404, 5, 420, 'Closed', 'Paypal', '2011-09-11 06:07:00', '292.00', '50.00', '342.00'),
(405, 5, 30, 'Closed', 'Credit Card', '2011-09-11 13:21:00', '503.00', '50.00', '553.00'),
(406, 1, 956, 'Closed', 'Credit Card', '2011-09-11 14:05:00', '0.00', '0.00', '0.00'),
(407, 1, 306, 'Closed', 'Credit Card', '2011-09-11 18:04:00', '0.00', '0.00', '0.00'),
(408, 5, 545, 'Closed', 'Credit Card', '2011-09-13 01:56:00', '605.00', '30.00', '635.00'),
(409, 4, 19, 'Closed', 'Credit Card', '2011-09-13 17:33:00', '732.00', '50.00', '782.00'),
(410, 2, 857, 'Closed', 'Credit Card', '2011-09-15 21:37:00', '1032.00', '50.00', '1082.00'),
(411, 2, 187, 'Closed', 'Credit Card', '2011-09-16 13:02:00', '0.00', '0.00', '0.00'),
(412, 4, 144, 'Closed', 'Paypal', '2011-09-16 13:36:00', '0.00', '0.00', '0.00'),
(413, 4, 884, 'Closed', 'Credit Card', '2011-09-17 16:38:00', '0.00', '0.00', '0.00'),
(414, 4, 934, 'Closed', 'Credit Card', '2011-09-18 03:29:00', '332.00', '50.00', '382.00'),
(415, 4, 999, 'Closed', 'Credit Card', '2011-09-19 20:49:00', '359.00', '30.00', '389.00'),
(416, 1, 761, 'Closed', 'Credit Card', '2011-09-20 12:33:00', '0.00', '0.00', '0.00'),
(417, 2, 857, 'Closed', 'Paypal', '2011-09-25 13:46:00', '0.00', '0.00', '0.00'),
(418, 1, 91, 'Closed', 'Paypal', '2011-09-25 20:47:00', '3724.00', '50.00', '3774.00'),
(419, 4, 584, 'Closed', 'Credit Card', '2011-09-27 22:39:00', '1886.00', '50.00', '1936.00'),
(420, 5, 45, 'Closed', 'Paypal', '2011-09-29 16:38:00', '292.00', '50.00', '342.00'),
(421, 2, 997, 'Closed', 'Credit Card', '2011-09-30 09:47:00', '0.00', '0.00', '0.00'),
(422, 2, 172, 'Cancelled', 'Paypal', '2011-10-02 23:03:00', '3945.00', '10.00', '3955.00'),
(423, 4, 624, 'Closed', 'Paypal', '2011-10-03 06:47:00', '83.00', '50.00', '133.00'),
(424, 4, 929, 'Closed', 'Credit Card', '2011-10-04 19:33:00', '0.00', '0.00', '0.00'),
(425, 1, 76, 'Closed', 'Credit Card', '2011-10-07 23:26:00', '0.00', '0.00', '0.00'),
(426, 4, 979, 'Closed', 'Credit Card', '2011-10-10 09:56:00', '0.00', '0.00', '0.00'),
(427, 1, 321, 'Closed', 'Paypal', '2011-10-10 11:22:00', '550.00', '50.00', '600.00'),
(428, 5, 385, 'Closed', 'Credit Card', '2011-10-13 06:28:00', '732.00', '10.00', '742.00'),
(429, 3, 293, 'Closed', 'Credit Card', '2011-10-15 12:31:00', '605.00', '50.00', '655.00'),
(430, 4, 504, 'Closed', 'Paypal', '2011-10-15 13:35:00', '305.00', '50.00', '355.00'),
(431, 4, 884, 'Closed', 'Paypal', '2011-10-20 23:36:00', '2207.98', '50.00', '2257.98'),
(432, 4, 994, 'Closed', 'Paypal', '2011-10-21 02:16:00', '0.00', '0.00', '0.00'),
(433, 5, 905, 'Closed', 'Paypal', '2011-10-22 07:15:00', '0.00', '0.00', '0.00'),
(434, 4, 814, 'Closed', 'Paypal', '2011-10-24 09:06:00', '0.00', '0.00', '0.00'),
(435, 4, 839, 'Closed', 'Paypal', '2011-10-25 03:23:00', '353.00', '50.00', '403.00'),
(436, 5, 390, 'Closed', 'Paypal', '2011-10-25 03:58:00', '2310.00', '50.00', '2360.00'),
(437, 2, 202, 'Closed', 'Paypal', '2011-10-27 15:26:00', '0.00', '0.00', '0.00'),
(438, 5, 605, 'Closed', 'Credit Card', '2011-10-28 12:21:00', '83.00', '50.00', '133.00'),
(439, 4, 29, 'Closed', 'Paypal', '2011-10-29 10:43:00', '4790.97', '50.00', '4840.97'),
(440, 3, 593, 'Closed', 'Paypal', '2011-11-01 11:16:00', '605.00', '50.00', '655.00'),
(441, 1, 151, 'Closed', 'Paypal', '2011-11-02 06:40:00', '550.00', '50.00', '600.00'),
(442, 5, 555, 'Closed', 'Paypal', '2011-11-02 15:05:00', '0.00', '0.00', '0.00'),
(443, 4, 924, 'Closed', 'Paypal', '2011-11-05 08:22:00', '550.00', '50.00', '600.00'),
(444, 1, 891, 'Closed', 'Credit Card', '2011-11-05 13:26:00', '605.00', '50.00', '655.00'),
(445, 5, 335, 'Closed', 'Credit Card', '2011-11-05 15:58:00', '0.00', '0.00', '0.00'),
(446, 4, 889, 'Cancelled', 'Credit Card', '2011-11-06 12:59:00', '732.00', '50.00', '782.00'),
(447, 3, 138, 'Closed', 'Paypal', '2011-11-07 10:57:00', '0.00', '0.00', '0.00'),
(448, 3, 133, 'Closed', 'Paypal', '2011-11-09 09:16:00', '104.00', '50.00', '154.00'),
(449, 2, 177, 'Closed', 'Paypal', '2011-11-10 09:21:00', '1990.00', '50.00', '2040.00'),
(450, 2, 332, 'Closed', 'Credit Card', '2011-11-11 22:06:00', '792.00', '50.00', '842.00'),
(451, 1, 186, 'Closed', 'Credit Card', '2011-11-13 14:36:00', '653.00', '50.00', '703.00'),
(452, 4, 619, 'Closed', 'Credit Card', '2011-11-14 12:10:00', '104.00', '50.00', '154.00'),
(453, 4, 624, 'Closed', 'Credit Card', '2011-11-14 18:54:00', '0.00', '0.00', '0.00'),
(454, 2, 197, 'Closed', 'Credit Card', '2011-11-16 12:20:00', '292.00', '50.00', '342.00'),
(455, 5, 670, 'Closed', 'Credit Card', '2011-11-16 15:53:00', '5559.00', '50.00', '5609.00'),
(456, 3, 468, 'Closed', 'Paypal', '2011-11-19 21:23:00', '1420.00', '50.00', '1470.00'),
(457, 3, 308, 'Closed', 'Paypal', '2011-11-21 03:23:00', '305.00', '50.00', '355.00'),
(458, 3, 383, 'Closed', 'Credit Card', '2011-11-22 08:57:00', '1302.00', '50.00', '1352.00'),
(459, 1, 251, 'Closed', 'Credit Card', '2011-11-25 10:48:00', '991.00', '50.00', '1041.00'),
(460, 2, 212, 'Closed', 'Paypal', '2011-11-25 20:57:00', '83.00', '50.00', '133.00'),
(461, 4, 304, 'Closed', 'Paypal', '2011-11-29 05:47:00', '1428.00', '50.00', '1478.00'),
(462, 2, 342, 'Closed', 'Credit Card', '2011-11-30 09:35:00', '2404.00', '40.00', '2444.00'),
(463, 4, 199, 'Closed', 'Paypal', '2011-11-30 13:33:00', '83.00', '50.00', '133.00'),
(464, 3, 518, 'Closed', 'Paypal', '2011-12-01 00:57:00', '3446.00', '50.00', '3496.00'),
(465, 3, 563, 'Closed', 'Credit Card', '2011-12-05 01:34:00', '0.00', '0.00', '0.00'),
(466, 3, 253, 'Closed', 'Paypal', '2011-12-05 14:58:00', '3711.96', '50.00', '3761.96'),
(467, 1, 886, 'Closed', 'Paypal', '2011-12-07 10:03:00', '241.00', '50.00', '291.00'),
(468, 4, 909, 'Closed', 'Credit Card', '2011-12-08 22:04:00', '550.00', '50.00', '600.00'),
(469, 2, 572, 'Closed', 'Paypal', '2011-12-10 00:07:00', '0.00', '0.00', '0.00'),
(470, 1, 171, 'Closed', 'Paypal', '2011-12-10 12:38:00', '0.00', '0.00', '0.00'),
(471, 5, 925, 'Closed', 'Credit Card', '2011-12-10 12:45:00', '3141.28', '50.00', '3191.28'),
(472, 5, 630, 'Closed', 'Credit Card', '2011-12-11 15:53:00', '999.99', '50.00', '1049.99'),
(473, 2, 802, 'Closed', 'Paypal', '2011-12-15 00:07:00', '732.00', '50.00', '782.00'),
(474, 2, 317, 'Cancelled', 'Credit Card', '2011-12-17 08:29:00', '160.00', '20.00', '180.00'),
(475, 3, 958, 'Closed', 'Paypal', '2011-12-19 17:09:00', '818.00', '50.00', '868.00'),
(476, 1, 16, 'Closed', 'Credit Card', '2011-12-20 02:49:00', '1428.00', '50.00', '1478.00'),
(477, 1, 96, 'Closed', 'Credit Card', '2011-12-20 17:29:00', '785.32', '50.00', '835.32'),
(478, 2, 212, 'Closed', 'Credit Card', '2011-12-20 20:39:00', '871.00', '50.00', '921.00'),
(479, 1, 796, 'Cancelled', 'Credit Card', '2011-12-21 02:53:00', '785.32', '50.00', '835.32'),
(480, 4, 159, 'Closed', 'Credit Card', '2011-12-21 10:37:00', '4398.00', '40.00', '4438.00'),
(481, 3, 288, 'Closed', 'Paypal', '2011-12-22 21:23:00', '550.00', '50.00', '600.00'),
(482, 3, 73, 'Closed', 'Paypal', '2011-12-25 10:15:00', '690.00', '50.00', '740.00'),
(483, 2, 612, 'Closed', 'Credit Card', '2011-12-25 13:14:00', '0.00', '0.00', '0.00'),
(484, 1, 156, 'Closed', 'Paypal', '2011-12-27 22:13:00', '2460.00', '50.00', '2510.00'),
(485, 3, 733, 'Closed', 'Credit Card', '2011-12-29 01:33:00', '1950.00', '50.00', '2000.00'),
(486, 4, 614, 'Closed', 'Paypal', '2011-12-29 02:51:00', '991.00', '50.00', '1041.00'),
(487, 4, 589, 'Closed', 'Paypal', '2011-12-30 08:18:00', '0.00', '0.00', '0.00'),
(488, 4, 799, 'Closed', 'Paypal', '2011-12-30 14:47:00', '0.00', '0.00', '0.00'),
(489, 1, 371, 'Closed', 'Paypal', '2011-12-30 17:09:00', '0.00', '0.00', '0.00'),
(490, 1, 111, 'Closed', 'Paypal', '2011-12-30 23:11:00', '0.00', '0.00', '0.00'),
(491, 1, 676, 'Closed', 'Paypal', '2011-12-31 06:00:00', '2670.64', '50.00', '2720.64'),
(492, 4, 389, 'Closed', 'Credit Card', '2011-12-31 16:53:00', '5733.00', '50.00', '5783.00'),
(493, 1, 431, 'Closed', 'Credit Card', '2012-01-06 19:12:00', '651.00', '50.00', '701.00'),
(494, 5, 965, 'Closed', 'Paypal', '2012-01-08 03:49:00', '160.00', '50.00', '210.00'),
(495, 2, 82, 'Closed', 'Credit Card', '2012-01-09 03:15:00', '0.00', '0.00', '0.00'),
(496, 5, 25, 'Closed', 'Paypal', '2012-01-09 07:19:00', '1724.00', '50.00', '1774.00'),
(497, 2, 377, 'Closed', 'Paypal', '2012-01-10 09:29:00', '0.00', '0.00', '0.00'),
(498, 1, 836, 'Closed', 'Credit Card', '2012-01-16 11:08:00', '5064.00', '50.00', '5114.00'),
(499, 3, 513, 'Closed', 'Credit Card', '2012-01-19 15:35:00', '871.00', '50.00', '921.00'),
(500, 4, 859, 'Closed', 'Credit Card', '2012-01-20 02:43:00', '160.00', '50.00', '210.00'),
(501, 5, 530, 'Closed', 'Paypal', '2012-01-22 07:05:00', '0.00', '0.00', '0.00'),
(502, 1, 446, 'Closed', 'Credit Card', '2012-01-25 14:44:00', '0.00', '0.00', '0.00'),
(503, 2, 717, 'Closed', 'Credit Card', '2012-01-25 18:45:00', '605.00', '50.00', '655.00'),
(504, 5, 290, 'Closed', 'Paypal', '2012-01-26 10:24:00', '0.00', '0.00', '0.00'),
(505, 1, 891, 'Closed', 'Paypal', '2012-01-26 19:33:00', '732.00', '50.00', '782.00'),
(506, 3, 98, 'Closed', 'Credit Card', '2012-01-31 18:48:00', '1128.00', '50.00', '1178.00'),
(507, 1, 451, 'Closed', 'Paypal', '2012-02-02 17:37:00', '0.00', '0.00', '0.00'),
(508, 2, 917, 'Closed', 'Paypal', '2012-02-03 15:29:00', '871.00', '50.00', '921.00'),
(509, 2, 567, 'Closed', 'Paypal', '2012-02-05 03:37:00', '651.00', '50.00', '701.00'),
(510, 4, 174, 'Closed', 'Credit Card', '2012-02-07 06:08:00', '1794.00', '50.00', '1844.00'),
(511, 2, 732, 'Closed', 'Paypal', '2012-02-08 02:05:00', '785.32', '50.00', '835.32'),
(512, 2, 687, 'Cancelled', 'Paypal', '2012-02-08 19:56:00', '0.00', '0.00', '0.00'),
(513, 2, 57, 'Closed', 'Paypal', '2012-02-10 05:15:00', '5892.00', '50.00', '5942.00'),
(514, 2, 397, 'Closed', 'Credit Card', '2012-02-10 11:39:00', '83.00', '50.00', '133.00'),
(515, 1, 76, 'Closed', 'Credit Card', '2012-02-10 21:11:00', '0.00', '0.00', '0.00'),
(516, 2, 47, 'Closed', 'Paypal', '2012-02-11 15:45:00', '0.00', '0.00', '0.00'),
(517, 1, 166, 'Closed', 'Paypal', '2012-02-12 23:29:00', '124.00', '50.00', '174.00'),
(518, 3, 523, 'Closed', 'Credit Card', '2012-02-13 03:02:00', '732.00', '50.00', '782.00'),
(519, 1, 506, 'Closed', 'Credit Card', '2012-02-13 07:01:00', '785.32', '50.00', '835.32'),
(520, 4, 79, 'Cancelled', 'Paypal', '2012-02-14 03:02:00', '651.00', '50.00', '701.00'),
(521, 3, 878, 'Closed', 'Credit Card', '2012-02-14 20:00:00', '991.00', '40.00', '1031.00'),
(522, 1, 506, 'Closed', 'Credit Card', '2012-02-22 07:48:00', '1928.00', '50.00', '1978.00'),
(523, 5, 985, 'Closed', 'Paypal', '2012-02-23 02:07:00', '305.00', '50.00', '355.00'),
(524, 5, 395, 'Closed', 'Credit Card', '2012-02-23 07:32:00', '1530.00', '50.00', '1580.00'),
(525, 5, 515, 'Closed', 'Credit Card', '2012-02-23 09:13:00', '160.00', '50.00', '210.00'),
(526, 4, 944, 'Closed', 'Credit Card', '2012-02-25 15:04:00', '2609.98', '50.00', '2659.98'),
(527, 2, 952, 'Closed', 'Paypal', '2012-02-27 04:27:00', '241.00', '50.00', '291.00'),
(528, 4, 864, 'Closed', 'Paypal', '2012-02-28 09:14:00', '292.00', '50.00', '342.00'),
(529, 5, 45, 'Closed', 'Credit Card', '2012-03-01 13:26:00', '305.00', '50.00', '355.00'),
(530, 5, 950, 'Closed', 'Paypal', '2012-03-02 09:26:00', '0.00', '0.00', '0.00'),
(531, 2, 112, 'Closed', 'Paypal', '2012-03-02 20:40:00', '0.00', '0.00', '0.00'),
(532, 1, 886, 'Closed', 'Paypal', '2012-03-08 17:21:00', '0.00', '0.00', '0.00'),
(533, 4, 939, 'Closed', 'Paypal', '2012-03-08 18:19:00', '732.00', '50.00', '782.00'),
(534, 2, 22, 'Closed', 'Paypal', '2012-03-08 22:06:00', '1302.00', '50.00', '1352.00'),
(535, 4, 419, 'Closed', 'Credit Card', '2012-03-09 02:55:00', '0.00', '0.00', '0.00'),
(536, 4, 29, 'Closed', 'Credit Card', '2012-03-09 04:39:00', '2265.00', '50.00', '2315.00'),
(537, 3, 593, 'Closed', 'Credit Card', '2012-03-09 14:31:00', '7170.93', '50.00', '7220.93'),
(538, 2, 527, 'Closed', 'Paypal', '2012-03-09 16:06:00', '0.00', '0.00', '0.00'),
(539, 3, 658, 'Closed', 'Paypal', '2012-03-11 14:06:00', '241.00', '50.00', '291.00'),
(540, 4, 244, 'Closed', 'Credit Card', '2012-03-12 12:27:00', '732.00', '50.00', '782.00'),
(541, 4, 774, 'Closed', 'Paypal', '2012-03-14 07:50:00', '0.00', '0.00', '0.00'),
(542, 1, 346, 'Closed', 'Paypal', '2012-03-14 20:21:00', '871.00', '50.00', '921.00'),
(543, 2, 862, 'Closed', 'Credit Card', '2012-03-15 04:16:00', '83.00', '50.00', '133.00'),
(544, 3, 663, 'Closed', 'Paypal', '2012-03-15 14:23:00', '0.00', '0.00', '0.00'),
(545, 3, 898, 'Closed', 'Paypal', '2012-03-16 10:39:00', '3186.00', '50.00', '3236.00'),
(546, 1, 971, 'Closed', 'Paypal', '2012-03-18 05:37:00', '124.00', '30.00', '154.00'),
(547, 4, 714, 'Closed', 'Credit Card', '2012-03-19 07:57:00', '305.00', '50.00', '355.00'),
(548, 4, 719, 'Closed', 'Credit Card', '2012-03-19 18:34:00', '5289.00', '50.00', '5339.00'),
(549, 4, 139, 'Closed', 'Credit Card', '2012-03-20 01:12:00', '160.00', '10.00', '170.00'),
(550, 2, 162, 'Closed', 'Paypal', '2012-03-20 09:16:00', '0.00', '0.00', '0.00'),
(551, 2, 107, 'Closed', 'Credit Card', '2012-03-20 11:32:00', '0.00', '0.00', '0.00'),
(552, 3, 698, 'Closed', 'Paypal', '2012-03-21 05:32:00', '4782.00', '50.00', '4832.00'),
(553, 3, 713, 'Closed', 'Credit Card', '2012-03-21 13:03:00', '0.00', '0.00', '0.00'),
(554, 3, 288, 'Closed', 'Credit Card', '2012-03-24 09:13:00', '0.00', '0.00', '0.00'),
(555, 5, 385, 'Closed', 'Paypal', '2012-03-24 11:44:00', '3463.98', '10.00', '3473.98'),
(556, 3, 558, 'Closed', 'Paypal', '2012-03-26 07:03:00', '0.00', '0.00', '0.00'),
(557, 5, 260, 'Closed', 'Paypal', '2012-03-26 15:05:00', '0.00', '0.00', '0.00'),
(558, 5, 80, 'Closed', 'Paypal', '2012-03-28 03:02:00', '0.00', '0.00', '0.00'),
(559, 4, 459, 'Closed', 'Credit Card', '2012-03-28 03:26:00', '966.00', '20.00', '986.00'),
(560, 5, 70, 'Closed', 'Credit Card', '2012-03-28 04:43:00', '0.00', '0.00', '0.00'),
(561, 4, 209, 'Closed', 'Paypal', '2012-03-29 09:35:00', '503.00', '50.00', '553.00'),
(562, 5, 75, 'Closed', 'Credit Card', '2012-03-29 16:16:00', '0.00', '0.00', '0.00'),
(563, 4, 774, 'Closed', 'Credit Card', '2012-03-30 07:06:00', '0.00', '0.00', '0.00'),
(564, 5, 810, 'Closed', 'Paypal', '2012-03-30 15:23:00', '104.00', '50.00', '154.00'),
(565, 5, 670, 'Closed', 'Paypal', '2012-03-31 22:38:00', '3405.00', '50.00', '3455.00'),
(566, 3, 668, 'Cancelled', 'Credit Card', '2012-04-01 05:00:00', '124.00', '30.00', '154.00'),
(567, 4, 139, 'Closed', 'Paypal', '2012-04-01 07:16:00', '2516.00', '10.00', '2526.00'),
(568, 3, 503, 'Closed', 'Paypal', '2012-04-02 07:00:00', '605.00', '30.00', '635.00'),
(569, 3, 28, 'Closed', 'Paypal', '2012-04-02 10:16:00', '104.00', '50.00', '154.00'),
(570, 5, 170, 'Closed', 'Paypal', '2012-04-03 09:03:00', '241.00', '50.00', '291.00'),
(571, 5, 580, 'Closed', 'Paypal', '2012-04-03 22:08:00', '1424.00', '50.00', '1474.00'),
(572, 2, 647, 'Closed', 'Paypal', '2012-04-04 01:37:00', '3999.96', '10.00', '4009.96'),
(573, 2, 347, 'Closed', 'Credit Card', '2012-04-04 16:27:00', '2612.00', '30.00', '2642.00'),
(574, 4, 169, 'Closed', 'Credit Card', '2012-04-05 09:14:00', '160.00', '50.00', '210.00'),
(575, 1, 471, 'Closed', 'Paypal', '2012-04-06 10:42:00', '0.00', '0.00', '0.00'),
(576, 1, 51, 'Closed', 'Paypal', '2012-04-07 03:11:00', '0.00', '0.00', '0.00'),
(577, 3, 603, 'Closed', 'Credit Card', '2012-04-08 02:09:00', '653.00', '50.00', '703.00'),
(578, 3, 103, 'Closed', 'Paypal', '2012-04-08 06:01:00', '1684.00', '50.00', '1734.00'),
(579, 1, 231, 'Closed', 'Credit Card', '2012-04-08 18:10:00', '999.99', '10.00', '1009.99');
INSERT INTO `ORDER` (`OrderID`, `SalesRepID`, `CustomerID`, `OrderStatus`, `PaymentMethod`, `DatePurchased`, `ProductsTotalPrice`, `DeliveryPrice`, `OrderTotalPrice`) VALUES
(580, 3, 733, 'Closed', 'Paypal', '2012-04-09 03:49:00', '0.00', '0.00', '0.00'),
(581, 2, 532, 'Closed', 'Paypal', '2012-04-09 12:06:00', '0.00', '0.00', '0.00'),
(582, 4, 969, 'Closed', 'Credit Card', '2012-04-09 19:33:00', '0.00', '0.00', '0.00'),
(583, 1, 351, 'Closed', 'Paypal', '2012-04-10 16:04:00', '0.00', '0.00', '0.00'),
(584, 2, 7, 'Closed', 'Credit Card', '2012-04-11 09:02:00', '651.00', '50.00', '701.00'),
(585, 2, 982, 'Closed', 'Paypal', '2012-04-12 06:34:00', '0.00', '0.00', '0.00'),
(586, 4, 99, 'Closed', 'Credit Card', '2012-04-18 14:23:00', '0.00', '0.00', '0.00'),
(587, 3, 623, 'Closed', 'Credit Card', '2012-04-18 21:32:00', '605.00', '50.00', '655.00'),
(588, 2, 37, 'Closed', 'Credit Card', '2012-04-19 18:35:00', '211.00', '50.00', '261.00'),
(589, 5, 110, 'Closed', 'Paypal', '2012-04-22 05:28:00', '292.00', '50.00', '342.00'),
(590, 5, 195, 'Closed', 'Credit Card', '2012-04-22 15:45:00', '3888.00', '50.00', '3938.00'),
(591, 1, 306, 'Closed', 'Credit Card', '2012-04-24 01:06:00', '0.00', '0.00', '0.00'),
(592, 2, 177, 'Closed', 'Paypal', '2012-04-24 03:12:00', '732.00', '50.00', '782.00'),
(593, 1, 581, 'Closed', 'Paypal', '2012-04-25 01:01:00', '292.00', '50.00', '342.00'),
(594, 1, 986, 'Closed', 'Paypal', '2012-04-25 08:20:00', '0.00', '0.00', '0.00'),
(595, 1, 406, 'Closed', 'Credit Card', '2012-04-25 08:43:00', '0.00', '0.00', '0.00'),
(596, 1, 461, 'Closed', 'Credit Card', '2012-04-25 09:29:00', '2592.00', '50.00', '2642.00'),
(597, 2, 532, 'Closed', 'Credit Card', '2012-04-26 17:47:00', '359.00', '50.00', '409.00'),
(598, 3, 543, 'Closed', 'Paypal', '2012-04-27 07:28:00', '0.00', '0.00', '0.00'),
(599, 4, 329, 'Closed', 'Credit Card', '2012-04-27 16:54:00', '0.00', '0.00', '0.00'),
(600, 1, 506, 'Closed', 'Paypal', '2012-04-28 09:56:00', '0.00', '0.00', '0.00'),
(601, 2, 572, 'Closed', 'Credit Card', '2012-04-28 17:38:00', '0.00', '0.00', '0.00'),
(602, 4, 259, 'Closed', 'Paypal', '2012-04-29 03:43:00', '1712.00', '50.00', '1762.00'),
(603, 1, 896, 'Closed', 'Paypal', '2012-04-29 05:28:00', '0.00', '0.00', '0.00'),
(604, 1, 171, 'Closed', 'Paypal', '2012-04-29 14:35:00', '3192.00', '50.00', '3242.00'),
(605, 3, 103, 'Closed', 'Paypal', '2012-04-29 22:27:00', '653.00', '50.00', '703.00'),
(606, 5, 305, 'Closed', 'Credit Card', '2012-04-30 06:59:00', '0.00', '0.00', '0.00'),
(607, 3, 618, 'Closed', 'Paypal', '2012-05-01 02:41:00', '550.00', '50.00', '600.00'),
(608, 4, 219, 'Closed', 'Credit Card', '2012-05-01 17:08:00', '1778.64', '50.00', '1828.64'),
(609, 3, 473, 'Closed', 'Credit Card', '2012-05-02 13:24:00', '83.00', '50.00', '133.00'),
(610, 1, 6, 'Closed', 'Credit Card', '2012-05-02 16:28:00', '241.00', '20.00', '261.00'),
(611, 3, 478, 'Cancelled', 'Paypal', '2012-05-03 10:56:00', '2516.00', '50.00', '2566.00'),
(612, 3, 878, 'Closed', 'Paypal', '2012-05-04 20:12:00', '0.00', '0.00', '0.00'),
(613, 3, 98, 'Closed', 'Credit Card', '2012-05-04 20:55:00', '2024.00', '50.00', '2074.00'),
(614, 4, 794, 'Closed', 'Paypal', '2012-05-04 23:44:00', '0.00', '0.00', '0.00'),
(615, 4, 824, 'Closed', 'Paypal', '2012-05-05 15:00:00', '1582.00', '50.00', '1632.00'),
(616, 3, 438, 'Closed', 'Paypal', '2012-05-05 15:24:00', '0.00', '0.00', '0.00'),
(617, 1, 856, 'Closed', 'Credit Card', '2012-05-05 20:22:00', '550.00', '50.00', '600.00'),
(618, 1, 936, 'Closed', 'Paypal', '2012-05-06 01:44:00', '241.00', '50.00', '291.00'),
(619, 4, 889, 'Closed', 'Paypal', '2012-05-06 03:39:00', '0.00', '0.00', '0.00'),
(620, 4, 724, 'Closed', 'Credit Card', '2012-05-06 05:28:00', '0.00', '0.00', '0.00'),
(621, 3, 453, 'Closed', 'Credit Card', '2012-05-06 09:49:00', '211.00', '50.00', '261.00'),
(622, 3, 563, 'Closed', 'Credit Card', '2012-05-07 20:39:00', '0.00', '0.00', '0.00'),
(623, 5, 855, 'Closed', 'Paypal', '2012-05-08 14:23:00', '124.00', '50.00', '174.00'),
(624, 1, 366, 'Closed', 'Credit Card', '2012-05-09 14:25:00', '0.00', '0.00', '0.00'),
(625, 5, 645, 'Closed', 'Credit Card', '2012-05-10 16:59:00', '0.00', '0.00', '0.00'),
(626, 2, 67, 'Closed', 'Paypal', '2012-05-10 22:51:00', '3881.97', '50.00', '3931.97'),
(627, 5, 185, 'Closed', 'Paypal', '2012-05-11 10:28:00', '2842.00', '50.00', '2892.00'),
(628, 4, 9, 'Closed', 'Paypal', '2012-05-11 15:23:00', '160.00', '50.00', '210.00'),
(629, 5, 375, 'Closed', 'Credit Card', '2012-05-11 18:57:00', '104.00', '30.00', '134.00'),
(630, 2, 677, 'Closed', 'Credit Card', '2012-05-12 01:24:00', '353.00', '30.00', '383.00'),
(631, 4, 189, 'Closed', 'Paypal', '2012-05-12 02:46:00', '1458.00', '50.00', '1508.00'),
(632, 2, 447, 'Closed', 'Credit Card', '2012-05-13 06:11:00', '0.00', '0.00', '0.00'),
(633, 1, 951, 'Closed', 'Credit Card', '2012-05-14 04:10:00', '7422.00', '50.00', '7472.00'),
(634, 3, 873, 'Closed', 'Paypal', '2012-05-14 08:37:00', '292.00', '50.00', '342.00'),
(635, 5, 890, 'Closed', 'Paypal', '2012-05-14 13:52:00', '0.00', '0.00', '0.00'),
(636, 2, 892, 'Closed', 'Credit Card', '2012-05-15 16:16:00', '0.00', '0.00', '0.00'),
(637, 5, 880, 'Closed', 'Paypal', '2012-05-16 17:00:00', '1128.00', '50.00', '1178.00'),
(638, 1, 666, 'Cancelled', 'Credit Card', '2012-05-17 13:04:00', '653.00', '50.00', '703.00'),
(639, 3, 503, 'Closed', 'Credit Card', '2012-05-18 08:32:00', '991.00', '30.00', '1021.00'),
(640, 2, 592, 'Closed', 'Credit Card', '2012-05-18 21:07:00', '1632.00', '50.00', '1682.00'),
(641, 4, 809, 'Closed', 'Paypal', '2012-05-18 23:43:00', '0.00', '0.00', '0.00'),
(642, 1, 771, 'Closed', 'Credit Card', '2012-05-19 18:14:00', '0.00', '0.00', '0.00'),
(643, 2, 267, 'Closed', 'Paypal', '2012-05-20 01:11:00', '0.00', '0.00', '0.00'),
(644, 2, 627, 'Closed', 'Credit Card', '2012-05-20 07:38:00', '871.00', '50.00', '921.00'),
(645, 2, 782, 'Closed', 'Credit Card', '2012-05-21 06:07:00', '4095.00', '50.00', '4145.00'),
(646, 3, 548, 'Closed', 'Paypal', '2012-05-21 18:08:00', '0.00', '0.00', '0.00'),
(647, 1, 946, 'Closed', 'Paypal', '2012-05-21 19:14:00', '605.00', '50.00', '655.00'),
(648, 5, 130, 'Closed', 'Paypal', '2012-05-22 00:22:00', '124.00', '50.00', '174.00'),
(649, 5, 900, 'Closed', 'Credit Card', '2012-05-22 10:09:00', '550.00', '50.00', '600.00'),
(650, 1, 71, 'Closed', 'Credit Card', '2012-05-22 11:24:00', '0.00', '0.00', '0.00'),
(651, 2, 867, 'Closed', 'Paypal', '2012-05-22 16:50:00', '0.00', '0.00', '0.00'),
(652, 1, 146, 'Closed', 'Credit Card', '2012-05-23 04:37:00', '5649.00', '50.00', '5699.00'),
(653, 1, 696, 'Closed', 'Credit Card', '2012-05-23 07:18:00', '8984.00', '50.00', '9034.00'),
(654, 2, 182, 'Closed', 'Paypal', '2012-05-23 21:33:00', '0.00', '0.00', '0.00'),
(655, 1, 916, 'Closed', 'Credit Card', '2012-05-23 21:48:00', '1886.00', '50.00', '1936.00'),
(656, 4, 149, 'Closed', 'Credit Card', '2012-05-24 05:39:00', '630.00', '20.00', '650.00'),
(657, 2, 687, 'Closed', 'Paypal', '2012-05-24 16:02:00', '926.00', '50.00', '976.00'),
(658, 3, 168, 'Closed', 'Credit Card', '2012-05-27 06:22:00', '104.00', '50.00', '154.00'),
(659, 4, 874, 'Closed', 'Paypal', '2012-05-28 02:56:00', '0.00', '0.00', '0.00'),
(660, 2, 657, 'Closed', 'Credit Card', '2012-05-28 11:31:00', '0.00', '0.00', '0.00'),
(661, 1, 591, 'Closed', 'Paypal', '2012-05-29 08:00:00', '241.00', '50.00', '291.00'),
(662, 3, 158, 'Closed', 'Paypal', '2012-05-30 23:36:00', '792.00', '50.00', '842.00'),
(663, 3, 538, 'Closed', 'Credit Card', '2012-05-31 11:03:00', '359.00', '50.00', '409.00'),
(664, 4, 724, 'Closed', 'Credit Card', '2012-06-01 03:18:00', '0.00', '0.00', '0.00'),
(665, 1, 791, 'Cancelled', 'Credit Card', '2012-06-01 05:23:00', '0.00', '0.00', '0.00'),
(666, 2, 907, 'Closed', 'Paypal', '2012-06-01 13:24:00', '353.00', '50.00', '403.00'),
(667, 1, 171, 'Closed', 'Paypal', '2012-06-01 21:47:00', '3005.98', '50.00', '3055.98'),
(668, 3, 788, 'Closed', 'Paypal', '2012-06-02 06:28:00', '871.00', '30.00', '901.00'),
(669, 5, 190, 'Closed', 'Credit Card', '2012-06-03 17:51:00', '305.00', '10.00', '315.00'),
(670, 2, 427, 'Closed', 'Credit Card', '2012-06-03 22:01:00', '83.00', '50.00', '133.00'),
(671, 5, 295, 'Closed', 'Credit Card', '2012-06-04 20:47:00', '1806.00', '30.00', '1836.00'),
(672, 2, 822, 'Closed', 'Paypal', '2012-06-04 21:52:00', '0.00', '0.00', '0.00'),
(673, 1, 186, 'Closed', 'Credit Card', '2012-06-05 05:58:00', '83.00', '50.00', '133.00'),
(674, 4, 159, 'Closed', 'Credit Card', '2012-06-05 16:06:00', '732.00', '40.00', '772.00'),
(675, 1, 76, 'Closed', 'Paypal', '2012-06-05 23:03:00', '0.00', '0.00', '0.00'),
(676, 1, 276, 'Cancelled', 'Paypal', '2012-06-06 08:58:00', '0.00', '0.00', '0.00'),
(677, 4, 649, 'Closed', 'Paypal', '2012-06-07 00:48:00', '0.00', '0.00', '0.00'),
(678, 3, 128, 'Closed', 'Credit Card', '2012-06-08 08:04:00', '1488.00', '30.00', '1518.00'),
(679, 3, 568, 'Closed', 'Paypal', '2012-06-08 17:24:00', '3724.00', '50.00', '3774.00'),
(680, 5, 990, 'Closed', 'Credit Card', '2012-06-08 23:57:00', '0.00', '0.00', '0.00'),
(681, 1, 261, 'Closed', 'Paypal', '2012-06-10 02:22:00', '858.00', '50.00', '908.00'),
(682, 2, 197, 'Closed', 'Paypal', '2012-06-10 10:36:00', '211.00', '50.00', '261.00'),
(683, 2, 982, 'Closed', 'Paypal', '2012-06-11 06:07:00', '0.00', '0.00', '0.00'),
(684, 3, 168, 'Closed', 'Paypal', '2012-06-12 09:19:00', '0.00', '0.00', '0.00'),
(685, 3, 793, 'Closed', 'Credit Card', '2012-06-12 23:09:00', '2876.64', '50.00', '2926.64'),
(686, 1, 471, 'Closed', 'Paypal', '2012-06-15 21:27:00', '785.32', '50.00', '835.32'),
(687, 3, 678, 'Closed', 'Paypal', '2012-06-17 06:25:00', '0.00', '0.00', '0.00'),
(688, 4, 539, 'Closed', 'Paypal', '2012-06-18 05:32:00', '651.00', '50.00', '701.00'),
(689, 4, 894, 'Closed', 'Paypal', '2012-06-18 07:42:00', '0.00', '0.00', '0.00'),
(690, 1, 906, 'Closed', 'Paypal', '2012-06-19 11:20:00', '6116.00', '50.00', '6166.00'),
(691, 2, 472, 'Closed', 'Credit Card', '2012-06-19 18:08:00', '991.00', '50.00', '1041.00'),
(692, 3, 958, 'Closed', 'Paypal', '2012-06-20 01:30:00', '1582.00', '50.00', '1632.00'),
(693, 2, 597, 'Closed', 'Paypal', '2012-06-20 13:54:00', '160.00', '50.00', '210.00'),
(694, 5, 890, 'Closed', 'Credit Card', '2012-06-22 01:39:00', '871.00', '50.00', '921.00'),
(695, 4, 554, 'Closed', 'Credit Card', '2012-06-23 02:52:00', '0.00', '0.00', '0.00'),
(696, 4, 489, 'Closed', 'Credit Card', '2012-06-23 06:43:00', '0.00', '0.00', '0.00'),
(697, 3, 43, 'Closed', 'Credit Card', '2012-06-24 08:34:00', '104.00', '50.00', '154.00'),
(698, 3, 73, 'Closed', 'Paypal', '2012-06-24 13:12:00', '0.00', '0.00', '0.00'),
(699, 2, 452, 'Closed', 'Paypal', '2012-06-25 09:39:00', '0.00', '0.00', '0.00'),
(700, 2, 187, 'Closed', 'Paypal', '2012-06-26 11:09:00', '1420.00', '50.00', '1470.00'),
(701, 3, 983, 'Closed', 'Credit Card', '2012-06-27 09:54:00', '503.00', '50.00', '553.00'),
(702, 5, 630, 'Closed', 'Credit Card', '2012-06-27 12:36:00', '2512.00', '50.00', '2562.00'),
(703, 4, 464, 'Closed', 'Credit Card', '2012-06-27 15:04:00', '930.00', '50.00', '980.00'),
(704, 5, 130, 'Closed', 'Credit Card', '2012-06-28 06:24:00', '0.00', '0.00', '0.00'),
(705, 5, 510, 'Closed', 'Paypal', '2012-06-29 07:21:00', '653.00', '50.00', '703.00'),
(706, 3, 688, 'Closed', 'Credit Card', '2012-06-29 22:52:00', '353.00', '50.00', '403.00'),
(707, 3, 898, 'Closed', 'Paypal', '2012-07-01 12:56:00', '292.00', '50.00', '342.00'),
(708, 2, 692, 'Closed', 'Credit Card', '2012-07-01 14:52:00', '0.00', '0.00', '0.00'),
(709, 3, 28, 'Closed', 'Paypal', '2012-07-01 17:35:00', '0.00', '0.00', '0.00'),
(710, 4, 259, 'Closed', 'Paypal', '2012-07-02 11:49:00', '0.00', '0.00', '0.00'),
(711, 5, 555, 'Closed', 'Paypal', '2012-07-03 07:52:00', '999.99', '50.00', '1049.99'),
(712, 1, 671, 'Closed', 'Credit Card', '2012-07-05 14:18:00', '605.00', '50.00', '655.00'),
(713, 4, 409, 'Closed', 'Credit Card', '2012-07-05 14:35:00', '785.32', '50.00', '835.32'),
(714, 3, 993, 'Closed', 'Paypal', '2012-07-06 08:25:00', '991.00', '50.00', '1041.00'),
(715, 4, 254, 'Closed', 'Paypal', '2012-07-07 04:28:00', '211.00', '50.00', '261.00'),
(716, 5, 535, 'Closed', 'Credit Card', '2012-07-08 06:27:00', '1784.00', '50.00', '1834.00'),
(717, 4, 69, 'Closed', 'Credit Card', '2012-07-08 08:11:00', '0.00', '0.00', '0.00'),
(718, 4, 964, 'Closed', 'Paypal', '2012-07-08 21:15:00', '785.32', '50.00', '835.32'),
(719, 2, 362, 'Closed', 'Paypal', '2012-07-09 01:20:00', '0.00', '0.00', '0.00'),
(720, 3, 843, 'Closed', 'Paypal', '2012-07-10 17:07:00', '3741.98', '30.00', '3771.98'),
(721, 4, 864, 'Closed', 'Paypal', '2012-07-11 11:34:00', '359.00', '50.00', '409.00'),
(722, 3, 253, 'Closed', 'Paypal', '2012-07-11 16:05:00', '1818.00', '50.00', '1868.00'),
(723, 4, 64, 'Closed', 'Paypal', '2012-07-12 02:20:00', '871.00', '50.00', '921.00'),
(724, 3, 78, 'Closed', 'Paypal', '2012-07-13 15:35:00', '0.00', '0.00', '0.00'),
(725, 4, 304, 'Closed', 'Paypal', '2012-07-14 00:40:00', '2988.00', '50.00', '3038.00'),
(726, 5, 880, 'Closed', 'Credit Card', '2012-07-14 15:14:00', '1616.00', '50.00', '1666.00'),
(727, 1, 56, 'Closed', 'Credit Card', '2012-07-14 16:43:00', '160.00', '50.00', '210.00'),
(728, 1, 266, 'Closed', 'Credit Card', '2012-07-15 03:10:00', '292.00', '50.00', '342.00'),
(729, 5, 980, 'Cancelled', 'Credit Card', '2012-07-17 18:23:00', '0.00', '0.00', '0.00'),
(730, 5, 600, 'Closed', 'Paypal', '2012-07-17 19:38:00', '6527.97', '50.00', '6577.97'),
(731, 3, 3, 'Closed', 'Paypal', '2012-07-19 14:57:00', '104.00', '50.00', '154.00'),
(732, 2, 207, 'Closed', 'Paypal', '2012-07-20 17:29:00', '83.00', '50.00', '133.00'),
(733, 5, 80, 'Closed', 'Credit Card', '2012-07-21 18:16:00', '2048.00', '50.00', '2098.00'),
(734, 4, 654, 'Closed', 'Paypal', '2012-07-22 18:46:00', '8553.28', '50.00', '8603.28'),
(735, 5, 950, 'Closed', 'Paypal', '2012-07-22 19:01:00', '651.00', '50.00', '701.00'),
(736, 5, 675, 'Closed', 'Credit Card', '2012-07-23 11:18:00', '3099.98', '50.00', '3149.98'),
(737, 3, 173, 'Closed', 'Credit Card', '2012-07-23 19:08:00', '83.00', '50.00', '133.00'),
(738, 2, 182, 'Closed', 'Credit Card', '2012-07-24 13:55:00', '1530.00', '50.00', '1580.00'),
(739, 1, 491, 'Closed', 'Credit Card', '2012-07-25 03:56:00', '83.00', '50.00', '133.00'),
(740, 4, 149, 'Closed', 'Paypal', '2012-07-25 05:24:00', '732.00', '20.00', '752.00'),
(741, 4, 129, 'Closed', 'Credit Card', '2012-07-25 09:22:00', '0.00', '0.00', '0.00'),
(742, 1, 296, 'Closed', 'Paypal', '2012-07-25 21:46:00', '5583.00', '50.00', '5633.00'),
(743, 1, 996, 'Closed', 'Paypal', '2012-07-27 08:56:00', '0.00', '0.00', '0.00'),
(744, 3, 328, 'Closed', 'Paypal', '2012-07-30 06:59:00', '0.00', '0.00', '0.00'),
(745, 3, 573, 'Closed', 'Paypal', '2012-07-30 09:54:00', '802.00', '50.00', '852.00'),
(746, 3, 758, 'Closed', 'Credit Card', '2012-08-01 02:06:00', '2180.64', '50.00', '2230.64'),
(747, 3, 578, 'Closed', 'Credit Card', '2012-08-01 21:58:00', '241.00', '50.00', '291.00'),
(748, 3, 628, 'Closed', 'Paypal', '2012-08-02 07:33:00', '160.00', '50.00', '210.00'),
(749, 2, 642, 'Closed', 'Paypal', '2012-08-05 18:37:00', '0.00', '0.00', '0.00'),
(750, 2, 62, 'Closed', 'Paypal', '2012-08-06 12:22:00', '0.00', '0.00', '0.00'),
(751, 2, 637, 'Closed', 'Credit Card', '2012-08-07 16:41:00', '0.00', '0.00', '0.00'),
(752, 5, 420, 'Closed', 'Paypal', '2012-08-07 16:48:00', '4794.96', '50.00', '4844.96'),
(753, 3, 888, 'Closed', 'Credit Card', '2012-08-08 03:59:00', '0.00', '0.00', '0.00'),
(754, 3, 938, 'Closed', 'Credit Card', '2012-08-08 11:52:00', '503.00', '50.00', '553.00'),
(755, 2, 777, 'Closed', 'Paypal', '2012-08-08 14:56:00', '83.00', '50.00', '133.00'),
(756, 3, 903, 'Closed', 'Credit Card', '2012-08-10 03:03:00', '785.32', '50.00', '835.32'),
(757, 2, 342, 'Closed', 'Paypal', '2012-08-10 15:08:00', '160.00', '40.00', '200.00'),
(758, 5, 65, 'Closed', 'Paypal', '2012-08-12 20:24:00', '353.00', '50.00', '403.00'),
(759, 3, 793, 'Cancelled', 'Credit Card', '2012-08-13 03:35:00', '1308.00', '50.00', '1358.00'),
(760, 3, 73, 'Closed', 'Paypal', '2012-08-14 17:10:00', '503.00', '50.00', '553.00'),
(761, 2, 552, 'Closed', 'Credit Card', '2012-08-14 21:42:00', '0.00', '0.00', '0.00'),
(762, 4, 744, 'Closed', 'Credit Card', '2012-08-15 01:02:00', '211.00', '50.00', '261.00'),
(763, 1, 536, 'Closed', 'Credit Card', '2012-08-16 00:06:00', '605.00', '50.00', '655.00'),
(764, 5, 35, 'Closed', 'Credit Card', '2012-08-16 07:24:00', '211.00', '50.00', '261.00'),
(765, 2, 437, 'Closed', 'Credit Card', '2012-08-16 16:46:00', '353.00', '50.00', '403.00'),
(766, 2, 457, 'Closed', 'Credit Card', '2012-08-18 12:31:00', '0.00', '0.00', '0.00'),
(767, 5, 630, 'Closed', 'Paypal', '2012-08-18 20:40:00', '0.00', '0.00', '0.00'),
(768, 3, 828, 'Closed', 'Credit Card', '2012-08-19 10:53:00', '305.00', '50.00', '355.00'),
(769, 2, 252, 'Closed', 'Paypal', '2012-08-19 18:14:00', '0.00', '0.00', '0.00'),
(770, 5, 130, 'Closed', 'Paypal', '2012-08-19 19:10:00', '605.00', '50.00', '655.00'),
(771, 4, 64, 'Closed', 'Paypal', '2012-08-20 05:35:00', '3714.00', '50.00', '3764.00'),
(772, 2, 962, 'Cancelled', 'Paypal', '2012-08-20 17:11:00', '0.00', '0.00', '0.00'),
(773, 1, 31, 'Closed', 'Credit Card', '2012-08-22 15:47:00', '605.00', '50.00', '655.00'),
(774, 3, 378, 'Closed', 'Paypal', '2012-08-23 11:27:00', '0.00', '0.00', '0.00'),
(775, 1, 81, 'Closed', 'Credit Card', '2012-08-23 11:51:00', '0.00', '0.00', '0.00'),
(776, 3, 8, 'Closed', 'Credit Card', '2012-08-23 17:56:00', '0.00', '0.00', '0.00'),
(777, 4, 49, 'Closed', 'Credit Card', '2012-08-23 20:59:00', '651.00', '50.00', '701.00'),
(778, 5, 645, 'Closed', 'Credit Card', '2012-08-24 18:10:00', '1908.00', '50.00', '1958.00'),
(779, 5, 165, 'Closed', 'Paypal', '2012-08-25 02:56:00', '0.00', '0.00', '0.00'),
(780, 1, 41, 'Closed', 'Paypal', '2012-08-25 17:33:00', '211.00', '30.00', '241.00'),
(781, 5, 345, 'Closed', 'Paypal', '2012-08-26 17:18:00', '4401.00', '50.00', '4451.00'),
(782, 5, 635, 'Closed', 'Paypal', '2012-08-27 19:26:00', '653.00', '50.00', '703.00'),
(783, 4, 519, 'Closed', 'Credit Card', '2012-08-28 07:55:00', '0.00', '0.00', '0.00'),
(784, 2, 972, 'Closed', 'Paypal', '2012-08-28 09:14:00', '353.00', '30.00', '383.00'),
(785, 2, 892, 'Closed', 'Credit Card', '2012-08-29 18:58:00', '0.00', '0.00', '0.00'),
(786, 3, 38, 'Closed', 'Paypal', '2012-08-30 00:17:00', '1950.00', '50.00', '2000.00'),
(787, 2, 917, 'Closed', 'Credit Card', '2012-08-30 06:02:00', '359.00', '50.00', '409.00'),
(788, 3, 333, 'Closed', 'Credit Card', '2012-08-31 02:36:00', '785.32', '50.00', '835.32'),
(789, 1, 911, 'Closed', 'Credit Card', '2012-08-31 10:21:00', '0.00', '0.00', '0.00'),
(790, 2, 62, 'Closed', 'Credit Card', '2012-08-31 11:05:00', '732.00', '20.00', '752.00'),
(791, 5, 470, 'Closed', 'Paypal', '2012-08-31 16:13:00', '785.32', '50.00', '835.32'),
(792, 1, 6, 'Closed', 'Paypal', '2012-09-02 10:41:00', '0.00', '0.00', '0.00'),
(793, 2, 807, 'Closed', 'Paypal', '2012-09-02 11:01:00', '0.00', '0.00', '0.00'),
(794, 2, 212, 'Closed', 'Credit Card', '2012-09-07 21:19:00', '2674.00', '50.00', '2724.00'),
(795, 4, 224, 'Closed', 'Credit Card', '2012-09-08 10:23:00', '2216.00', '50.00', '2266.00'),
(796, 4, 664, 'Closed', 'Paypal', '2012-09-09 01:24:00', '2028.00', '30.00', '2058.00'),
(797, 3, 843, 'Closed', 'Credit Card', '2012-09-09 08:53:00', '991.00', '30.00', '1021.00'),
(798, 2, 82, 'Closed', 'Paypal', '2012-09-09 13:58:00', '0.00', '0.00', '0.00'),
(799, 2, 112, 'Closed', 'Credit Card', '2012-09-09 20:52:00', '0.00', '0.00', '0.00'),
(800, 2, 677, 'Closed', 'Paypal', '2012-09-11 01:32:00', '605.00', '30.00', '635.00'),
(801, 5, 980, 'Closed', 'Paypal', '2012-09-11 04:17:00', '550.00', '50.00', '600.00'),
(802, 3, 613, 'Closed', 'Paypal', '2012-09-11 09:11:00', '0.00', '0.00', '0.00'),
(803, 3, 148, 'Closed', 'Paypal', '2012-09-12 02:01:00', '732.00', '50.00', '782.00'),
(804, 1, 716, 'Closed', 'Paypal', '2012-09-12 08:02:00', '0.00', '0.00', '0.00'),
(805, 2, 172, 'Closed', 'Paypal', '2012-09-13 12:32:00', '3984.00', '10.00', '3994.00'),
(806, 2, 122, 'Cancelled', 'Paypal', '2012-09-16 13:32:00', '7005.00', '50.00', '7055.00'),
(807, 5, 385, 'Closed', 'Paypal', '2012-09-18 18:13:00', '241.00', '10.00', '251.00'),
(808, 3, 463, 'Closed', 'Credit Card', '2012-09-19 22:36:00', '0.00', '0.00', '0.00'),
(809, 3, 338, 'Closed', 'Paypal', '2012-09-19 23:22:00', '3696.00', '50.00', '3746.00'),
(810, 5, 490, 'Closed', 'Paypal', '2012-09-20 14:34:00', '732.00', '50.00', '782.00'),
(811, 5, 370, 'Closed', 'Paypal', '2012-09-21 04:38:00', '605.00', '10.00', '615.00'),
(812, 1, 256, 'Closed', 'Paypal', '2012-09-22 20:34:00', '0.00', '0.00', '0.00'),
(813, 4, 534, 'Closed', 'Credit Card', '2012-09-23 05:13:00', '83.00', '50.00', '133.00'),
(814, 4, 119, 'Closed', 'Paypal', '2012-09-23 22:37:00', '991.00', '50.00', '1041.00'),
(815, 3, 83, 'Closed', 'Credit Card', '2012-09-23 22:39:00', '83.00', '50.00', '133.00'),
(816, 3, 428, 'Closed', 'Credit Card', '2012-09-24 19:22:00', '2008.00', '50.00', '2058.00'),
(817, 3, 918, 'Closed', 'Paypal', '2012-09-24 21:29:00', '653.00', '50.00', '703.00'),
(818, 4, 59, 'Closed', 'Credit Card', '2012-09-24 21:30:00', '0.00', '0.00', '0.00'),
(819, 2, 277, 'Closed', 'Paypal', '2012-09-26 14:54:00', '0.00', '0.00', '0.00'),
(820, 4, 149, 'Closed', 'Credit Card', '2012-09-26 15:40:00', '0.00', '0.00', '0.00'),
(821, 4, 124, 'Closed', 'Paypal', '2012-09-27 13:55:00', '0.00', '0.00', '0.00'),
(822, 2, 657, 'Closed', 'Credit Card', '2012-09-28 16:19:00', '630.00', '50.00', '680.00'),
(823, 4, 109, 'Closed', 'Paypal', '2012-09-29 14:11:00', '2253.00', '50.00', '2303.00'),
(824, 2, 992, 'Cancelled', 'Credit Card', '2012-09-30 03:11:00', '0.00', '0.00', '0.00'),
(825, 1, 176, 'Closed', 'Paypal', '2012-10-01 04:20:00', '305.00', '50.00', '355.00'),
(826, 1, 11, 'Closed', 'Paypal', '2012-10-01 11:29:00', '0.00', '0.00', '0.00'),
(827, 4, 729, 'Closed', 'Credit Card', '2012-10-04 00:59:00', '0.00', '0.00', '0.00'),
(828, 2, 172, 'Closed', 'Credit Card', '2012-10-04 05:42:00', '0.00', '0.00', '0.00'),
(829, 4, 84, 'Closed', 'Paypal', '2012-10-04 22:25:00', '3981.98', '50.00', '4031.98'),
(830, 5, 670, 'Closed', 'Paypal', '2012-10-05 03:38:00', '124.00', '50.00', '174.00'),
(831, 4, 924, 'Closed', 'Credit Card', '2012-10-05 11:33:00', '5577.96', '50.00', '5627.96'),
(832, 3, 338, 'Closed', 'Paypal', '2012-10-06 00:59:00', '871.00', '50.00', '921.00'),
(833, 1, 11, 'Closed', 'Paypal', '2012-10-07 02:43:00', '211.00', '50.00', '261.00'),
(834, 2, 27, 'Closed', 'Credit Card', '2012-10-09 04:15:00', '0.00', '0.00', '0.00'),
(835, 1, 16, 'Closed', 'Paypal', '2012-10-10 01:45:00', '3084.00', '50.00', '3134.00'),
(836, 2, 347, 'Closed', 'Paypal', '2012-10-10 03:08:00', '0.00', '0.00', '0.00'),
(837, 3, 133, 'Closed', 'Credit Card', '2012-10-10 11:03:00', '884.00', '50.00', '934.00'),
(838, 2, 127, 'Closed', 'Credit Card', '2012-10-10 19:25:00', '0.00', '0.00', '0.00'),
(839, 3, 938, 'Closed', 'Credit Card', '2012-10-12 07:13:00', '1032.00', '50.00', '1082.00'),
(840, 1, 1, 'Closed', 'Credit Card', '2012-10-13 09:14:00', '0.00', '0.00', '0.00'),
(841, 3, 248, 'Closed', 'Credit Card', '2012-10-15 22:08:00', '0.00', '0.00', '0.00'),
(842, 4, 39, 'Closed', 'Paypal', '2012-10-18 09:05:00', '1672.00', '50.00', '1722.00'),
(843, 3, 113, 'Closed', 'Credit Card', '2012-10-21 02:27:00', '124.00', '50.00', '174.00'),
(844, 3, 648, 'Closed', 'Paypal', '2012-10-21 03:36:00', '124.00', '50.00', '174.00'),
(845, 4, 14, 'Closed', 'Credit Card', '2012-10-21 06:32:00', '0.00', '0.00', '0.00'),
(846, 4, 824, 'Closed', 'Credit Card', '2012-10-24 21:38:00', '999.99', '50.00', '1049.99'),
(847, 3, 123, 'Closed', 'Paypal', '2012-10-26 08:00:00', '0.00', '0.00', '0.00'),
(848, 1, 441, 'Closed', 'Paypal', '2012-10-26 16:47:00', '5364.00', '50.00', '5414.00'),
(849, 3, 43, 'Closed', 'Paypal', '2012-10-28 19:50:00', '83.00', '50.00', '133.00'),
(850, 3, 73, 'Closed', 'Paypal', '2012-10-31 04:26:00', '0.00', '0.00', '0.00'),
(851, 1, 176, 'Closed', 'Paypal', '2012-10-31 07:05:00', '0.00', '0.00', '0.00'),
(852, 2, 492, 'Closed', 'Paypal', '2012-10-31 17:13:00', '0.00', '0.00', '0.00'),
(853, 3, 468, 'Closed', 'Credit Card', '2012-11-01 09:20:00', '0.00', '0.00', '0.00'),
(854, 2, 157, 'Closed', 'Credit Card', '2012-11-01 13:43:00', '2288.64', '50.00', '2338.64'),
(855, 3, 488, 'Closed', 'Credit Card', '2012-11-02 06:38:00', '1712.00', '50.00', '1762.00'),
(856, 5, 800, 'Closed', 'Credit Card', '2012-11-03 00:36:00', '211.00', '50.00', '261.00'),
(857, 1, 146, 'Closed', 'Paypal', '2012-11-03 08:50:00', '3741.98', '50.00', '3791.98'),
(858, 3, 948, 'Closed', 'Paypal', '2012-11-04 20:49:00', '0.00', '0.00', '0.00'),
(859, 2, 747, 'Closed', 'Paypal', '2012-11-06 16:44:00', '732.00', '50.00', '782.00'),
(860, 5, 205, 'Closed', 'Credit Card', '2012-11-07 01:03:00', '124.00', '50.00', '174.00'),
(861, 5, 365, 'Closed', 'Credit Card', '2012-11-08 19:40:00', '124.00', '50.00', '174.00'),
(862, 1, 276, 'Closed', 'Credit Card', '2012-11-09 04:13:00', '503.00', '50.00', '553.00'),
(863, 4, 529, 'Closed', 'Credit Card', '2012-11-10 04:53:00', '1778.64', '50.00', '1828.64'),
(864, 3, 833, 'Closed', 'Paypal', '2012-11-10 15:34:00', '1820.00', '50.00', '1870.00'),
(865, 3, 408, 'Closed', 'Paypal', '2012-11-10 16:27:00', '0.00', '0.00', '0.00'),
(866, 5, 415, 'Closed', 'Paypal', '2012-11-10 20:40:00', '503.00', '50.00', '553.00'),
(867, 2, 542, 'Closed', 'Paypal', '2012-11-11 02:28:00', '0.00', '0.00', '0.00'),
(868, 3, 958, 'Closed', 'Paypal', '2012-11-11 13:33:00', '0.00', '0.00', '0.00'),
(869, 4, 654, 'Closed', 'Credit Card', '2012-11-12 05:30:00', '6222.00', '50.00', '6272.00'),
(870, 1, 176, 'Closed', 'Credit Card', '2012-11-12 16:06:00', '0.00', '0.00', '0.00'),
(871, 4, 434, 'Closed', 'Paypal', '2012-11-12 23:50:00', '651.00', '50.00', '701.00'),
(872, 1, 26, 'Closed', 'Paypal', '2012-11-15 06:57:00', '605.00', '50.00', '655.00'),
(873, 2, 727, 'Closed', 'Credit Card', '2012-11-15 15:56:00', '5741.28', '50.00', '5791.28'),
(874, 4, 104, 'Closed', 'Paypal', '2012-11-16 00:37:00', '0.00', '0.00', '0.00'),
(875, 1, 231, 'Closed', 'Credit Card', '2012-11-16 05:12:00', '0.00', '0.00', '0.00'),
(876, 1, 121, 'Closed', 'Paypal', '2012-11-17 00:28:00', '359.00', '50.00', '409.00'),
(877, 2, 592, 'Closed', 'Paypal', '2012-11-17 13:19:00', '0.00', '0.00', '0.00'),
(878, 2, 417, 'Closed', 'Credit Card', '2012-11-17 17:05:00', '0.00', '0.00', '0.00'),
(879, 1, 341, 'Closed', 'Credit Card', '2012-11-20 10:10:00', '1488.00', '50.00', '1538.00'),
(880, 1, 556, 'Closed', 'Paypal', '2012-11-20 14:07:00', '732.00', '50.00', '782.00'),
(881, 4, 779, 'Closed', 'Credit Card', '2012-11-20 16:30:00', '0.00', '0.00', '0.00'),
(882, 2, 492, 'Closed', 'Credit Card', '2012-11-21 06:35:00', '0.00', '0.00', '0.00'),
(883, 4, 629, 'Closed', 'Credit Card', '2012-11-23 11:25:00', '5447.97', '50.00', '5497.97'),
(884, 3, 158, 'Closed', 'Credit Card', '2012-11-23 18:25:00', '124.00', '50.00', '174.00'),
(885, 4, 99, 'Cancelled', 'Credit Card', '2012-11-23 22:20:00', '0.00', '0.00', '0.00'),
(886, 2, 822, 'Closed', 'Credit Card', '2012-11-24 19:46:00', '2276.64', '50.00', '2326.64'),
(887, 2, 827, 'Closed', 'Paypal', '2012-11-25 17:30:00', '0.00', '0.00', '0.00'),
(888, 4, 109, 'Closed', 'Paypal', '2012-11-26 04:20:00', '359.00', '50.00', '409.00'),
(889, 3, 378, 'Closed', 'Credit Card', '2012-11-26 10:15:00', '991.00', '50.00', '1041.00'),
(890, 1, 726, 'Closed', 'Credit Card', '2012-11-26 14:12:00', '0.00', '0.00', '0.00'),
(891, 3, 243, 'Closed', 'Paypal', '2012-11-26 22:57:00', '241.00', '50.00', '291.00'),
(892, 1, 821, 'Closed', 'Credit Card', '2012-11-27 02:12:00', '2404.00', '50.00', '2454.00'),
(893, 3, 78, 'Closed', 'Paypal', '2012-11-27 06:51:00', '991.00', '50.00', '1041.00'),
(894, 3, 608, 'Closed', 'Paypal', '2012-11-28 01:56:00', '0.00', '0.00', '0.00'),
(895, 3, 53, 'Closed', 'Paypal', '2012-11-28 05:02:00', '0.00', '0.00', '0.00'),
(896, 3, 133, 'Closed', 'Paypal', '2012-11-30 10:47:00', '0.00', '0.00', '0.00'),
(897, 3, 358, 'Closed', 'Paypal', '2012-11-30 16:43:00', '651.00', '50.00', '701.00'),
(898, 5, 300, 'Closed', 'Credit Card', '2012-12-01 13:16:00', '605.00', '50.00', '655.00'),
(899, 4, 19, 'Closed', 'Credit Card', '2012-12-02 09:01:00', '0.00', '0.00', '0.00'),
(900, 2, 637, 'Closed', 'Credit Card', '2012-12-03 08:24:00', '1140.00', '50.00', '1190.00'),
(901, 5, 440, 'Closed', 'Paypal', '2012-12-03 23:49:00', '4281.00', '30.00', '4311.00'),
(902, 2, 432, 'Closed', 'Paypal', '2012-12-04 19:08:00', '653.00', '50.00', '703.00'),
(903, 5, 145, 'Closed', 'Paypal', '2012-12-06 07:27:00', '241.00', '50.00', '291.00'),
(904, 4, 54, 'Closed', 'Credit Card', '2012-12-06 08:35:00', '1194.00', '50.00', '1244.00'),
(905, 4, 494, 'Closed', 'Paypal', '2012-12-07 05:48:00', '0.00', '0.00', '0.00'),
(906, 5, 65, 'Closed', 'Paypal', '2012-12-07 20:54:00', '0.00', '0.00', '0.00'),
(907, 5, 325, 'Closed', 'Credit Card', '2012-12-09 06:30:00', '0.00', '0.00', '0.00'),
(908, 5, 65, 'Closed', 'Paypal', '2012-12-09 15:58:00', '124.00', '50.00', '174.00'),
(909, 3, 33, 'Closed', 'Paypal', '2012-12-11 01:49:00', '3162.00', '50.00', '3212.00'),
(910, 4, 619, 'Closed', 'Credit Card', '2012-12-11 03:38:00', '4089.00', '50.00', '4139.00'),
(911, 3, 723, 'Closed', 'Credit Card', '2012-12-11 05:16:00', '83.00', '50.00', '133.00'),
(912, 3, 158, 'Closed', 'Credit Card', '2012-12-11 18:53:00', '104.00', '50.00', '154.00'),
(913, 2, 472, 'Closed', 'Paypal', '2012-12-11 19:19:00', '0.00', '0.00', '0.00'),
(914, 4, 439, 'Closed', 'Paypal', '2012-12-12 13:59:00', '1290.00', '50.00', '1340.00'),
(915, 5, 900, 'Closed', 'Paypal', '2012-12-15 07:31:00', '3204.00', '50.00', '3254.00'),
(916, 2, 87, 'Closed', 'Paypal', '2012-12-15 10:59:00', '83.00', '50.00', '133.00'),
(917, 5, 590, 'Closed', 'Paypal', '2012-12-15 11:24:00', '4635.00', '50.00', '4685.00'),
(918, 3, 78, 'Closed', 'Credit Card', '2012-12-19 16:29:00', '0.00', '0.00', '0.00'),
(919, 1, 181, 'Closed', 'Paypal', '2012-12-19 18:56:00', '0.00', '0.00', '0.00'),
(920, 3, 433, 'Closed', 'Paypal', '2012-12-20 21:17:00', '3312.64', '50.00', '3362.64'),
(921, 4, 464, 'Closed', 'Credit Card', '2012-12-21 18:45:00', '0.00', '0.00', '0.00'),
(922, 2, 22, 'Closed', 'Credit Card', '2012-12-22 05:01:00', '588.00', '50.00', '638.00'),
(923, 1, 806, 'Closed', 'Credit Card', '2012-12-22 06:30:00', '0.00', '0.00', '0.00'),
(924, 1, 16, 'Closed', 'Credit Card', '2012-12-22 10:14:00', '0.00', '0.00', '0.00'),
(925, 3, 913, 'Closed', 'Credit Card', '2012-12-23 15:07:00', '0.00', '0.00', '0.00'),
(926, 4, 859, 'Closed', 'Paypal', '2012-12-23 23:25:00', '292.00', '50.00', '342.00'),
(927, 5, 620, 'Closed', 'Credit Card', '2012-12-24 01:12:00', '0.00', '0.00', '0.00'),
(928, 3, 98, 'Closed', 'Paypal', '2012-12-25 03:43:00', '0.00', '0.00', '0.00'),
(929, 3, 763, 'Closed', 'Paypal', '2012-12-25 11:24:00', '0.00', '0.00', '0.00'),
(930, 3, 68, 'Closed', 'Paypal', '2012-12-26 12:19:00', '1514.00', '30.00', '1544.00'),
(931, 5, 65, 'Closed', 'Credit Card', '2012-12-27 00:06:00', '0.00', '0.00', '0.00'),
(932, 1, 526, 'Closed', 'Paypal', '2012-12-27 02:57:00', '0.00', '0.00', '0.00'),
(933, 1, 501, 'Cancelled', 'Credit Card', '2012-12-27 04:02:00', '160.00', '30.00', '190.00'),
(934, 1, 201, 'Closed', 'Paypal', '2012-12-27 17:12:00', '0.00', '0.00', '0.00'),
(935, 5, 485, 'Closed', 'Paypal', '2012-12-27 18:16:00', '2481.98', '50.00', '2531.98'),
(936, 4, 54, 'Closed', 'Paypal', '2012-12-27 22:59:00', '653.00', '50.00', '703.00'),
(937, 4, 49, 'Closed', 'Credit Card', '2012-12-28 22:36:00', '83.00', '50.00', '133.00'),
(938, 1, 46, 'Closed', 'Credit Card', '2012-12-29 13:07:00', '1038.00', '10.00', '1048.00'),
(939, 5, 620, 'Closed', 'Credit Card', '2012-12-29 23:40:00', '211.00', '50.00', '261.00'),
(940, 3, 498, 'Closed', 'Paypal', '2012-12-31 04:12:00', '0.00', '0.00', '0.00'),
(941, 4, 324, 'Closed', 'Paypal', '2012-12-31 18:04:00', '2247.98', '50.00', '2297.98'),
(942, 2, 167, 'Closed', 'Paypal', '2013-01-01 00:15:00', '292.00', '50.00', '342.00'),
(943, 2, 762, 'Open', 'Credit Card', '2013-01-01 11:54:00', '3446.00', '50.00', '3496.00'),
(944, 2, 152, 'Open', 'Paypal', '2013-01-01 20:28:00', '2193.00', '50.00', '2243.00'),
(945, 3, 603, 'Open', 'Paypal', '2013-01-01 22:36:00', '776.00', '50.00', '826.00'),
(946, 4, 39, 'Open', 'Paypal', '2013-01-02 16:05:00', '653.00', '50.00', '703.00'),
(947, 3, 198, 'Open', 'Credit Card', '2013-01-02 17:20:00', '732.00', '50.00', '782.00'),
(948, 3, 223, 'Open', 'Paypal', '2013-01-02 20:33:00', '0.00', '0.00', '0.00'),
(949, 2, 7, 'Open', 'Credit Card', '2013-01-03 06:54:00', '999.99', '50.00', '1049.99'),
(950, 1, 136, 'Open', 'Paypal', '2013-01-03 22:52:00', '653.00', '50.00', '703.00'),
(951, 5, 100, 'Open', 'Paypal', '2013-01-04 05:32:00', '0.00', '0.00', '0.00'),
(952, 4, 614, 'Open', 'Paypal', '2013-01-04 11:50:00', '1128.00', '50.00', '1178.00'),
(953, 4, 919, 'Open', 'Credit Card', '2013-01-04 18:09:00', '991.00', '50.00', '1041.00'),
(954, 2, 107, 'Open', 'Credit Card', '2013-01-05 21:28:00', '4833.00', '50.00', '4883.00'),
(955, 2, 882, 'Open', 'Credit Card', '2013-01-06 00:03:00', '104.00', '50.00', '154.00'),
(956, 4, 429, 'Open', 'Credit Card', '2013-01-10 13:03:00', '359.00', '50.00', '409.00'),
(957, 3, 783, 'Open', 'Credit Card', '2013-01-12 14:18:00', '0.00', '0.00', '0.00'),
(958, 1, 16, 'Open', 'Paypal', '2013-01-12 21:30:00', '5064.00', '50.00', '5114.00'),
(959, 2, 402, 'Open', 'Credit Card', '2013-01-13 09:28:00', '605.00', '50.00', '655.00'),
(960, 4, 189, 'Open', 'Credit Card', '2013-01-14 14:29:00', '0.00', '0.00', '0.00'),
(961, 4, 629, 'Open', 'Credit Card', '2013-01-16 23:11:00', '550.00', '50.00', '600.00'),
(962, 2, 87, 'Open', 'Credit Card', '2013-01-17 10:54:00', '605.00', '50.00', '655.00'),
(963, 1, 176, 'Open', 'Paypal', '2013-01-17 18:06:00', '732.00', '50.00', '782.00'),
(964, 5, 145, 'Open', 'Paypal', '2013-01-18 20:43:00', '0.00', '0.00', '0.00'),
(965, 3, 48, 'Open', 'Paypal', '2013-01-19 07:11:00', '292.00', '50.00', '342.00'),
(966, 5, 430, 'Open', 'Credit Card', '2013-01-20 04:01:00', '871.00', '50.00', '921.00'),
(967, 3, 413, 'Open', 'Credit Card', '2013-01-20 19:19:00', '605.00', '50.00', '655.00'),
(968, 1, 181, 'Held', 'Paypal', '2013-01-20 23:47:00', '2052.64', '20.00', '2072.64'),
(969, 3, 73, 'Open', 'Paypal', '2013-01-21 03:17:00', '292.00', '50.00', '342.00'),
(970, 1, 121, 'Open', 'Paypal', '2013-01-21 05:45:00', '0.00', '0.00', '0.00'),
(971, 5, 240, 'Open', 'Paypal', '2013-01-21 12:19:00', '4923.00', '50.00', '4973.00'),
(972, 4, 809, 'Open', 'Paypal', '2013-01-22 09:45:00', '359.00', '50.00', '409.00'),
(973, 2, 887, 'Open', 'Credit Card', '2013-01-23 03:04:00', '0.00', '0.00', '0.00'),
(974, 2, 592, 'Held', 'Paypal', '2013-01-23 04:54:00', '160.00', '50.00', '210.00'),
(975, 2, 197, 'Open', NULL, '2013-01-23 07:04:00', '2481.98', '50.00', '2531.98'),
(976, 5, 470, 'Open', 'Credit Card', '2013-01-25 01:42:00', '653.00', '50.00', '703.00'),
(977, 4, 679, 'Open', 'Credit Card', '2013-01-26 03:29:00', '0.00', '0.00', '0.00'),
(978, 4, 209, 'Open', 'Paypal', '2013-01-26 09:10:00', '0.00', '0.00', '0.00'),
(979, 5, 695, 'Open', NULL, '2013-01-27 21:56:00', '1328.00', '50.00', '1378.00'),
(980, 4, 534, 'Open', 'Paypal', '2013-01-28 05:06:00', '5270.97', '50.00', '5320.97'),
(981, 3, 243, 'Open', 'Paypal', '2013-01-29 05:18:00', '0.00', '0.00', '0.00'),
(982, 3, 38, 'Open', 'Credit Card', '2013-01-29 05:36:00', '785.32', '50.00', '835.32'),
(983, 3, 613, 'Open', 'Paypal', '2013-01-29 21:39:00', '0.00', '0.00', '0.00'),
(984, 1, 196, 'Open', 'Paypal', '2013-01-30 06:07:00', '0.00', '0.00', '0.00'),
(985, 3, 903, 'Open', 'Paypal', '2013-02-03 12:08:00', '0.00', '0.00', '0.00'),
(986, 5, 585, 'Open', 'Paypal', '2013-02-03 13:42:00', '0.00', '0.00', '0.00'),
(987, 5, 980, 'Open', 'Paypal', '2013-02-04 09:28:00', '305.00', '50.00', '355.00'),
(988, 4, 94, 'Open', 'Credit Card', '2013-02-04 22:14:00', '211.00', '50.00', '261.00'),
(989, 2, 687, 'Open', 'Paypal', '2013-02-04 22:43:00', '353.00', '50.00', '403.00'),
(990, 4, 54, 'Open', 'Credit Card', '2013-02-06 02:43:00', '2062.00', '50.00', '2112.00'),
(991, 4, 659, 'Open', 'Credit Card', '2013-02-07 14:11:00', '292.00', '40.00', '332.00'),
(992, 3, 883, 'Open', 'Credit Card', '2013-02-13 17:46:00', '3192.00', '50.00', '3242.00'),
(993, 5, 85, 'Open', 'Paypal', '2013-02-15 03:57:00', '0.00', '0.00', '0.00'),
(994, 5, 25, 'Open', NULL, '2013-02-17 04:41:00', '653.00', '50.00', '703.00'),
(995, 4, 119, 'Held', 'Credit Card', '2013-02-17 06:20:00', '2770.00', '50.00', '2820.00'),
(996, 1, 906, 'Held', 'Paypal', '2013-02-18 02:05:00', '3384.00', '50.00', '3434.00'),
(997, 4, 14, 'Held', 'Paypal', '2013-02-20 11:45:00', '0.00', '0.00', '0.00'),
(998, 2, 942, 'Held', 'Credit Card', '2013-02-22 12:09:00', '0.00', '0.00', '0.00'),
(999, 1, 481, 'Open', NULL, '2013-02-23 13:41:00', '785.32', '20.00', '805.32'),
(1000, 5, 740, 'Open', 'Paypal', '2013-02-24 13:03:00', '0.00', '0.00', '0.00'),
(1001, 3, 1, 'New', NULL, NULL, '3000.00', '240.00', '3240.00'),
(1002, 3, 1, 'New', NULL, '0000-00-00 00:00:00', '3000.00', '240.00', '3240.00'),
(1003, 3, 1, 'New', NULL, '2016-03-21 00:00:00', '3000.00', '240.00', '3240.00'),
(1004, 3, 1, 'New', NULL, NULL, '3000.00', '240.00', '3240.00'),
(1005, 3, 1, 'New', 'PayPal', '2016-03-10 09:11:00', '3000.00', '240.00', '3240.00'),
(1006, 3, 1, 'New', NULL, '0000-00-00 00:00:00', '2000.00', '45.00', '2045.00'),
(1007, 6, 1, 'New', 'Soul', '2016-06-06 06:06:06', '666.00', '666.00', '0.00'),
(1010, 4, 2, 'New', NULL, NULL, '2000.00', '150.00', '2150.00'),
(1012, 1, 5, 'New', 'Paypal', '2017-03-03 08:35:21', '678.00', '20.00', '698.00'),
(1013, 3, 5, 'New', NULL, '2017-03-08 08:26:00', '120.00', '5.00', '125.00'),
(1014, 5, 23, 'New', NULL, '2017-03-09 00:00:00', '300.00', '12.00', '312.00'),
(1015, 6, 10, 'New', NULL, '2017-03-08 19:30:12', '120.00', '5.00', '125.00'),
(1016, 3, 5, 'New', 'Credit Card', '2017-03-09 10:14:18', '150.00', '4.95', '154.95'),
(1017, 3, 5, 'New', NULL, '2017-03-09 00:00:00', '120.00', '5.00', '125.00'),
(1018, 3, 5, 'New', 'Paypal', '2017-03-09 07:20:12', '154.00', '20.00', '174.00'),
(1020, 3, 5, 'New', NULL, '2017-03-09 00:00:00', '123.00', '12.00', '135.00'),
(1021, 3, 48, 'New', NULL, '2019-08-01 00:00:00', '300.00', '12.00', '312.00'),
(1025, 3, 1, 'New', NULL, '2017-03-27 00:00:00', '454.00', '45.00', '54.00'),
(1026, 5, 7, 'New', NULL, '2017-03-09 11:16:00', '25.00', '7.00', '32.00'),
(1027, 2, 1, 'New', 'Check', '2017-03-24 00:00:00', '200000.00', '10000.00', '210000.00'),
(1028, 1, 9, 'New', 'Blat', '2017-03-10 00:00:00', '500.00', '50.00', '550.00'),
(1029, 4, 12, 'New', 'PayPal', '2017-03-09 00:00:00', '100.00', '2.50', '0.00'),
(1030, 6, 11, 'New', NULL, '2018-03-12 00:00:00', '150.00', '5.00', '155.00'),
(420420, 1, 4, 'New', 'bags of rice', '2017-03-09 00:00:00', '0.00', '0.00', '0.00');

-- --------------------------------------------------------

--
-- Table structure for table `ORDER_PRODUCT`
--

CREATE TABLE IF NOT EXISTS `ORDER_PRODUCT` (
  `OrderProductID` int(8) NOT NULL AUTO_INCREMENT,
  `OrderID` int(8) NOT NULL,
  `ProductID` int(8) NOT NULL,
  `ProductQuantity` int(4) NOT NULL DEFAULT '1',
  `ProductTotalPrice` decimal(15,2) NOT NULL,
  PRIMARY KEY (`OrderProductID`),
  KEY `OrderID` (`OrderID`),
  KEY `ProductID` (`ProductID`)
) ENGINE=InnoDB  DEFAULT CHARSET=utf8 AUTO_INCREMENT=1002 ;

--
-- Dumping data for table `ORDER_PRODUCT`
--

INSERT INTO `ORDER_PRODUCT` (`OrderProductID`, `OrderID`, `ProductID`, `ProductQuantity`, `ProductTotalPrice`) VALUES
(1, 28, 15, 4, '1220.00'),
(2, 50, 6, 4, '332.00'),
(3, 84, 40, 1, '999.99'),
(4, 68, 1, 5, '2750.00'),
(5, 100, 5, 5, '1055.00'),
(6, 47, 30, 5, '3660.00'),
(7, 162, 31, 4, '2612.00'),
(8, 20, 26, 2, '166.00'),
(9, 67, 9, 3, '1077.00'),
(10, 38, 33, 4, '2420.00'),
(11, 84, 39, 5, '3926.60'),
(12, 41, 9, 1, '359.00'),
(13, 180, 25, 1, '211.00'),
(14, 181, 39, 1, '785.32'),
(15, 169, 19, 2, '1570.64'),
(16, 153, 28, 5, '520.00'),
(17, 132, 20, 4, '3999.96'),
(18, 92, 24, 2, '1302.00'),
(19, 162, 37, 3, '1059.00'),
(20, 69, 5, 2, '422.00'),
(21, 193, 22, 2, '320.00'),
(22, 188, 30, 3, '2196.00'),
(23, 12, 26, 1, '83.00'),
(24, 34, 22, 1, '160.00'),
(25, 60, 16, 3, '2613.00'),
(26, 109, 6, 2, '166.00'),
(27, 104, 32, 4, '496.00'),
(28, 52, 11, 2, '1306.00'),
(29, 126, 3, 2, '482.00'),
(30, 39, 17, 2, '706.00'),
(31, 117, 15, 5, '1525.00'),
(32, 186, 13, 4, '2420.00'),
(33, 95, 15, 2, '610.00'),
(34, 128, 22, 4, '640.00'),
(35, 151, 34, 1, '991.00'),
(36, 65, 15, 2, '610.00'),
(37, 116, 36, 1, '871.00'),
(38, 66, 6, 2, '166.00'),
(39, 134, 31, 3, '1959.00'),
(40, 186, 39, 5, '3926.60'),
(41, 60, 22, 1, '160.00'),
(42, 41, 20, 3, '2999.97'),
(43, 168, 38, 5, '1460.00'),
(44, 21, 24, 2, '1302.00'),
(45, 180, 14, 2, '1982.00'),
(46, 15, 27, 3, '1509.00'),
(47, 78, 10, 3, '2196.00'),
(48, 100, 23, 4, '964.00'),
(49, 173, 10, 2, '1464.00'),
(50, 59, 7, 2, '1006.00'),
(51, 25, 19, 5, '3926.60'),
(52, 65, 27, 2, '1006.00'),
(53, 165, 20, 2, '1999.98'),
(54, 138, 25, 5, '1055.00'),
(55, 17, 20, 2, '1999.98'),
(56, 61, 23, 5, '1205.00'),
(57, 179, 39, 1, '785.32'),
(58, 74, 19, 4, '3141.28'),
(59, 198, 13, 5, '3025.00'),
(60, 77, 25, 1, '211.00'),
(61, 149, 30, 3, '2196.00'),
(62, 130, 3, 2, '482.00'),
(63, 7, 36, 4, '3484.00'),
(64, 73, 24, 2, '1302.00'),
(65, 56, 27, 5, '2515.00'),
(66, 106, 39, 3, '2355.96'),
(67, 88, 35, 2, '610.00'),
(68, 120, 10, 5, '3660.00'),
(69, 65, 9, 1, '359.00'),
(70, 56, 24, 4, '2604.00'),
(71, 81, 14, 3, '2973.00'),
(72, 197, 40, 3, '2999.97'),
(73, 46, 1, 3, '1650.00'),
(74, 194, 16, 1, '871.00'),
(75, 63, 27, 4, '2012.00'),
(76, 32, 8, 4, '416.00'),
(77, 114, 26, 3, '249.00'),
(78, 189, 9, 4, '1436.00'),
(79, 155, 22, 5, '800.00'),
(80, 186, 33, 3, '1815.00'),
(81, 140, 9, 5, '1795.00'),
(82, 42, 9, 5, '1795.00'),
(83, 156, 18, 5, '1460.00'),
(84, 47, 17, 2, '706.00'),
(85, 54, 29, 5, '1795.00'),
(86, 193, 35, 1, '305.00'),
(87, 125, 18, 4, '1168.00'),
(88, 28, 16, 5, '4355.00'),
(89, 177, 7, 3, '1509.00'),
(90, 169, 4, 2, '1302.00'),
(91, 81, 32, 3, '372.00'),
(92, 61, 40, 4, '3999.96'),
(93, 39, 31, 2, '1306.00'),
(94, 21, 40, 4, '3999.96'),
(95, 81, 11, 2, '1306.00'),
(96, 73, 9, 1, '359.00'),
(97, 101, 34, 4, '3964.00'),
(98, 56, 40, 1, '999.99'),
(99, 54, 35, 1, '305.00'),
(100, 161, 29, 2, '718.00'),
(101, 32, 5, 1, '211.00'),
(102, 148, 17, 1, '353.00'),
(103, 104, 24, 4, '2604.00'),
(104, 147, 29, 4, '1436.00'),
(105, 70, 5, 1, '211.00'),
(106, 135, 19, 2, '1570.64'),
(107, 175, 39, 1, '785.32'),
(108, 102, 10, 1, '732.00'),
(109, 106, 21, 5, '2750.00'),
(110, 141, 13, 4, '2420.00'),
(111, 193, 19, 4, '3141.28'),
(112, 200, 9, 1, '359.00'),
(113, 5, 30, 4, '2928.00'),
(114, 162, 19, 3, '2355.96'),
(115, 118, 33, 3, '1815.00'),
(116, 126, 20, 1, '999.99'),
(117, 179, 15, 5, '1525.00'),
(118, 200, 35, 2, '610.00'),
(119, 18, 16, 4, '3484.00'),
(120, 8, 4, 1, '651.00'),
(121, 139, 3, 3, '723.00'),
(122, 91, 3, 4, '964.00'),
(123, 124, 4, 3, '1953.00'),
(124, 76, 36, 5, '4355.00'),
(125, 169, 19, 4, '3141.28'),
(126, 82, 5, 2, '422.00'),
(127, 88, 40, 3, '2999.97'),
(128, 87, 40, 3, '2999.97'),
(129, 136, 4, 5, '3255.00'),
(130, 87, 5, 5, '1055.00'),
(131, 101, 33, 5, '3025.00'),
(132, 10, 11, 1, '653.00'),
(133, 160, 36, 1, '871.00'),
(134, 57, 11, 1, '653.00'),
(135, 45, 5, 3, '633.00'),
(136, 195, 21, 3, '1650.00'),
(137, 42, 38, 3, '876.00'),
(138, 160, 16, 3, '2613.00'),
(139, 51, 3, 4, '964.00'),
(140, 20, 20, 4, '3999.96'),
(141, 7, 40, 3, '2999.97'),
(142, 6, 2, 5, '800.00'),
(143, 15, 34, 4, '3964.00'),
(144, 40, 5, 1, '211.00'),
(145, 42, 14, 1, '991.00'),
(146, 138, 13, 4, '2420.00'),
(147, 55, 22, 3, '480.00'),
(148, 171, 14, 5, '4955.00'),
(149, 87, 24, 1, '651.00'),
(150, 19, 28, 3, '312.00'),
(151, 176, 29, 3, '1077.00'),
(152, 96, 30, 3, '2196.00'),
(153, 70, 33, 3, '1815.00'),
(154, 21, 1, 3, '1650.00'),
(155, 26, 9, 5, '1795.00'),
(156, 52, 37, 1, '353.00'),
(157, 181, 7, 4, '2012.00'),
(158, 99, 2, 1, '160.00'),
(159, 94, 19, 4, '3141.28'),
(160, 102, 23, 2, '482.00'),
(161, 7, 18, 1, '292.00'),
(162, 112, 37, 4, '1412.00'),
(163, 26, 11, 3, '1959.00'),
(164, 107, 15, 3, '915.00'),
(165, 13, 20, 4, '3999.96'),
(166, 187, 30, 4, '2928.00'),
(167, 26, 26, 5, '415.00'),
(168, 170, 6, 5, '415.00'),
(169, 180, 25, 2, '422.00'),
(170, 107, 5, 5, '1055.00'),
(171, 168, 6, 2, '166.00'),
(172, 172, 29, 2, '718.00'),
(173, 124, 34, 3, '2973.00'),
(174, 38, 15, 5, '1525.00'),
(175, 154, 18, 2, '584.00'),
(176, 113, 15, 1, '305.00'),
(177, 53, 20, 4, '3999.96'),
(178, 27, 14, 5, '4955.00'),
(179, 7, 10, 3, '2196.00'),
(180, 80, 31, 4, '2612.00'),
(181, 63, 25, 4, '844.00'),
(182, 133, 19, 3, '2355.96'),
(183, 186, 4, 2, '1302.00'),
(184, 89, 11, 4, '2612.00'),
(185, 65, 2, 1, '160.00'),
(186, 138, 25, 3, '633.00'),
(187, 159, 35, 5, '1525.00'),
(188, 110, 40, 2, '1999.98'),
(189, 88, 2, 3, '480.00'),
(190, 188, 17, 2, '706.00'),
(191, 111, 30, 5, '3660.00'),
(192, 62, 17, 2, '706.00'),
(193, 155, 14, 3, '2973.00'),
(194, 15, 31, 4, '2612.00'),
(195, 147, 4, 4, '2604.00'),
(196, 164, 32, 2, '248.00'),
(197, 54, 23, 2, '482.00'),
(198, 41, 5, 2, '422.00'),
(199, 96, 23, 2, '482.00'),
(200, 199, 20, 4, '3999.96'),
(201, 387, 10, 1, '732.00'),
(202, 369, 30, 3, '2196.00'),
(203, 240, 16, 2, '1742.00'),
(204, 391, 8, 1, '104.00'),
(205, 248, 18, 1, '292.00'),
(206, 259, 19, 2, '1570.64'),
(207, 389, 39, 2, '1570.64'),
(208, 245, 3, 2, '482.00'),
(209, 330, 12, 3, '372.00'),
(210, 215, 16, 2, '1742.00'),
(211, 329, 14, 4, '3964.00'),
(212, 332, 7, 2, '1006.00'),
(213, 246, 15, 4, '1220.00'),
(214, 322, 14, 5, '4955.00'),
(215, 333, 23, 2, '482.00'),
(216, 344, 35, 5, '1525.00'),
(217, 213, 33, 4, '2420.00'),
(218, 271, 1, 5, '2750.00'),
(219, 341, 27, 1, '503.00'),
(220, 260, 30, 3, '2196.00'),
(221, 333, 16, 5, '4355.00'),
(222, 256, 2, 1, '160.00'),
(223, 325, 11, 3, '1959.00'),
(224, 272, 36, 4, '3484.00'),
(225, 257, 22, 2, '320.00'),
(226, 330, 11, 1, '653.00'),
(227, 294, 13, 5, '3025.00'),
(228, 251, 27, 5, '2515.00'),
(229, 223, 15, 4, '1220.00'),
(230, 251, 27, 3, '1509.00'),
(231, 358, 14, 4, '3964.00'),
(232, 331, 25, 5, '1055.00'),
(233, 339, 10, 1, '732.00'),
(234, 221, 24, 5, '3255.00'),
(235, 368, 35, 3, '915.00'),
(236, 229, 21, 4, '2200.00'),
(237, 261, 40, 1, '999.99'),
(238, 254, 10, 4, '2928.00'),
(239, 251, 15, 1, '305.00'),
(240, 383, 25, 5, '1055.00'),
(241, 263, 16, 1, '871.00'),
(242, 220, 2, 4, '640.00'),
(243, 386, 30, 5, '3660.00'),
(244, 206, 34, 3, '2973.00'),
(245, 202, 28, 3, '312.00'),
(246, 307, 33, 5, '3025.00'),
(247, 263, 5, 5, '1055.00'),
(248, 283, 16, 2, '1742.00'),
(249, 238, 26, 3, '249.00'),
(250, 267, 23, 1, '241.00'),
(251, 231, 35, 3, '915.00'),
(252, 263, 39, 3, '2355.96'),
(253, 216, 36, 2, '1742.00'),
(254, 216, 37, 1, '353.00'),
(255, 334, 38, 5, '1460.00'),
(256, 226, 19, 4, '3141.28'),
(257, 222, 31, 4, '2612.00'),
(258, 215, 8, 1, '104.00'),
(259, 256, 15, 5, '1525.00'),
(260, 366, 28, 2, '208.00'),
(261, 398, 35, 2, '610.00'),
(262, 307, 7, 1, '503.00'),
(263, 225, 10, 1, '732.00'),
(264, 290, 13, 5, '3025.00'),
(265, 323, 40, 5, '4999.95'),
(266, 292, 5, 2, '422.00'),
(267, 225, 9, 1, '359.00'),
(268, 382, 12, 2, '248.00'),
(269, 216, 23, 4, '964.00'),
(270, 379, 16, 2, '1742.00'),
(271, 252, 16, 2, '1742.00'),
(272, 297, 37, 2, '706.00'),
(273, 333, 2, 4, '640.00'),
(274, 348, 20, 5, '4999.95'),
(275, 345, 4, 5, '3255.00'),
(276, 328, 23, 1, '241.00'),
(277, 201, 27, 2, '1006.00'),
(278, 228, 24, 3, '1953.00'),
(279, 292, 27, 1, '503.00'),
(280, 228, 23, 3, '723.00'),
(281, 304, 33, 5, '3025.00'),
(282, 351, 12, 5, '620.00'),
(283, 231, 39, 5, '3926.60'),
(284, 359, 28, 2, '208.00'),
(285, 350, 17, 3, '1059.00'),
(286, 339, 2, 5, '800.00'),
(287, 350, 3, 4, '964.00'),
(288, 205, 8, 2, '208.00'),
(289, 318, 26, 5, '415.00'),
(290, 345, 32, 3, '372.00'),
(291, 251, 13, 2, '1210.00'),
(292, 233, 3, 3, '723.00'),
(293, 398, 9, 3, '1077.00'),
(294, 369, 1, 1, '550.00'),
(295, 236, 30, 3, '2196.00'),
(296, 322, 18, 4, '1168.00'),
(297, 318, 8, 4, '416.00'),
(298, 248, 9, 5, '1795.00'),
(299, 294, 32, 3, '372.00'),
(300, 272, 21, 2, '1100.00'),
(301, 361, 32, 4, '496.00'),
(302, 212, 38, 4, '1168.00'),
(303, 320, 38, 5, '1460.00'),
(304, 219, 31, 5, '3265.00'),
(305, 256, 38, 4, '1168.00'),
(306, 376, 23, 1, '241.00'),
(307, 305, 6, 2, '166.00'),
(308, 244, 16, 3, '2613.00'),
(309, 222, 34, 2, '1982.00'),
(310, 329, 9, 5, '1795.00'),
(311, 393, 1, 3, '1650.00'),
(312, 319, 3, 3, '723.00'),
(313, 256, 27, 3, '1509.00'),
(314, 236, 31, 2, '1306.00'),
(315, 215, 2, 1, '160.00'),
(316, 345, 37, 4, '1412.00'),
(317, 363, 18, 5, '1460.00'),
(318, 218, 26, 2, '166.00'),
(319, 315, 31, 1, '653.00'),
(320, 371, 16, 2, '1742.00'),
(321, 332, 15, 2, '610.00'),
(322, 248, 39, 2, '1570.64'),
(323, 352, 10, 1, '732.00'),
(324, 241, 17, 4, '1412.00'),
(325, 285, 20, 5, '4999.95'),
(326, 318, 9, 4, '1436.00'),
(327, 263, 1, 1, '550.00'),
(328, 235, 5, 4, '844.00'),
(329, 284, 27, 3, '1509.00'),
(330, 301, 22, 5, '800.00'),
(331, 359, 8, 2, '208.00'),
(332, 219, 18, 2, '584.00'),
(333, 292, 8, 3, '312.00'),
(334, 297, 16, 5, '4355.00'),
(335, 252, 33, 2, '1210.00'),
(336, 213, 16, 3, '2613.00'),
(337, 355, 29, 3, '1077.00'),
(338, 382, 36, 4, '3484.00'),
(339, 339, 12, 2, '248.00'),
(340, 247, 33, 5, '3025.00'),
(341, 233, 24, 1, '651.00'),
(342, 293, 28, 3, '312.00'),
(343, 342, 6, 4, '332.00'),
(344, 239, 26, 1, '83.00'),
(345, 216, 36, 5, '4355.00'),
(346, 290, 38, 2, '584.00'),
(347, 204, 29, 5, '1795.00'),
(348, 322, 25, 5, '1055.00'),
(349, 260, 13, 1, '605.00'),
(350, 333, 22, 5, '800.00'),
(351, 312, 29, 3, '1077.00'),
(352, 328, 7, 2, '1006.00'),
(353, 229, 36, 3, '2613.00'),
(354, 366, 3, 1, '241.00'),
(355, 382, 7, 5, '2515.00'),
(356, 359, 24, 5, '3255.00'),
(357, 216, 25, 3, '633.00'),
(358, 215, 9, 1, '359.00'),
(359, 390, 21, 3, '1650.00'),
(360, 225, 8, 1, '104.00'),
(361, 220, 30, 4, '2928.00'),
(362, 334, 16, 5, '4355.00'),
(363, 385, 21, 5, '2750.00'),
(364, 266, 14, 5, '4955.00'),
(365, 271, 11, 1, '653.00'),
(366, 253, 2, 4, '640.00'),
(367, 224, 5, 2, '422.00'),
(368, 337, 8, 3, '312.00'),
(369, 375, 6, 1, '83.00'),
(370, 276, 11, 1, '653.00'),
(371, 287, 15, 5, '1525.00'),
(372, 241, 2, 2, '320.00'),
(373, 229, 39, 5, '3926.60'),
(374, 394, 12, 1, '124.00'),
(375, 374, 26, 3, '249.00'),
(376, 383, 36, 3, '2613.00'),
(377, 312, 1, 3, '1650.00'),
(378, 364, 28, 4, '416.00'),
(379, 260, 23, 5, '1205.00'),
(380, 261, 38, 1, '292.00'),
(381, 298, 16, 3, '2613.00'),
(382, 284, 24, 3, '1953.00'),
(383, 344, 30, 3, '2196.00'),
(384, 308, 28, 5, '520.00'),
(385, 341, 23, 3, '723.00'),
(386, 224, 20, 2, '1999.98'),
(387, 316, 2, 2, '320.00'),
(388, 231, 35, 1, '305.00'),
(389, 386, 7, 4, '2012.00'),
(390, 368, 19, 3, '2355.96'),
(391, 204, 38, 5, '1460.00'),
(392, 312, 15, 3, '915.00'),
(393, 226, 4, 2, '1302.00'),
(394, 331, 25, 5, '1055.00'),
(395, 292, 13, 3, '1815.00'),
(396, 380, 18, 1, '292.00'),
(397, 248, 1, 1, '550.00'),
(398, 319, 7, 5, '2515.00'),
(399, 330, 4, 1, '651.00'),
(400, 254, 38, 3, '876.00'),
(401, 493, 4, 5, '3255.00'),
(402, 517, 12, 1, '124.00'),
(403, 482, 3, 3, '723.00'),
(404, 545, 35, 3, '915.00'),
(405, 555, 10, 1, '732.00'),
(406, 435, 17, 5, '1765.00'),
(407, 537, 40, 1, '999.99'),
(408, 498, 15, 3, '915.00'),
(409, 570, 23, 2, '482.00'),
(410, 527, 3, 2, '482.00'),
(411, 481, 21, 2, '1100.00'),
(412, 462, 5, 4, '844.00'),
(413, 468, 21, 4, '2200.00'),
(414, 552, 10, 3, '2196.00'),
(415, 439, 40, 5, '4999.95'),
(416, 476, 7, 2, '1006.00'),
(417, 457, 35, 2, '610.00'),
(418, 459, 14, 3, '2973.00'),
(419, 565, 8, 1, '104.00'),
(420, 429, 33, 1, '605.00'),
(421, 480, 10, 4, '2928.00'),
(422, 549, 22, 5, '800.00'),
(423, 475, 35, 2, '610.00'),
(424, 414, 26, 3, '249.00'),
(425, 524, 33, 3, '1815.00'),
(426, 485, 8, 4, '416.00'),
(427, 526, 20, 3, '2999.97'),
(428, 567, 31, 5, '3265.00'),
(429, 480, 24, 1, '651.00'),
(430, 505, 30, 5, '3660.00'),
(431, 543, 6, 1, '83.00'),
(432, 484, 36, 4, '3484.00'),
(433, 446, 10, 3, '2196.00'),
(434, 510, 13, 1, '605.00'),
(435, 420, 38, 1, '292.00'),
(436, 529, 15, 2, '610.00'),
(437, 472, 40, 4, '3999.96'),
(438, 587, 33, 3, '1815.00'),
(439, 571, 9, 1, '359.00'),
(440, 592, 30, 4, '2928.00'),
(441, 578, 18, 5, '1460.00'),
(442, 410, 35, 4, '1220.00'),
(443, 548, 4, 1, '651.00'),
(444, 460, 26, 2, '166.00'),
(445, 498, 30, 2, '1464.00'),
(446, 499, 16, 4, '3484.00'),
(447, 540, 30, 4, '2928.00'),
(448, 475, 28, 3, '312.00'),
(449, 565, 22, 4, '640.00'),
(450, 572, 20, 2, '1999.98'),
(451, 526, 15, 5, '1525.00'),
(452, 506, 17, 4, '1412.00'),
(453, 461, 7, 4, '2012.00'),
(454, 466, 19, 3, '2355.96'),
(455, 534, 38, 1, '292.00'),
(456, 589, 18, 3, '876.00'),
(457, 514, 6, 2, '166.00'),
(458, 436, 21, 5, '2750.00'),
(459, 521, 14, 3, '2973.00'),
(460, 448, 8, 5, '520.00'),
(461, 522, 33, 2, '1210.00'),
(462, 486, 14, 4, '3964.00'),
(463, 423, 26, 5, '415.00'),
(464, 579, 40, 2, '1999.98'),
(465, 463, 26, 2, '166.00'),
(466, 496, 24, 4, '2604.00'),
(467, 405, 7, 5, '2515.00'),
(468, 462, 14, 2, '1982.00'),
(469, 454, 38, 4, '1168.00'),
(470, 552, 7, 5, '2515.00'),
(471, 546, 32, 4, '496.00'),
(472, 415, 9, 1, '359.00'),
(473, 567, 13, 4, '2420.00'),
(474, 552, 9, 4, '1436.00'),
(475, 427, 21, 2, '1100.00'),
(476, 491, 1, 5, '2750.00'),
(477, 441, 1, 1, '550.00'),
(478, 418, 14, 2, '1982.00'),
(479, 496, 25, 2, '422.00'),
(480, 439, 15, 3, '915.00'),
(481, 419, 4, 2, '1302.00'),
(482, 561, 7, 3, '1509.00'),
(483, 572, 40, 5, '4999.95'),
(484, 513, 30, 1, '732.00'),
(485, 449, 36, 3, '2613.00'),
(486, 513, 14, 3, '2973.00'),
(487, 494, 22, 3, '480.00'),
(488, 506, 25, 5, '1055.00'),
(489, 584, 4, 3, '1953.00'),
(490, 449, 12, 5, '620.00'),
(491, 548, 16, 5, '4355.00'),
(492, 403, 8, 1, '104.00'),
(493, 500, 2, 1, '160.00'),
(494, 461, 25, 5, '1055.00'),
(495, 464, 34, 4, '3964.00'),
(496, 571, 17, 1, '353.00'),
(497, 478, 36, 3, '2613.00'),
(498, 590, 17, 1, '353.00'),
(499, 568, 13, 2, '1210.00'),
(500, 466, 23, 3, '723.00'),
(501, 436, 13, 5, '3025.00'),
(502, 422, 13, 1, '605.00'),
(503, 440, 33, 1, '605.00'),
(504, 455, 5, 4, '844.00'),
(505, 419, 18, 4, '1168.00'),
(506, 559, 12, 1, '124.00'),
(507, 564, 28, 5, '520.00'),
(508, 476, 25, 2, '422.00'),
(509, 511, 19, 4, '3141.28'),
(510, 566, 32, 1, '124.00'),
(511, 479, 39, 3, '2355.96'),
(512, 467, 3, 5, '1205.00'),
(513, 492, 11, 4, '2612.00'),
(514, 525, 22, 4, '640.00'),
(515, 480, 26, 1, '83.00'),
(516, 404, 18, 3, '876.00'),
(517, 409, 10, 1, '732.00'),
(518, 590, 25, 4, '844.00'),
(519, 452, 8, 2, '208.00'),
(520, 578, 1, 1, '550.00'),
(521, 418, 16, 5, '4355.00'),
(522, 518, 30, 1, '732.00'),
(523, 482, 8, 2, '208.00'),
(524, 408, 33, 5, '3025.00'),
(525, 559, 9, 3, '1077.00'),
(526, 597, 9, 5, '1795.00'),
(527, 492, 11, 1, '653.00'),
(528, 522, 9, 4, '1436.00'),
(529, 477, 19, 5, '3926.60'),
(530, 523, 15, 5, '1525.00'),
(531, 528, 18, 2, '584.00'),
(532, 524, 2, 1, '160.00'),
(533, 536, 18, 2, '584.00'),
(534, 401, 19, 1, '785.32'),
(535, 573, 11, 2, '1306.00'),
(536, 473, 10, 3, '2196.00'),
(537, 458, 29, 4, '1436.00'),
(538, 492, 13, 1, '605.00'),
(539, 450, 28, 3, '312.00'),
(540, 444, 13, 5, '3025.00'),
(541, 439, 38, 2, '584.00'),
(542, 513, 23, 2, '482.00'),
(543, 533, 10, 4, '2928.00'),
(544, 590, 10, 2, '1464.00'),
(545, 410, 5, 3, '633.00'),
(546, 471, 19, 4, '3141.28'),
(547, 577, 31, 3, '1959.00'),
(548, 536, 9, 4, '1436.00'),
(549, 537, 19, 3, '2355.96'),
(550, 431, 28, 4, '416.00'),
(551, 596, 35, 4, '1220.00'),
(552, 450, 18, 2, '584.00'),
(553, 509, 4, 3, '1953.00'),
(554, 456, 2, 4, '640.00'),
(555, 498, 4, 5, '3255.00'),
(556, 593, 18, 2, '584.00'),
(557, 537, 13, 1, '605.00'),
(558, 422, 1, 2, '1100.00'),
(559, 569, 28, 4, '416.00'),
(560, 455, 34, 3, '2973.00'),
(561, 403, 33, 2, '1210.00'),
(562, 539, 3, 4, '964.00'),
(563, 588, 25, 5, '1055.00'),
(564, 485, 36, 5, '4355.00'),
(565, 430, 15, 5, '1525.00'),
(566, 596, 14, 2, '1982.00'),
(567, 456, 1, 4, '2200.00'),
(568, 466, 5, 4, '844.00'),
(569, 519, 39, 2, '1570.64'),
(570, 464, 10, 2, '1464.00'),
(571, 545, 11, 1, '653.00'),
(572, 401, 38, 1, '292.00'),
(573, 542, 36, 4, '3484.00'),
(574, 503, 13, 3, '1815.00'),
(575, 471, 19, 5, '3926.60'),
(576, 458, 18, 2, '584.00'),
(577, 534, 29, 2, '718.00'),
(578, 474, 2, 3, '480.00'),
(579, 414, 26, 3, '249.00'),
(580, 491, 39, 4, '3141.28'),
(581, 536, 28, 5, '520.00'),
(582, 545, 28, 5, '520.00'),
(583, 565, 16, 4, '3484.00'),
(584, 508, 36, 1, '871.00'),
(585, 428, 10, 3, '2196.00'),
(586, 422, 22, 5, '800.00'),
(587, 484, 9, 4, '1436.00'),
(588, 548, 23, 4, '964.00'),
(589, 438, 26, 2, '166.00'),
(590, 520, 4, 2, '1302.00'),
(591, 451, 31, 5, '3265.00'),
(592, 431, 20, 4, '3999.96'),
(593, 401, 13, 1, '605.00'),
(594, 547, 35, 5, '1525.00'),
(595, 555, 40, 1, '999.99'),
(596, 455, 4, 4, '2604.00'),
(597, 443, 21, 5, '2750.00'),
(598, 573, 11, 3, '1959.00'),
(599, 510, 18, 1, '292.00'),
(600, 574, 2, 1, '160.00'),
(601, 694, 16, 4, '3484.00'),
(602, 797, 34, 1, '991.00'),
(603, 658, 8, 3, '312.00'),
(604, 706, 37, 5, '1765.00'),
(605, 781, 4, 4, '2604.00'),
(606, 742, 33, 4, '2420.00'),
(607, 716, 30, 1, '732.00'),
(608, 795, 7, 5, '2515.00'),
(609, 690, 6, 5, '415.00'),
(610, 788, 39, 3, '2355.96'),
(611, 671, 17, 5, '1765.00'),
(612, 602, 17, 4, '1412.00'),
(613, 629, 28, 5, '520.00'),
(614, 722, 9, 5, '1795.00'),
(615, 690, 5, 5, '1055.00'),
(616, 611, 33, 4, '2420.00'),
(617, 758, 17, 3, '1059.00'),
(618, 796, 15, 4, '1220.00'),
(619, 771, 33, 5, '3025.00'),
(620, 752, 31, 4, '2612.00'),
(621, 656, 5, 1, '211.00'),
(622, 637, 5, 3, '633.00'),
(623, 782, 11, 2, '1306.00'),
(624, 768, 35, 3, '915.00'),
(625, 738, 13, 4, '2420.00'),
(626, 726, 15, 3, '915.00'),
(627, 678, 7, 5, '2515.00'),
(628, 778, 6, 1, '83.00'),
(629, 711, 40, 1, '999.99'),
(630, 674, 30, 4, '2928.00'),
(631, 627, 1, 5, '2750.00'),
(632, 663, 9, 1, '359.00'),
(633, 780, 5, 2, '422.00'),
(634, 634, 38, 1, '292.00'),
(635, 732, 26, 3, '249.00'),
(636, 652, 11, 5, '3265.00'),
(637, 737, 26, 5, '415.00'),
(638, 703, 22, 1, '160.00'),
(639, 742, 4, 1, '651.00'),
(640, 746, 19, 5, '3926.60'),
(641, 702, 24, 5, '3255.00'),
(642, 679, 36, 1, '871.00'),
(643, 681, 32, 1, '124.00'),
(644, 734, 39, 1, '785.32'),
(645, 762, 25, 4, '844.00'),
(646, 652, 36, 1, '871.00'),
(647, 615, 23, 4, '964.00'),
(648, 610, 3, 1, '241.00'),
(649, 631, 32, 2, '248.00'),
(650, 649, 21, 4, '2200.00'),
(651, 615, 1, 2, '1100.00'),
(652, 784, 17, 2, '706.00'),
(653, 794, 33, 1, '605.00'),
(654, 626, 20, 5, '4999.95'),
(655, 648, 12, 3, '372.00'),
(656, 796, 22, 3, '480.00'),
(657, 796, 25, 1, '211.00'),
(658, 726, 27, 1, '503.00'),
(659, 763, 33, 5, '3025.00'),
(660, 618, 3, 2, '482.00'),
(661, 764, 5, 3, '633.00'),
(662, 628, 2, 5, '800.00'),
(663, 671, 1, 4, '2200.00'),
(664, 673, 6, 1, '83.00'),
(665, 668, 16, 2, '1742.00'),
(666, 786, 15, 5, '1525.00'),
(667, 679, 14, 3, '2973.00'),
(668, 685, 39, 1, '785.32'),
(669, 705, 31, 1, '653.00'),
(670, 681, 35, 1, '305.00'),
(671, 759, 28, 1, '104.00'),
(672, 640, 33, 2, '1210.00'),
(673, 602, 7, 2, '1006.00'),
(674, 727, 22, 2, '320.00'),
(675, 746, 35, 4, '1220.00'),
(676, 623, 32, 1, '124.00'),
(677, 608, 8, 3, '312.00'),
(678, 715, 25, 2, '422.00'),
(679, 755, 6, 1, '83.00'),
(680, 757, 22, 1, '160.00'),
(681, 770, 13, 4, '2420.00'),
(682, 607, 21, 3, '1650.00'),
(683, 653, 21, 4, '2200.00'),
(684, 701, 7, 2, '1006.00'),
(685, 778, 36, 1, '871.00'),
(686, 730, 40, 5, '4999.95'),
(687, 752, 2, 1, '160.00'),
(688, 640, 25, 4, '844.00'),
(689, 720, 16, 5, '4355.00'),
(690, 754, 7, 2, '1006.00'),
(691, 759, 1, 4, '2200.00'),
(692, 700, 2, 1, '160.00'),
(693, 604, 13, 4, '2420.00'),
(694, 742, 33, 5, '3025.00'),
(695, 786, 28, 4, '416.00'),
(696, 604, 14, 4, '3964.00'),
(697, 781, 5, 4, '844.00'),
(698, 795, 13, 2, '1210.00'),
(699, 730, 36, 4, '3484.00'),
(700, 690, 27, 5, '2515.00'),
(701, 756, 19, 5, '3926.60'),
(702, 686, 39, 5, '3926.60'),
(703, 720, 40, 2, '1999.98'),
(704, 657, 28, 1, '104.00'),
(705, 626, 25, 4, '844.00'),
(706, 771, 26, 1, '83.00'),
(707, 716, 22, 2, '320.00'),
(708, 667, 20, 3, '2999.97'),
(709, 739, 6, 3, '249.00'),
(710, 688, 24, 1, '651.00'),
(711, 669, 15, 3, '915.00'),
(712, 653, 33, 3, '1815.00'),
(713, 644, 16, 3, '2613.00'),
(714, 697, 28, 1, '104.00'),
(715, 712, 33, 4, '2420.00'),
(716, 667, 27, 3, '1509.00'),
(717, 690, 10, 5, '3660.00'),
(718, 734, 23, 3, '723.00'),
(719, 638, 11, 3, '1959.00'),
(720, 721, 29, 1, '359.00'),
(721, 738, 2, 3, '480.00'),
(722, 647, 13, 2, '1210.00'),
(723, 748, 22, 4, '640.00'),
(724, 645, 1, 3, '1650.00'),
(725, 678, 23, 2, '482.00'),
(726, 633, 36, 5, '4355.00'),
(727, 714, 14, 1, '991.00'),
(728, 700, 1, 4, '2200.00'),
(729, 787, 9, 5, '1795.00'),
(730, 702, 33, 4, '2420.00'),
(731, 736, 20, 4, '3999.96'),
(732, 645, 30, 1, '732.00'),
(733, 713, 19, 3, '2355.96'),
(734, 662, 28, 3, '312.00'),
(735, 747, 3, 1, '241.00'),
(736, 794, 10, 1, '732.00'),
(737, 773, 33, 2, '1210.00'),
(738, 800, 13, 2, '1210.00'),
(739, 740, 10, 3, '2196.00'),
(740, 733, 30, 2, '1464.00'),
(741, 666, 17, 5, '1765.00'),
(742, 609, 26, 4, '332.00'),
(743, 613, 9, 1, '359.00'),
(744, 722, 21, 4, '2200.00'),
(745, 633, 10, 5, '3660.00'),
(746, 657, 9, 1, '359.00'),
(747, 661, 3, 5, '1205.00'),
(748, 734, 3, 1, '241.00'),
(749, 611, 31, 3, '1959.00'),
(750, 728, 18, 1, '292.00'),
(751, 605, 31, 3, '1959.00'),
(752, 781, 33, 2, '1210.00'),
(753, 703, 35, 3, '915.00'),
(754, 718, 19, 5, '3926.60'),
(755, 670, 26, 1, '83.00'),
(756, 637, 37, 2, '706.00'),
(757, 652, 9, 3, '1077.00'),
(758, 627, 36, 3, '2613.00'),
(759, 662, 38, 2, '584.00'),
(760, 745, 23, 4, '964.00'),
(761, 777, 24, 3, '1953.00'),
(762, 692, 21, 2, '1100.00'),
(763, 736, 1, 1, '550.00'),
(764, 621, 25, 4, '844.00'),
(765, 608, 39, 2, '1570.64'),
(766, 645, 6, 1, '83.00'),
(767, 723, 16, 3, '2613.00'),
(768, 617, 21, 2, '1100.00'),
(769, 725, 34, 2, '1982.00'),
(770, 786, 23, 5, '1205.00'),
(771, 733, 18, 3, '876.00'),
(772, 633, 36, 5, '4355.00'),
(773, 692, 23, 5, '1205.00'),
(774, 725, 27, 3, '1509.00'),
(775, 653, 29, 3, '1077.00'),
(776, 707, 38, 4, '1168.00'),
(777, 745, 22, 1, '160.00'),
(778, 626, 26, 3, '249.00'),
(779, 685, 11, 2, '1306.00'),
(780, 731, 8, 5, '520.00'),
(781, 691, 34, 2, '1982.00'),
(782, 771, 1, 2, '1100.00'),
(783, 752, 19, 5, '3926.60'),
(784, 735, 4, 3, '1953.00'),
(785, 639, 14, 1, '991.00'),
(786, 734, 36, 1, '871.00'),
(787, 655, 25, 4, '844.00'),
(788, 655, 30, 2, '1464.00'),
(789, 760, 7, 3, '1509.00'),
(790, 631, 33, 4, '2420.00'),
(791, 613, 11, 3, '1959.00'),
(792, 682, 5, 3, '633.00'),
(793, 730, 35, 1, '305.00'),
(794, 693, 22, 1, '160.00'),
(795, 790, 30, 3, '2196.00'),
(796, 630, 17, 2, '706.00'),
(797, 656, 28, 5, '520.00'),
(798, 791, 39, 4, '3141.28'),
(799, 653, 30, 5, '3660.00'),
(800, 765, 37, 4, '1412.00'),
(801, 909, 2, 1, '160.00'),
(802, 982, 19, 4, '3141.28'),
(803, 830, 12, 3, '372.00'),
(804, 893, 14, 1, '991.00'),
(805, 892, 5, 1, '211.00'),
(806, 873, 35, 3, '915.00'),
(807, 880, 10, 1, '732.00'),
(808, 942, 18, 4, '1168.00'),
(809, 803, 30, 2, '1464.00'),
(810, 915, 28, 2, '208.00'),
(811, 900, 9, 3, '1077.00'),
(812, 916, 6, 5, '415.00'),
(813, 844, 12, 1, '124.00'),
(814, 947, 30, 3, '2196.00'),
(815, 972, 9, 4, '1436.00'),
(816, 975, 23, 3, '723.00'),
(817, 873, 39, 4, '3141.28'),
(818, 879, 27, 1, '503.00'),
(819, 805, 28, 5, '520.00'),
(820, 869, 11, 3, '1959.00'),
(821, 946, 31, 5, '3265.00'),
(822, 831, 14, 5, '4955.00'),
(823, 807, 23, 2, '482.00'),
(824, 843, 12, 5, '620.00'),
(825, 945, 6, 1, '83.00'),
(826, 869, 1, 4, '2200.00'),
(827, 966, 16, 4, '3484.00'),
(828, 909, 31, 2, '1306.00'),
(829, 941, 32, 1, '124.00'),
(830, 922, 6, 2, '166.00'),
(831, 839, 35, 1, '305.00'),
(832, 801, 1, 3, '1650.00'),
(833, 990, 2, 5, '800.00'),
(834, 835, 11, 2, '1306.00'),
(835, 829, 40, 3, '2999.97'),
(836, 864, 13, 3, '1815.00'),
(837, 813, 6, 4, '332.00'),
(838, 955, 28, 3, '312.00'),
(839, 832, 16, 2, '1742.00'),
(840, 846, 40, 3, '2999.97'),
(841, 912, 8, 2, '208.00'),
(842, 930, 8, 2, '208.00'),
(843, 815, 6, 3, '249.00'),
(844, 811, 13, 4, '2420.00'),
(845, 863, 19, 4, '3141.28'),
(846, 944, 32, 5, '620.00'),
(847, 829, 34, 1, '991.00'),
(848, 988, 25, 4, '844.00'),
(849, 902, 31, 1, '653.00'),
(850, 975, 40, 1, '999.99'),
(851, 873, 23, 2, '482.00'),
(852, 944, 8, 3, '312.00'),
(853, 817, 11, 4, '2612.00'),
(854, 898, 13, 1, '605.00'),
(855, 831, 26, 3, '249.00'),
(856, 958, 15, 2, '610.00'),
(857, 949, 20, 1, '999.99'),
(858, 969, 18, 4, '1168.00'),
(859, 926, 38, 3, '876.00'),
(860, 962, 33, 3, '1815.00'),
(861, 996, 8, 1, '104.00'),
(862, 869, 36, 2, '1742.00'),
(863, 980, 40, 3, '2999.97'),
(864, 920, 19, 5, '3926.60'),
(865, 922, 25, 3, '633.00'),
(866, 816, 17, 4, '1412.00'),
(867, 866, 7, 2, '1006.00'),
(868, 883, 40, 4, '3999.96'),
(869, 822, 25, 4, '844.00'),
(870, 914, 18, 3, '876.00'),
(871, 805, 17, 4, '1412.00'),
(872, 806, 30, 3, '2196.00'),
(873, 848, 26, 3, '249.00'),
(874, 943, 10, 1, '732.00'),
(875, 904, 35, 4, '1220.00'),
(876, 991, 38, 1, '292.00'),
(877, 950, 11, 1, '653.00'),
(878, 809, 27, 1, '503.00'),
(879, 954, 31, 5, '3265.00'),
(880, 889, 14, 2, '1982.00'),
(881, 987, 15, 4, '1220.00'),
(882, 920, 16, 2, '1742.00'),
(883, 833, 25, 1, '211.00'),
(884, 943, 14, 2, '1982.00'),
(885, 945, 35, 1, '305.00'),
(886, 872, 33, 1, '605.00'),
(887, 879, 23, 2, '482.00'),
(888, 917, 24, 5, '3255.00'),
(889, 954, 15, 4, '1220.00'),
(890, 915, 33, 1, '605.00'),
(891, 963, 30, 3, '2196.00'),
(892, 892, 14, 5, '4955.00'),
(893, 971, 21, 3, '1650.00'),
(894, 979, 9, 4, '1436.00'),
(895, 835, 38, 4, '1168.00'),
(896, 861, 12, 3, '372.00'),
(897, 873, 28, 1, '104.00'),
(898, 936, 11, 4, '2612.00'),
(899, 933, 2, 5, '800.00'),
(900, 883, 25, 4, '844.00'),
(901, 901, 17, 3, '1059.00'),
(902, 990, 36, 5, '4355.00'),
(903, 958, 30, 2, '1464.00'),
(904, 849, 26, 4, '332.00'),
(905, 809, 32, 3, '372.00'),
(906, 939, 5, 5, '1055.00'),
(907, 831, 19, 3, '2355.96'),
(908, 835, 6, 4, '332.00'),
(909, 959, 33, 5, '3025.00'),
(910, 956, 9, 3, '1077.00'),
(911, 915, 29, 5, '1795.00'),
(912, 823, 27, 4, '2012.00'),
(913, 999, 19, 3, '2355.96'),
(914, 876, 29, 1, '359.00'),
(915, 996, 30, 5, '3660.00'),
(916, 904, 18, 1, '292.00'),
(917, 871, 24, 3, '1953.00'),
(918, 976, 31, 4, '2612.00'),
(919, 935, 23, 3, '723.00'),
(920, 901, 14, 4, '3964.00'),
(921, 989, 37, 2, '706.00'),
(922, 961, 1, 1, '550.00'),
(923, 910, 1, 3, '1650.00'),
(924, 805, 16, 1, '871.00'),
(925, 825, 15, 5, '1525.00'),
(926, 806, 36, 2, '1742.00'),
(927, 806, 10, 5, '3660.00'),
(928, 900, 5, 4, '844.00'),
(929, 823, 32, 2, '248.00'),
(930, 908, 12, 4, '496.00'),
(931, 837, 9, 3, '1077.00'),
(932, 910, 2, 3, '480.00'),
(933, 917, 23, 3, '723.00'),
(934, 816, 24, 5, '3255.00'),
(935, 854, 29, 2, '718.00'),
(936, 842, 30, 2, '1464.00'),
(937, 917, 31, 3, '1959.00'),
(938, 910, 11, 3, '1959.00'),
(939, 857, 16, 2, '1742.00'),
(940, 914, 37, 4, '1412.00'),
(941, 839, 5, 5, '1055.00'),
(942, 944, 27, 5, '2515.00'),
(943, 855, 10, 3, '2196.00'),
(944, 967, 13, 1, '605.00'),
(945, 958, 24, 4, '2604.00'),
(946, 823, 32, 3, '372.00'),
(947, 864, 15, 2, '610.00'),
(948, 952, 37, 3, '1059.00'),
(949, 863, 8, 5, '520.00'),
(950, 930, 31, 5, '3265.00'),
(951, 854, 39, 5, '3926.60'),
(952, 822, 28, 4, '416.00'),
(953, 996, 38, 5, '1460.00'),
(954, 884, 32, 1, '124.00'),
(955, 891, 23, 4, '964.00'),
(956, 842, 28, 3, '312.00'),
(957, 941, 40, 5, '4999.95'),
(958, 995, 31, 5, '3265.00'),
(959, 903, 3, 1, '241.00'),
(960, 888, 29, 4, '1436.00'),
(961, 857, 40, 4, '3999.96'),
(962, 848, 4, 3, '1953.00'),
(963, 968, 3, 2, '482.00'),
(964, 935, 20, 1, '999.99'),
(965, 965, 38, 4, '1168.00'),
(966, 911, 6, 2, '166.00'),
(967, 814, 34, 2, '1982.00'),
(968, 992, 33, 1, '605.00'),
(969, 953, 14, 2, '1982.00'),
(970, 954, 31, 5, '3265.00'),
(971, 909, 3, 5, '1205.00'),
(972, 855, 12, 5, '620.00'),
(973, 937, 6, 1, '83.00'),
(974, 809, 33, 3, '1815.00'),
(975, 837, 26, 3, '249.00'),
(976, 980, 8, 4, '416.00'),
(977, 859, 10, 3, '2196.00'),
(978, 938, 9, 2, '718.00'),
(979, 968, 39, 4, '3141.28'),
(980, 810, 30, 2, '1464.00'),
(981, 994, 11, 3, '1959.00'),
(982, 974, 22, 4, '640.00'),
(983, 971, 10, 5, '3660.00'),
(984, 980, 11, 4, '2612.00'),
(985, 886, 19, 2, '1570.64'),
(986, 979, 15, 3, '915.00'),
(987, 901, 26, 4, '332.00'),
(988, 992, 14, 5, '4955.00'),
(989, 848, 7, 5, '2515.00'),
(990, 971, 9, 4, '1436.00'),
(991, 848, 8, 5, '520.00'),
(992, 938, 2, 3, '480.00'),
(993, 886, 37, 4, '1412.00'),
(994, 860, 32, 5, '620.00'),
(995, 995, 10, 2, '1464.00'),
(996, 856, 5, 4, '844.00'),
(997, 952, 25, 2, '422.00'),
(998, 897, 24, 4, '2604.00'),
(999, 883, 33, 5, '3025.00'),
(1000, 862, 27, 1, '503.00'),
(1001, 1030, 10, 1, '732.00');

-- --------------------------------------------------------

--
-- Table structure for table `PRODUCT`
--

CREATE TABLE IF NOT EXISTS `PRODUCT` (
  `ProductID` int(8) NOT NULL AUTO_INCREMENT,
  `ProductType` varchar(20) NOT NULL DEFAULT '1',
  `ProductModel` varchar(32) DEFAULT NULL,
  `ProductName` varchar(100) NOT NULL,
  `ProductDescription` varchar(200) NOT NULL,
  `ProductImage` varchar(64) DEFAULT NULL,
  `Price` decimal(15,4) NOT NULL DEFAULT '0.0000',
  `ProductBlobImage` blob,
  PRIMARY KEY (`ProductID`),
  UNIQUE KEY `ProductID` (`ProductID`)
) ENGINE=InnoDB  DEFAULT CHARSET=utf8 AUTO_INCREMENT=41 ;

--
-- Dumping data for table `PRODUCT`
--

INSERT INTO `PRODUCT` (`ProductID`, `ProductType`, `ProductModel`, `ProductName`, `ProductDescription`, `ProductImage`, `Price`, `ProductBlobImage`) VALUES
(1, '1', 'Model1', 'Applica FP1600B B&amp;D 7 Cup Food Processor', '', '01.jpg', '550.0000', 0xffd8ffe000104a46494600010101006000600000ffdb0043000201010201010202020202020202030503030303030604040305070607070706070708090b0908080a0807070a0d0a0a0b0c0c0c0c07090e0f0d0c0e0b0c0c0cffdb004301020202030303060303060c0807080c0c0c0c0c0c0c0c0c0c0c0c0c0c0c0c0c0c0c0c0c0c0c0c0c0c0c0c0c0c0c0c0c0c0c0c0c0c0c0c0c0c0c0c0c0c0c0c0c0cffc0001108004600b003012200021101031101ffc4001f0000010501010101010100000000000000000102030405060708090a0bffc400b5100002010303020403050504040000017d01020300041105122131410613516107227114328191a1082342b1c11552d1f02433627282090a161718191a25262728292a3435363738393a434445464748494a535455565758595a636465666768696a737475767778797a838485868788898a92939495969798999aa2a3a4a5a6a7a8a9aab2b3b4b5b6b7b8b9bac2c3c4c5c6c7c8c9cad2d3d4d5d6d7d8d9dae1e2e3e4e5e6e7e8e9eaf1f2f3f4f5f6f7f8f9faffc4001f0100030101010101010101010000000000000102030405060708090a0bffc400b51100020102040403040705040400010277000102031104052131061241510761711322328108144291a1b1c109233352f0156272d10a162434e125f11718191a262728292a35363738393a434445464748494a535455565758595a636465666768696a737475767778797a82838485868788898a92939495969798999aa2a3a4a5a6a7a8a9aab2b3b4b5b6b7b8b9bac2c3c4c5c6c7c8c9cad2d3d4d5d6d7d8d9dae2e3e4e5e6e7e8e9eaf2f3f4f5f6f7f8f9faffda000c03010002110311003f00fdfca2b8bf12fed01e16f0bfc48f08f8527d56d5f5af1acd7506990472ab190dbc0d3cb9c1ecabf9915da554a128a4e4b7d579f4fcd31292774ba1f9ebff00055dfda57f686f82df1f3e1cb7c2ff0005bbb4a354b1d3e6b3b9fed77f1089218e49237b054575310856556cb72bd7190df6dfc02d65fc45f05fc337d36a9aaeb57375a7c525cdeea7622c6f27988cc9e75b85510387dc0c5b46c236e38ae96e745b4bcd56dafa5b6864bcb2574b7999017843eddfb4f6ced19fa55aaf4b159853ad85a5878d25170bde4b795db7adfb7af7f2b7251c34e15a755cdb52e9dbd3faff0082514d8a559a357460c8c032b29c820f714eaf2cec0a28a2800a28a2800a28a2800a28a2800a28a2800a28a2800a28a2800a28a2803e02fdb37fe08b363fb4b7ed4937c4bd2e2f0b68b6b626c6693405b5758bc5b3473996edaea4465f24ca8c220c8a492a598f39afbc3c3be1cd3fc21a0da697a4d8da699a669f12dbdada5ac2b0c16d1a8c2a22280aaa0700018abb457a38ccd7158aa54e8d79de34d5a2bb2396860a8d19caa538d9cb56729e39f8cda1fc3cd76cac352b82b2dea3b28894cae8cbb76a945cb7cfb8e38c7ca6be6aff0082b8e87f1ab5bf83f6d75f04d7c4f63abd8595ecfaddd58ea30c50b69e606f32dc40c4bcb74c4031344bbe3d8f8705d41fa5bc69f06f40f881adda5f6a76492bda2b8c2feeccc5828059970c76e38e78cd6b789fc59a3fc39f0bdc6a9ae6ab61a2e8fa7461ae2fb51bb5820b74181ba4964200edcb1af2723c566386ccaa57af1a73a69c7d9c6cdb6b97de535b3f7be1b7cee75e3e8e1eae1553839464d3e67a77d397e5bdce1bf63ed0bc63e18fd9dbc29a778da4f0dcbab58e996d6e87448668adc4290a2a022525b7e00ce3033d00e95e9b5c2f83bf69bf875f103c5f1f87b43f1bf85754d7e588cf1e996da9c4f78f1050de608436f29b483bb1b7debbaaecc4fb4751cea46cdebb5b732a5caa0a3177b68145145606814543a8ea10e93a7cf757322c36f6d1b4b2c8dd11146493f400d71ff02bf68af05fed31e18bed67c0daec1e21d2b4dd424d2ae2e618658d16e635467405d57760489f32e579e0f06ad529b839a4ecb77d15f6b92e7152516f5676d45145414145145001451450014570ba87ed3ff0df49fb51b9f1f783a14b0ddf6b91f58b711d9edceef35b7ed8f183f7c8e87d2ba4f07f8ef43f885a63dee81ace95ae59c72794d3e9f771dcc4afb55b696424676b29c7a303deb4951a915cd28b4bd09538b764cd6a28a2b32828a28a002a25bd85ef1edc4b19b88d16478830de8ac582b11d40255803df69f4a96be09fdb2ff65efda1be277edd5e1ad73c27e2b826f095a6965b52b3d3a6b8f0df99a72dec2efa6bddc6f33cb3ce0310f88d4047e133f377e5d83a789aae9d4a8a9ab3777e5d3d5f9b47362abca9439a3072d56df99f7b57cf3ff052dfd973c53fb547c03d32cbc15a8585a78a7c23e21b3f14e9b6ba87fc78ead35aefdb6d3f6d8dbf233c6e450700961f40d90c59c5884db8d83111c663e3eef048e3a7048af3ef8ffa5fc4692f7c23a9fc397d067b8d2f552dace9bacdf4d676ba9e9ef04aae8b24514a566593c9642508186cf0483197d69d1c4c2ad369493babede8fd762b154e3529384d369f6dcf02fd95bf6daf07fed5ff001d345f0d7c4bf065cfc37fda07e1f35cbdae91a816533092dde39dad26e04d13c44b989b3c2abaef118907a0fc37fdb1bc4bfb45f80fc4fe2df861e08d33c43e1bd0afeeb4ed364d4b5e6d3ee3c4d25b12b2b5ba2dbcab1c65c6d8da5605c83b96318639fe3bfd953c41fb447ed75f0d7e2378a34cf0f7856cbe151ba9ac8586a0f7da96b524f1aaac72b7931243046c19800d2172cdc20277677ec9dfb2c7c45fd85743f14f833c229e11f17780ef353b8d5bc35fda5a9cfa65e68a66e5ad2754b6996585485224521b2cd94008dbed627fb3e70f694b49da2f91c9b8af7a5cca32bafeec926f45292bb923cfa5f5a8cb967f0ddfbc96af4566d7deb6e8b4b1896bff00055eb4f18683f0635cf0c78445ee83f15bc551783ef4df6a66d751f0dea064db2c725b085d64daa3702255ce4640cd7a3eb3fb5c6bde1bfdbc3c3ff072ff00c23a6c5a6f89745bad6ec75d835a69a4748320c725b1b74f2df70ed238c11839c81e27e36ff825a789bc15fb3a7c3cd3fc01ae6817ff0010bc0ff1093e225e5cead1bd9e9dacde33b34f1ed8d6468931e5aaf53b63e4e4e47797dfb337c5cf157edddf0efe2e6af2fc3e8f4ff0e787eeb47d434cb4babbdf6c672777932b45fe9041f9b732403185db9cbd6b5a9654ef2a16e5b545ab95eeaee0ff0024b4b3eaae44278dd154bdef0d92b5bed7f5bf6d087f624fdaa3e29fed13f18be2d45a87873c229e18f08f8f2efc2eee3c4538b9d2d6d218e261043f612b721e40d26f79613fbd23680a33e49ff04f4f899e35f85ffb34fc78d5bc1de0ed2bc4f268bf137c4b7f347a8eb674c4991162631c1b209d9e5f93eeb8893e75c3f5c7b47ecc3fb32fc4dfd97fe377c5d7b1ff00842757f057c45f165e78cedaeae350b98750b69ee4167b46816064da5c2af9be69dabf3796e4ec185fb277ec9bf17bf67efd9f7e30f86351b7f8717babf8f75dd535ed21edb5ebdfb35bc97e8a8d0cecd62182c7b77065562f9c6d4fbd5b55ab834ab468a8723f656577af7beb7baebb77f333842bb74dd472e65cf776dbb74b7a1d4d97fc149fc3baa7ecf1f09bc67069822d5be315c4765a3e9379a82dbc36d300c6e1a7b92842c10ec7cc8232cd94c265b02c68ff00b785ddd6aff14b436f0adaea5e20f871a52ebb6cda56b0b3699e21b2652c5a1b968c7972c782b246ca70d8dacc0e478b685ff04d4f8ada0fecb1f0534cb1d67c09a57c53f807ab4d7da25dadddd5e68facdbcd2334d05c66de3961dea5149557fb8d8237829f48f88f43f8bbf11fe07f8aacb55d3be1fe97e20d63459f4db1d2edb57ba9ec566990a19e7bc36ab200a09c46901ee0b9c82bc98ba197c256a16927292f89ab7bfeebf38b85b5eeddda691bd0a98a92fde5d3b27b6feeebe8f9ba7a6fa9c5fecbdfb6a7c48fda83c1fe16f1569bf06d2d7c1de23d1e7be6d4e6f14429245749bc2dba40d10774770104c760c876dbb4217e4fc0ff00f052ff001bfc52fd8d7c4bf16f40f83f1345e1497507bfb1bef14242a6deccb79a617481da591551895648d7b2bb9e2bd37f618f831e3ffd98ff0063dd07c09afda783effc41e12b17b4b1934fd62e4d9ea277c8e9e63bda2bc230ca095497b9c76af24fd9fbf62bf8c7f07ffe09e5f10be125d7fc2b6b8f1378a0ea91585fdbeb57a2ca34d452412bc81acb78688be554060fdca639d3932e756a5a30b46a4547de96b0bcaefe2edcb77a7975279b15c90bb95dc5b7a2d256565b7aff00563ea3f801f186cff682f821e13f1c69f6f359d9f8af4ab7d522b79583496e258c398d88e0952482475c57cb1ff0597f8c3ace85a5fc1ff865a66a7a8683a77c61f185b687ae6a565234334561e74092c4b2af29bfce19fef2a3af42c0fd03fb12fc28f127c07fd977c1be09f1545a0a6abe13d361d28cba45ecb756d749122a89732c3132b31c92bb481fde39e327f6edfd89743fdba3e0e2786f52d42ef41d5b4bbc4d4f43d6ed1774fa4dda642c8172bb9482415dc33c10430047165f570b85cd54ea7f0e32767bd96bcafceda3f91d189856ad82718fc6d2f2f55f3d51eabe08f0268df0d7c1fa7f87f40d32cb48d134a816dad2cad6211c3046a3015547f93c935f397ed31e33d1bfe0941fb3978fbe20782fc0ebac69bad788975dd534c8f508f4fb7b3b9ba4b5b32f10113108cf146cca013be47390a405f44f85d7ff001bbc31e10874cf1668be00f136b16717949acd86bb716316a45461649a07b47303371bbcb694672401f7478cfed7dfb247c73fdacbf642f19f82f52d4fe1e8f12f8df57b69b67f69de45a4f87b4fb696196186022d5a49e567898c923ac793271855545796d282c64638aa89d2728f3fbdf1479aede9aedaddd9fcf4162e72f60dd08be749f2e9b3b69e5e5ff00ec3e20fede3e24f825e19d5b5af1c7c2dbbd134dbfd4b4fd1fc131c1aedbdcdef8b6f2f4b88edda10a05a32ecdce64620293b779520eb7c58fdb275afd99bc65e07b7f897e13d334cf0cf8eb528b438b5dd1b597bf8b49d465198a0b98e4b785bca7c3e27527ee9dc8839a83f6befd90b5cfdb2ff0066cd1343bfd434df0678ebc2faad9f88747bdb199f52b3b3d42d8304dc5e2899e360ee3ee020956c36dda69fc6afd9bbc7bfb63f873c0de1ff0088967e10f0de8be1fd72d35fd70e8daa4fa8c9ab4d6b9296f0096de2f2a191db2cec4b80bb029ddbc5d18e5f28c255125ac94d26ee95972b8eaef7d5f5f7b46946c4cde29392836f6e5d16baea9e9a76e9a77772ff00813f6dfb9f8aff00b40f8b7c13e1bd07499e4f0278862d1358b4bdd64daeb3f67658f7ea70daf92caf6caf26d1fbc058296f97e50cdf0afedc375f123f681f15781fc37e1ed26eee3c0fe22b7d1358b2bdd68daeb1f669045bf5386d7c96125b219463f780b0563f2fca1b96f8c7fb17f8a7e3afed03e0ef1add587863c2de25f03f8b7edd6de2fd2751956ff51d056591869f3db88406778ca447748ca06f607e76899df187f634f147c74fda23c19e34bed27c29e1ff0010780fc6316a569e2dd33529d2ff0051d063999ce9d3c0b12866742223ba42a14bb03f3344d6a965adabe978f7bda4baefef29765671bfc2edaa73c5adb5d7b6ebb6da35f34edbabe9f56514515f367aa145145001451450078b7fc1413e26f8a3e087ec9be31f1bf84755834dd63c27a7bea31a5c5925d4175b48cc6ead820104f2a41071d7a1bdfb0bf8f3c4bf16bf654f04f8c3c59ab43aaeb3e2ed26df5797c8b24b586d7ce8d5c448aa4921738cb1249c9e0701ff00b767c29d4fe38fec6ff12fc27a2426e759d6fc3f75058401829b89fcb2d1c796200dcca17248037578e7fc12f7f6c3f87d7ffb1af82bc31aaf89f46f0cf8b3c09a4c7a1eb9a26b5791d85fe9f35aa98d8bc529560a426ece300120e0a903dda7875532973a71bca3535696aa2e3a5fadae9f95cf3a551c71aa32768b8e9daf7fcec7a3cde29f1c47fb7343e10ff84b63ff008445fc3127891acce930fda3cc5bd48441e7ff00cf2d8dfdddf91f7abd5eefe28f866c3c3cdab4fe22d0a1d292636ed7b25fc4b6eb28254a190b6ddc082319ce45785f82f56f0dfed35fb55f8b3c5564ba6788fe1b68fe0c1e14bbd4a654b8d2758b896e9a7b986366cc73c5144918761ba3ccc57394603e3afd907c11f0f7c4bff0427f89ba8ea765e1fd46ff004dd33c4ab0cf781277d3ee009a4b55877e7c925fc97509b72c4372c735d10caa15a0a536e2e2e9c1a515f6f99ddeab556fc4c658d9539351d535392bbfe5b7e1a9fa05fb57eb5a9d978034efec3f8abe1af84f78753b79a5d5b58b4b6bb8aead813e65baa4f2228326546f0490010305830ee62f897e1c9f5bfecc4d7f447d484a60fb22df4467f301c14d9bb76e04118c678afcd8fdb0b5cd02f3fe0895f02f56d5aeb49bad56dd3c3296d793ba4b7111458ccca8e72c0aa2b6f00f014835ec9fb7ee9b67fb1efed67f0d3f69cb1b54fec267ff00843fc76d6d6de6bb585d7fc7bdee146498e4001232cc04483238ab592a9c61479bde72ab18fbab594396cafbbe6bd95ef67a2ddb17f6859caa5b4b41bd7652beb6db4ddf75e87d8fa3f8ff0042f114d3c7a7eb5a4df496aa5e75b7bc8e530a8ea5829381f5a5f0af8f743f1d5adc4fa26b3a4eb30da4a609e4b1bb8ee1619075462848561e879af84bfe0a0fe1ed5be127ec5b67e2f3a34fa1a78f3e20e99aff00c4d1676aaf716ba448c736f32804388923b3864032aec1c90448d5eaff000fbe15fc26f891fb413fc4087e2669fe3c97c41e126d1354d26d96c67d1b51d2c169164be8618ca00b92aaf3103f839e95c52cae9c70ff00587276775a2beb1b5d3b69adddbcacfae9d0b192757d925aab75b68eff00e5f9f6d7e91b4f895e1cd42eed60835fd1669ef9e48ada38efa267b878c8122a00d962a480c07424669b63f143c35aa6b97fa65b788743b8d4b4a52f7b6915fc4f3d9a8ea6440db907bb015f087fc1153e07fc35f177ec4fa478ceff0041d1f54f12f86b57d57ecfaa1884f7da4209a52a903f2d10d92170a981ba42f8dc735a5fb12e9d7ffb3f7c77f097c29f1047e1cf897f0ff57f09ea9a97c3ff001c5ba2fdae0d25e5827bab5bf4fb8d1b3183f78460b05ea58ac7be2b25a54eb57a109b72a4dad55af6e6bb5ab5a249daf769b6af6b3ce8e6139c2954946ca76eb7b5ed6bfdfbedb27b9f44fc32f8cb0fc17f801e34f16fc43f8bfe19f885a7f87352bdb9b9d634db5b6b38b4c802a3c7a7148646579d0300013e639950609c16f42d1be3ef82f5bd1ad2f93c53e1e8a3bc8526459752803a8650d861bfa8c8cd7e5af86ecf47f167fc119bf6aad3f408f4ebc8f4af88da8df5a5bda2a15b5b65bab07596351f75042af865e368603a1afb63c67fb3f7c35fdbcbf60dbef0578725f0bc89ace8769736b7da6c7132585ff921eda6768c70c180dcb9ddb1994f0fcf466394d0a33e6ad2693a8e326a29249283bf2ab2fb4f4d2f632c2e36a4e3cb04be14d2bbd5de4ad77e8b5f33e86b9f897e1cb25b4336bfa2442fd43da97be897ed2a4e014cb7cc33c715b75f1d7ec0de2ed4bf6c7f0df832fbc79e1d16dacfc0a373a16a89776cbb5fc4917fa2b4b11e998ad54b9c0dbbef86d39878fb16bc1c7611e16aba12f896fdb7d2cfaa6acefe67a586afeda1ed16cf6febd740a28a2b8cdc28a28a0028a28a0028a28a002b9af147c1af0878df588f50d6bc29e1bd5efe121a3b9bdd321b89a3231821dd4918da3bf61e945155194a2ef1761349e8cda9b42b2b8d18e9d259dabe9e63f24dab42a6131e31b36631b71db18ac98fe1278522b292d97c31e1e5b799d649221a74212465dc1588db8246e6c1edb8fad1450a525b30b27b8d7f83fe1292d9216f0b7874c3133324674d876a16c6481b7009c0cfd07a5694fe10d26e7404d2a4d2f4e934b8f66db36b6436ebb183a623c6df959430e382011d28a28e79770b22eddda457f6b2413c51cd0cca5248e450caea782083c10476ac9d2be1c787b41d0e7d32c741d1acf4dba24cd69058c51c1364e4ee40a14e4fa8a28a5769590ec87683f0f740f0acd249a6687a3e9d24c9e5c8d6b651c2645ebb4950323daaae81f087c27e13b5bd834bf0bf8774d8752411de476ba6c30adda818c481540718e30734514f9e5dc5cabb16b44f879a07865a63a6e87a3e9e6e53ca98db5947179a9fdd6da0647b1ae0bf688d6b5cf809f02e797e18683e0e8b57fb65bdb5a5aea5e659e9b1b4f32c66475b742c70581c0033cf3ea515db96c555c5d3a75354e4aff79cf8b6e142528e8d26757f063e1c37c2cf87f6ba6dc5d8d4b5596492fb55bf11f97fda17b3b996e26dbced56919b6ae4ec40aa38515d55145714e4e527296ece88a4924828a28a919fffd9),
(2, '1', 'Model2', 'Bugatti Uma Electronic Kitchen Scale and Timer', '', '02.jpg', '160.0000', NULL),
(3, '1', 'Model3', 'Coffee Machine Bugatti Diva', '', '03.jpg', '241.0000', NULL),
(4, '1', 'Model4', 'Coffee Machine Kalorik Aztec', '', '04.jpg', '651.0000', NULL),
(5, '1', 'Model5', 'Coffee Machine Malongo Espresso-gold', '', '05.jpg', '211.0000', NULL),
(6, '1', 'Model6', 'Coffee Maker Bosch Assimo', '', '06.jpg', '83.0000', NULL),
(7, '1', 'Model7', 'DEF 18W-804', '', '07.jpg', '503.0000', NULL),
(8, '1', 'Model8', 'Hamilton Beach 72703 Ensemble 3 Cup Chopper', '', '08.jpg', '104.0000', NULL),
(9, '1', 'Model9', 'Hood CDA EVCK4SS 40cm Cylinder', '', '09.jpg', '359.0000', NULL),
(10, '1', 'Model1', 'Hood Faber Klima - black', '', '10.jpg', '732.0000', NULL),
(11, '1', 'Model2', 'Hood Scholtes HSE 159 IX', '', '11.jpg', '653.0000', NULL),
(12, '1', 'Model3', 'Hood Whirpool AKR806IX', '', '12.jpg', '124.0000', NULL),
(13, '1', 'Model4', 'John Lewis Ceramic Utensil Pot', '', '13.jpg', '605.0000', NULL),
(14, '1', 'Model5', 'John Lewis Classic II Universal', '', '14.jpg', '991.0000', NULL),
(15, '1', 'Model6', 'John Lewis Dome Pedal Bin', '', '15.jpg', '305.0000', NULL),
(16, '1', 'Model7', 'John Lewis Funky Napkin Holder', '', '16.jpg', '871.0000', NULL),
(17, '1', 'Model8', 'John Lewis Value Plastic Cutlery Drainer', '', '17.jpg', '353.0000', NULL),
(18, '1', 'Model9', 'Joseph Joseph Nest Food Preparation Set', '', '18.jpg', '292.0000', NULL),
(19, '1', 'Model1', 'Kalorik Meat Grinder MGR25959 Stainless Steel Blade', '', '19.jpg', '785.3200', NULL),
(20, '1', 'Model2', 'LG Refrigerator - Floral collection T676', '', '20.jpg', '999.9900', NULL),
(21, '1', 'Model3', 'Mauviel MHeritage Copper and Stainless Steel Rondeau, 28cm', '', '21.jpg', '550.0000', NULL),
(22, '1', 'Model4', 'Mauviel MHeritage Copper and Stainless Steel Saute Pan, 24cm', '', '22.jpg', '160.0000', NULL),
(23, '1', 'Model5', 'Mauviel MHeritage Copper and Stainless Steel Stew Pot, 24cm', '', '23.jpg', '241.0000', NULL),
(24, '1', 'Model6', 'Meat Grinder  SMG 4382', '', '24.jpg', '651.0000', NULL),
(25, '1', 'Model7', 'MEAT GRINDER Avilla av-0304', '', '25.jpg', '211.0000', NULL),
(26, '1', 'Model8', 'Meat Grinder MG-2050(R)', '', '26.jpg', '83.0000', NULL),
(27, '1', 'Model9', 'Mechanical Kitchen Scales', '', '27.jpg', '503.0000', NULL),
(28, '1', 'Model1', 'Modern fridge freezer Fagor FFA-8865', '', '28.jpg', '104.0000', NULL),
(29, '1', 'Model2', 'Poachpod Silicone Egg Poachers', '', '29.jpg', '359.0000', NULL),
(30, '1', 'Model3', 'Salter Orb Mechanical Kitchen Scale', '', '30.jpg', '732.0000', NULL),
(31, '1', 'Model4', 'Side-by-side ELECTROLUX Refrigerator', '', '31.jpg', '653.0000', NULL),
(32, '1', 'Model5', 'Siemens KD-36NA-40 fridge freezer', '', '32.jpg', '124.0000', NULL),
(33, '1', 'Model6', 'SMEG - Compact Refrigerator Mini-fridge FAB-10UJ', '', '33.jpg', '605.0000', NULL),
(34, '1', 'Model7', 'SMEG - Contemporary Refrigerator FPD', '', '34.jpg', '991.0000', NULL),
(35, '1', 'Model8', 'Tefal Jamie Oliver Pressure Cooker', '', '35.jpg', '305.0000', NULL),
(36, '1', 'Model9', 'Typhoon Double Tier Bamboo Steamer', '', '36.jpg', '871.0000', NULL),
(37, '1', 'Model1', 'Umbra Saddle Sink Caddy', '', '37.jpg', '353.0000', NULL),
(38, '1', 'Model2', 'Water Kettle SWK 1000OE', '', '38.jpg', '292.0000', NULL),
(39, '1', 'Model3', 'Water Kettler SWK 1051', '', '39.jpg', '785.3200', NULL),
(40, '1', 'Model4', 'Water Kettler SWK 1753', '', '40.jpg', '999.9900', NULL);

-- --------------------------------------------------------

--
-- Table structure for table `SALESREP`
--

CREATE TABLE IF NOT EXISTS `SALESREP` (
  `SalesRepID` int(8) NOT NULL AUTO_INCREMENT,
  `FirstName` varchar(50) NOT NULL,
  `LastName` varchar(50) NOT NULL,
  `Phone` varchar(20) NOT NULL,
  `Email` varchar(100) NOT NULL,
  PRIMARY KEY (`SalesRepID`)
) ENGINE=InnoDB  DEFAULT CHARSET=utf8 AUTO_INCREMENT=7 ;

--
-- Dumping data for table `SALESREP`
--

INSERT INTO `SALESREP` (`SalesRepID`, `FirstName`, `LastName`, `Phone`, `Email`) VALUES
(1, 'James', 'Howard', '0411 787 123', 'james.howard@zenbusiness.com'),
(2, 'Ian', 'Masterton', '0499 123 123', 'ian.masterton@zenbusiness.com'),
(3, 'Alesia', 'Mogal', '0499 123 555', 'alesia.mogal@zenbusiness.com'),
(4, 'Jennifer', 'Jones', '0499 234 234', 'jeniffer.jones@zenbusiness.com'),
(5, 'Julie', 'Harding', '0499 111 567', 'julie.harding@zenbusiness.com'),
(6, 'Alex', 'Wang', '0499 111 566', 'alex.wang@zenbusiness.com');

--
-- Constraints for dumped tables
--

--
-- Constraints for table `ORDER`
--
ALTER TABLE `ORDER`
  ADD CONSTRAINT `ORDER_ibfk_1` FOREIGN KEY (`SalesRepID`) REFERENCES `SALESREP` (`SalesRepID`),
  ADD CONSTRAINT `ORDER_ibfk_2` FOREIGN KEY (`CustomerID`) REFERENCES `CUSTOMER` (`CustomerID`);

--
-- Constraints for table `ORDER_PRODUCT`
--
ALTER TABLE `ORDER_PRODUCT`
  ADD CONSTRAINT `ORDER_PRODUCT_ibfk_1` FOREIGN KEY (`ProductID`) REFERENCES `PRODUCT` (`ProductID`),
  ADD CONSTRAINT `ORDER_PRODUCT_ibfk_2` FOREIGN KEY (`OrderID`) REFERENCES `ORDER` (`OrderID`);

/*!40101 SET CHARACTER_SET_CLIENT=@OLD_CHARACTER_SET_CLIENT */;
/*!40101 SET CHARACTER_SET_RESULTS=@OLD_CHARACTER_SET_RESULTS */;
/*!40101 SET COLLATION_CONNECTION=@OLD_COLLATION_CONNECTION */;
